000
CXUS53 KIND 011515
CLMGEZ


CLIMATE REPORT
NATIONAL WEATHER SERVICE INDIANAPOLIS IN
1115 AM EDT WED MAY 1 2019

...................................

...THE SHELBYVILLE IN CLIMATE SUMMARY FOR THE MONTH OF APRIL 2019...

CLIMATE NORMAL PERIOD 1981 TO 2010
CLIMATE RECORD PERIOD 9999 TO 9999

WEATHER         OBSERVED          NORMAL  DEPART  LAST YEAR`S
                 VALUE   DATE(S)  VALUE   FROM    VALUE  DATE(S)
                                          NORMAL
................................................................
TEMPERATURE (F)
HIGHEST            82   04/11                         82  04/13
LOWEST             24   04/01                         24  04/08
AVG. MAXIMUM     66.1              63.5     2.6     58.5
AVG. MINIMUM     44.4              42.2     2.2     37.3
MEAN             55.2              52.8     2.4     47.9
DAYS MAX >= 90      0               0.0     0.0        0
DAYS MAX <= 32      0               0.1    -0.1        0
DAYS MIN <= 32      2               4.4    -2.4       13
DAYS MIN <= 0       0               0.0     0.0        0

PRECIPITATION (INCHES)
TOTALS           4.24              4.32   -0.08     4.54
DAILY AVG.       0.14              0.14    0.00     0.15
DAYS >= .01        13                MM      MM        9
DAYS >= .10         8                MM      MM        6
DAYS >= .50         4                MM      MM        2
DAYS >= 1.00        1                MM      MM        1
GREATEST
 24 HR. TOTAL    1.09   04/14 TO 04/14

DEGREE_DAYS
HEATING TOTAL     286               377     -91      516
 SINCE 7/1       5083              5260    -177     5209
COOLING TOTAL       1                12     -11        8
 SINCE 1/1          1                13     -12       13
.................................................................

WIND (MPH)
AVERAGE WIND SPEED              9.9
HIGHEST WIND SPEED/DIRECTION    33/180    DATE  04/11
HIGHEST GUST SPEED/DIRECTION    51/180    DATE  04/12

SKY COVER
POSSIBLE SUNSHINE (PERCENT)   MM
AVERAGE SKY COVER           0.50
NUMBER OF DAYS FAIR            9
NUMBER OF DAYS PC             14
NUMBER OF DAYS CLOUDY          7

AVERAGE RH (PERCENT)     65

WEATHER CONDITIONS. NUMBER OF DAYS WITH
THUNDERSTORM              2     MIXED PRECIP                0
HEAVY RAIN                1     RAIN                        5
LIGHT RAIN               16     FREEZING RAIN               0
LT FREEZING RAIN          0     HAIL                        0
HEAVY SNOW                0     SNOW                        0
LIGHT SNOW                0     SLEET                       0
FOG                      11     FOG W/VIS <= 1/4 MILE       1
HAZE                      3

-  INDICATES NEGATIVE NUMBERS.
R  INDICATES RECORD WAS SET OR TIED.
MM INDICATES DATA IS MISSING.
T  INDICATES TRACE AMOUNT.

$$
