000
CXUS53 KIND 011514
CLMGEZ


CLIMATE REPORT
NATIONAL WEATHER SERVICE INDIANAPOLIS IN
1114 AM EDT MON JUL 1 2019

...................................

...THE SHELBYVILLE IN CLIMATE SUMMARY FOR THE MONTH OF JUNE 2019...

CLIMATE NORMAL PERIOD 1981 TO 2010
CLIMATE RECORD PERIOD 9999 TO 9999

WEATHER         OBSERVED          NORMAL  DEPART  LAST YEAR`S
                 VALUE   DATE(S)  VALUE   FROM    VALUE  DATE(S)
                                          NORMAL
................................................................
TEMPERATURE (F)
HIGHEST            95   06/30                         94  06/17
LOWEST             47   06/14                         55  06/06
AVG. MAXIMUM     82.0              82.0     0.0     85.3
AVG. MINIMUM     62.8              61.0     1.8     66.2
MEAN             72.4              71.5     0.9     75.7
DAYS MAX >= 90      5               2.4     2.6        9
DAYS MAX <= 32      0               0.0     0.0        0
DAYS MIN <= 32      0               0.0     0.0        0
DAYS MIN <= 0       0               0.0     0.0        0

PRECIPITATION (INCHES)
TOTALS           2.67              4.40   -1.73     6.12
DAILY AVG.       0.09              0.15   -0.06     0.20
DAYS >= .01        12                MM      MM       13
DAYS >= .10         9                MM      MM        8
DAYS >= .50         2                MM      MM        5
DAYS >= 1.00        0                MM      MM        1
GREATEST
 24 HR. TOTAL    0.80   06/09 TO 06/09

DEGREE_DAYS
HEATING TOTAL       8                15      -7        0
 SINCE 7/1       5194              5410    -216     5214
COOLING TOTAL     236               209      27      328
 SINCE 1/1        370               290      80      605
.................................................................

WIND (MPH)
AVERAGE WIND SPEED              8.2
HIGHEST WIND SPEED/DIRECTION    37/210    DATE  06/23
HIGHEST GUST SPEED/DIRECTION    52/200    DATE  06/23

SKY COVER
POSSIBLE SUNSHINE (PERCENT)   MM
AVERAGE SKY COVER           0.40
NUMBER OF DAYS FAIR           15
NUMBER OF DAYS PC              9
NUMBER OF DAYS CLOUDY          6

AVERAGE RH (PERCENT)     68

WEATHER CONDITIONS. NUMBER OF DAYS WITH
THUNDERSTORM              8     MIXED PRECIP                0
HEAVY RAIN                9     RAIN                        7
LIGHT RAIN               16     FREEZING RAIN               0
LT FREEZING RAIN          0     HAIL                        0
HEAVY SNOW                0     SNOW                        0
LIGHT SNOW                0     SLEET                       0
FOG                      12     FOG W/VIS <= 1/4 MILE       2
HAZE                      7

-  INDICATES NEGATIVE NUMBERS.
R  INDICATES RECORD WAS SET OR TIED.
MM INDICATES DATA IS MISSING.
T  INDICATES TRACE AMOUNT.

$$
