967
CXUS53 KFGF 011613
CLMGFK

CLIMATE REPORT
NATIONAL WEATHER SERVICE GRAND FORKS ND
1049 AM CDT THU AUG 1 2019

...................................

...THE GRAND FORKS INTL AP ND CLIMATE SUMMARY FOR THE MONTH OF JULY 2019...

CLIMATE NORMAL PERIOD 1981 TO 2010
CLIMATE RECORD PERIOD 1941 TO 2019

WEATHER         OBSERVED          NORMAL  DEPART  LAST YEAR`S
                 VALUE   DATE(S)  VALUE   FROM    VALUE  DATE(S)
                                          NORMAL
................................................................
TEMPERATURE (F)
RECORD
 HIGH             109   07/12/1936
 LOW               30   07/03/1972
HIGHEST            90   07/15        81       9       92  07/07
                        07/08
LOWEST             43   07/30        57     -14       47  07/17
AVG. MAXIMUM     83.1              81.0     2.1     82.7
AVG. MINIMUM     57.4              56.3     1.1     57.3
MEAN             70.3              68.6     1.7     70.0
DAYS MAX >= 90      2               2.8    -0.8        3
DAYS MAX <= 32      0               0.0     0.0        0
DAYS MIN <= 32      0               0.0     0.0        0
DAYS MIN <= 0       0               0.0     0.0        0

PRECIPITATION (INCHES)
RECORD
 MAXIMUM         9.08   1995
 MINIMUM         0.49   1989
TOTALS           3.50              3.15    0.35     3.76
DAILY AVG.       0.11              0.10    0.01     0.12
DAYS >= .01        10              10.5    -0.5        7
DAYS >= .10         6               5.6     0.4        6
DAYS >= .50         3               1.8     1.2        3
DAYS >= 1.00        1               0.7     0.3        1
GREATEST
 24 HR. TOTAL    1.31   07/09 TO 07/09

SNOWFALL (INCHES)
RECORDS
 TOTAL             MM   MM
TOTALS            0.0               0.0     0.0       MM
SINCE 7/1         0.0               0.0     0.0       MM
SNOWDEPTH AVG.      0                MM      MM       MM
DAYS >= 1.0         0               0.0     0.0       MM
GREATEST
 SNOW DEPTH         0   MM                            MM  MM
 24 HR TOTAL      0.0   07/31 TO 07/31

DEGREE_DAYS
HEATING TOTAL       9                28     -19        1
 SINCE 7/1          9                28     -19       MM
COOLING TOTAL     181               141      40      164
 SINCE 1/1        290               233      57       MM
.................................................................

WIND (MPH)
AVERAGE WIND SPEED              8.0
HIGHEST WIND SPEED/DIRECTION    43/320    DATE  07/08
HIGHEST GUST SPEED/DIRECTION    60/280    DATE  07/08

SKY COVER
POSSIBLE SUNSHINE (PERCENT)   MM
AVERAGE SKY COVER           0.40
NUMBER OF DAYS FAIR           13
NUMBER OF DAYS PC             17
NUMBER OF DAYS CLOUDY          1

AVERAGE RH (PERCENT)     67


-  INDICATES NEGATIVE NUMBERS.
R  INDICATES RECORD WAS SET OR TIED.
MM INDICATES DATA IS MISSING.
T  INDICATES TRACE AMOUNT.

&&

FOR THE MONTH OF JULY 2019, THE GRAND FORKS INTL AIRPORT HAD NEAR
NORMAL TEMPERATURES AND ABOVE AVERAGE PRECIPITATION. THE AVERAGE
MONTHLY TEMPERATURE WAS 70.3 DEGREES, WHICH IS 1.7 DEGREES WARMER
THAN NORMAL. THE TOTAL PRECIPITATION WAS 3.50 INCHES, WHICH IS 0.35
INCHES ABOVE NORMAL. NO DAILY RECORDS WERE SET DURING THE MONTH.

REMEMBER...THIS DATA IS PROVISIONAL AND SUBJECT TO CHANGE. THE FINAL
AND OFFICIAL RECORDS WILL BE AVAILABLE FROM THE NATIONAL CENTERS FOR
ENVIRONMENTAL INFORMATION (FORMERLY THE NATIONAL CLIMATE DATA
CENTER).

$$
