000
CXUS51 KALY 011921 CCA
CLMGFL

CLIMATE REPORT...CORRECTED MEAN TEMPERATURE FOR MONTH
NATIONAL WEATHER SERVICE ALBANY NY
320 PM EDT WED MAY 1 2019

...................................

...THE GLENS FALLS NY CLIMATE SUMMARY FOR THE MONTH OF APRIL 2019...

CLIMATE NORMAL PERIOD 1981 TO 2010
CLIMATE RECORD PERIOD 1893 TO 2019

WEATHER         OBSERVED          NORMAL  DEPART  LAST YEAR`S
                 VALUE   DATE(S)  VALUE   FROM    VALUE  DATE(S)
                                          NORMAL
................................................................
TEMPERATURE (F)
HIGHEST            75   04/19                         70  04/24
LOWEST             19   04/02                         17  04/08
AVG. MAXIMUM     56.6              56.7    -0.1     48.7
AVG. MINIMUM     33.9              32.5     1.4     29.0
MEAN             45.3              44.6     0.7     38.8
DAYS MAX >= 90      0               0.1    -0.1        0
DAYS MAX <= 32      0               0.2    -0.2        1
DAYS MIN <= 32     14              14.8    -0.8       20
DAYS MIN <= 0       0               0.0     0.0        0

PRECIPITATION (INCHES)
RECORD
 MAXIMUM         6.64   1924
 MINIMUM         0.02   1941
TOTALS           5.88              3.00    2.88     3.70
DAILY AVG.       0.20              0.10    0.10     0.12
DAYS >= .01        16              11.3     4.7       15
DAYS >= .10        10               6.9     3.1       10
DAYS >= .50         5               2.0     3.0        2
DAYS >= 1.00        1               0.6     0.4        0
GREATEST
 24 HR. TOTAL    1.15   04/26 TO 04/26

DEGREE_DAYS
HEATING TOTAL     583               613     -30      778
 SINCE 7/1       6971              7276    -305     7097
COOLING TOTAL       0                 1      -1        0
 SINCE 1/1          0                 1      -1        0

FREEZE DATES
RECORD
 EARLIEST     08/29/1982
 LATEST       06/01/2009
EARLIEST                        09/29
LATEST                          05/13
.................................................................

WIND (MPH)
AVERAGE WIND SPEED              6.5
HIGHEST WIND SPEED/DIRECTION    31/290    DATE  04/03
HIGHEST GUST SPEED/DIRECTION    44/270    DATE  04/03

SKY COVER
AVERAGE SKY COVER           0.50

AVERAGE RH (PERCENT)     65

-  INDICATES NEGATIVE NUMBERS.
R  INDICATES RECORD WAS SET OR TIED.
MM INDICATES DATA IS MISSING.
T  INDICATES TRACE AMOUNT.

$$
