824
CXUS51 KALY 010648
CLMGFL


CLIMATE REPORT
NATIONAL WEATHER SERVICE ALBANY NY
245 AM EDT THU AUG 1 2019

...................................

...THE GLENS FALLS NY CLIMATE SUMMARY FOR THE MONTH OF JULY 2019...

CLIMATE NORMAL PERIOD 1981 TO 2010
CLIMATE RECORD PERIOD 1893 TO 2019

WEATHER         OBSERVED          NORMAL  DEPART  LAST YEAR`S
                 VALUE   DATE(S)  VALUE   FROM    VALUE  DATE(S)
                                          NORMAL
................................................................
TEMPERATURE (F)
HIGHEST            92   07/21                         93  07/16
                                                          07/04
LOWEST             50   07/08                         45  07/19
AVG. MAXIMUM     84.7              80.9     3.8     84.5
AVG. MINIMUM     59.9              56.7     3.2     59.1
MEAN             72.3              68.8     3.5     71.8
DAYS MAX >= 90      5               2.1     2.9        6
DAYS MAX <= 32      0               0.0     0.0        0
DAYS MIN <= 32      0               0.0     0.0        0
DAYS MIN <= 0       0               0.0     0.0        0

PRECIPITATION (INCHES)
RECORD
 MAXIMUM         8.31   1994
 MINIMUM         0.84   1993
TOTALS           2.89              4.09   -1.20     4.14
DAILY AVG.       0.09              0.13   -0.04     0.13
DAYS >= .01         8              11.0    -3.0       10
DAYS >= .10         5               6.8    -1.8        6
DAYS >= .50         4               2.9     1.1        2
DAYS >= 1.00        0               1.2    -1.2        2
GREATEST
 24 HR. TOTAL    0.65   07/31 TO 07/31

DEGREE_DAYS
HEATING TOTAL       0                21     -21        6
 SINCE 7/1          0                21     -21        6
COOLING TOTAL     232               139      93      222
 SINCE 1/1        296               220      76      294

FREEZE DATES
RECORD
 EARLIEST     08/29/1982
 LATEST       06/01/2009
EARLIEST                        09/29
LATEST                          05/13
.................................................................

WIND (MPH)
AVERAGE WIND SPEED              4.4
HIGHEST WIND SPEED/DIRECTION    22/290    DATE  07/30
HIGHEST GUST SPEED/DIRECTION    30/190    DATE  07/30

SKY COVER
AVERAGE SKY COVER           0.30

AVERAGE RH (PERCENT)     72

-  INDICATES NEGATIVE NUMBERS.
R  INDICATES RECORD WAS SET OR TIED.
MM INDICATES DATA IS MISSING.
T  INDICATES TRACE AMOUNT.

$$
