000
CXUS55 KGJT 011915
CLMGJT


CLIMATE REPORT
NATIONAL WEATHER SERVICE GRAND JUNCTION CO
110 PM MDT WED MAY 1 2019

...................................

...THE GRAND JUNCTION CO CLIMATE SUMMARY FOR THE MONTH OF APRIL 2019...

CLIMATE NORMAL PERIOD 1981 TO 2010
CLIMATE RECORD PERIOD 1893 TO 2019

WEATHER         OBSERVED          NORMAL  DEPART  LAST YEAR`S
                 VALUE   DATE(S)  VALUE   FROM    VALUE  DATE(S)
                                          NORMAL
................................................................
TEMPERATURE (F)
RECORD
 HIGH              89   04/24/2012
                        04/23/2012
                        04/30/1992
 LOW               11   04/02/1975
HIGHEST            81   04/26        69      12       81  04/23
LOWEST             25   04/12        34      -9       27  04/18
AVG. MAXIMUM     68.2              65.3     2.9     68.5
AVG. MINIMUM     42.2              38.1     4.1     40.3
MEAN             55.2              51.7     3.5     54.4
DAYS MAX >= 90      0               0.0     0.0        0
DAYS MAX <= 32      0               0.0     0.0        0
DAYS MIN <= 32      2               6.2    -4.2        6
DAYS MIN <= 0       0               0.0     0.0        0

PRECIPITATION (INCHES)
RECORD
 MAXIMUM         2.30   2004
 MINIMUM         0.05   1939
TOTALS           1.32              0.91    0.41     0.69
DAILY AVG.       0.04              0.03    0.01     0.02
DAYS >= .01         8               7.3     0.7        3
DAYS >= .10         3               2.9     0.1        2
DAYS >= .50         0               0.2    -0.2        0
DAYS >= 1.00        0               0.0     0.0        0
GREATEST
 24 HR. TOTAL    0.49   04/30 TO 04/30              0.33

SNOWFALL (INCHES)
RECORDS
 TOTAL           14.3   5
                        0
                        -26215
TOTALS              T               0.9    -0.9      0.0
SINCE 7/1        17.4              19.0    -1.6      9.0
SNOWDEPTH AVG.      0                MM      MM        0
DAYS >= 1.0         0               0.3    -0.3        0
GREATEST
 SNOW DEPTH         0   MM                             0  MM
 24 HR TOTAL        T   04/21 TO 04/21               0.0

DEGREE_DAYS
HEATING TOTAL     289               402    -113      311
 SINCE 7/1       5397              5434     -37     4893
COOLING TOTAL       1                 3      -2        2
 SINCE 1/1          1                 3      -2        2
.................................................................

WIND (MPH)
AVERAGE WIND SPEED              8.8
HIGHEST WIND SPEED/DIRECTION    44/300    DATE  04/26
HIGHEST GUST SPEED/DIRECTION    73/290    DATE  04/26

SKY COVER
POSSIBLE SUNSHINE (PERCENT)   MM
AVERAGE SKY COVER           0.30
NUMBER OF DAYS FAIR           18
NUMBER OF DAYS PC              9
NUMBER OF DAYS CLOUDY          3

AVERAGE RH (PERCENT)     47

WEATHER CONDITIONS. NUMBER OF DAYS WITH
  0
  4
  0
  1
  0
  0
  0
HAZE                      1

-  INDICATES NEGATIVE NUMBERS.
R  INDICATES RECORD WAS SET OR TIED.
MM INDICATES DATA IS MISSING.
T  INDICATES TRACE AMOUNT.

$$
