000
CXUS53 KGLD 041231
CLMGLD

CLIMATE REPORT
NATIONAL WEATHER SERVICE GOODLAND
629 AM MDT SUN AUG 4 2019

...................................

...THE GOODLAND KS CLIMATE SUMMARY FOR THE MONTH OF JULY 2019...

CLIMATE NORMAL PERIOD 1981 TO 2010
CLIMATE RECORD PERIOD 1895 TO 2019

WEATHER         OBSERVED          NORMAL  DEPART  LAST YEAR`S
                 VALUE   DATE(S)  VALUE   FROM    VALUE  DATE(S)
                                          NORMAL
................................................................
TEMPERATURE (F)
RECORD
 HIGH             111   07/25/1940
 LOW               40   07/11/1895
HIGHEST           105   07/19       102       3      100  07/19
LOWEST             57   07/23        52       5       50  07/31
                        07/11
AVG. MAXIMUM     92.4              90.0     2.4     89.6
AVG. MINIMUM     61.9              61.3     0.6     61.4
MEAN             77.1              75.7     1.4     75.5
DAYS MAX >= 90     22              17.0     5.0       16
DAYS MAX <= 32      0               0.0     0.0        0
DAYS MIN <= 32      0               0.0     0.0        0
DAYS MIN <= 0       0               0.0     0.0        0

PRECIPITATION (INCHES)
RECORD
 MAXIMUM        10.10   1985
                        2001
 MINIMUM         0.27   1916
TOTALS           1.71              3.47   -1.76     1.03
DAILY AVG.       0.06              0.11   -0.05     0.03
DAYS >= .01         7               9.9    -2.9        7
DAYS >= .10         5               5.9    -0.9        4
DAYS >= .50         1               2.3    -1.3        1
DAYS >= 1.00        0               1.0    -1.0        0
GREATEST
 24 HR. TOTAL    0.53   07/20 TO 07/20              0.61

SNOWFALL (INCHES)
RECORDS
 TOTAL              T   2009
                        2005
TOTALS            0.0               0.0     0.0      0.0
SINCE 7/1         0.0               0.0     0.0      0.0
SNOWDEPTH AVG.                                         0
DAYS >= 1.0         0               0.0     0.0        0
GREATEST
 SNOW DEPTH         0                                  0

DEGREE_DAYS
HEATING TOTAL       0                 4      -4        0
 SINCE 7/1          0                 4      -4        0
COOLING TOTAL     386               334      52      335
 SINCE 1/1        561               554       7      692
.................................................................

WIND (MPH)
AVERAGE WIND SPEED              10.6
HIGHEST WIND SPEED/DIRECTION    39/030    DATE  07/06
HIGHEST GUST SPEED/DIRECTION    56/030    DATE  07/06

SKY COVER
AVERAGE SKY COVER           0.10

AVERAGE RH (PERCENT)     62

-  INDICATES NEGATIVE NUMBERS.
R  INDICATES RECORD WAS SET OR TIED.
MM INDICATES DATA IS MISSING.
T  INDICATES TRACE AMOUNT.

$$
