000
CXUS54 KJAN 011231
CLMGLH


CLIMATE REPORT
NATIONAL WEATHER SERVICE JACKSON MS
723 AM CDT WED MAY 1 2019

...................................

...THE GREENVILLE CLIMATE SUMMARY FOR THE MONTH OF APRIL 2019...

CLIMATE NORMAL PERIOD 1981 TO 2010
CLIMATE RECORD PERIOD 1903 TO 2019

WEATHER         OBSERVED          NORMAL  DEPART  LAST YEAR`S
                 VALUE   DATE(S)  VALUE   FROM    VALUE  DATE(S)
                                          NORMAL
................................................................
TEMPERATURE (F)
RECORD
 HIGH              97   04/28/1987
                        04/22/1987
 LOW               30   04/08/2007
HIGHEST            87   04/30        MM      MM       83  04/03
LOWEST             35   04/01        MM      MM       31  04/08
AVG. MAXIMUM     73.4              74.3    -0.9     69.9
AVG. MINIMUM     53.9              52.2     1.7     47.6
MEAN             63.7              63.3     0.4     58.7
DAYS MAX >= 90      0               0.1    -0.1        0
DAYS MAX <= 32      0               0.0     0.0        0
DAYS MIN <= 32      0               0.1    -0.1        1
DAYS MIN <= 0       0               0.0     0.0        0

PRECIPITATION (INCHES)
RECORD
 MAXIMUM        13.67   1927
 MINIMUM         0.05   1925
TOTALS           8.84              4.81    4.03     4.55
DAILY AVG.       0.29              0.16    0.13     0.15
DAYS >= .01        10                MM      MM        8
DAYS >= .10         8                MM      MM        6
DAYS >= .50         5                MM      MM        4
DAYS >= 1.00        4                MM      MM        2
GREATEST
 24 HR. TOTAL    2.50   04/13 TO 04/13              1.57

SNOWFALL (INCHES)
TOTALS            0.0

DEGREE_DAYS
HEATING TOTAL      98               116     -18      196
 SINCE 7/1       2617              2761    -144     2677
COOLING TOTAL      67                64       3       15
 SINCE 1/1         81                86      -5       58
.................................................................

WIND (MPH)
AVERAGE WIND SPEED              9.5
HIGHEST WIND SPEED/DIRECTION    43/270    DATE  04/07
HIGHEST GUST SPEED/DIRECTION    58/280    DATE  04/07

SKY COVER
POSSIBLE SUNSHINE (PERCENT)   MM
AVERAGE SKY COVER           0.30
NUMBER OF DAYS FAIR           20
NUMBER OF DAYS PC              3
NUMBER OF DAYS CLOUDY          6

AVERAGE RH (PERCENT)     69

NUMBER OF DAYS WITH WEATHER CONDITIONS
THUNDERSTORM              7     MIXED PRECIP               0
HEAVY RAIN                7     RAIN                       8
LIGHT RAIN               13     FREEZING RAIN              0
LT FREEZING RAIN          0     HAIL                       0
HEAVY SNOW                0     SNOW                       0
LIGHT SNOW                0     SLEET                      0
FOG                      13     FOG W/VIS <= 1/4 MILE      2
HAZE                      4


-  INDICATES NEGATIVE NUMBERS.
R  INDICATES RECORD WAS SET OR TIED.
MM INDICATES DATA IS MISSING.
T  INDICATES TRACE AMOUNT.

$$
