876
CXUS54 KJAN 021440
CLMGLH


CLIMATE REPORT
NATIONAL WEATHER SERVICE JACKSON MS
932 AM CDT FRI AUG 2 2019

...................................

...THE GREENVILLE CLIMATE SUMMARY FOR THE MONTH OF JULY 2019...

CLIMATE NORMAL PERIOD 1981 TO 2010
CLIMATE RECORD PERIOD 1903 TO 2019

WEATHER         OBSERVED          NORMAL  DEPART  LAST YEAR`S
                 VALUE   DATE(S)  VALUE   FROM    VALUE  DATE(S)
                                          NORMAL
................................................................
TEMPERATURE (F)
RECORD
 HIGH             110   07/29/1930
 LOW               53   07/23/1947
HIGHEST            95   07/09        MM      MM       96  07/20
                                                          07/16
                                                          07/15
LOWEST             61   07/25        MM      MM       67  07/25
AVG. MAXIMUM     90.3              92.0    -1.7     90.8
AVG. MINIMUM     72.0              72.0     0.0     71.5
MEAN             81.1              82.0    -0.9     81.2
DAYS MAX >= 90     25              21.7     3.3       20
DAYS MAX <= 32      0               0.0     0.0        0
DAYS MIN <= 32      0               0.0     0.0        0
DAYS MIN <= 0       0               0.0     0.0        0

PRECIPITATION (INCHES)
RECORD
 MAXIMUM        11.12   1989
 MINIMUM         0.00   1930
TOTALS           3.77              3.80   -0.03     5.32
DAILY AVG.       0.12              0.12    0.00     0.17
DAYS >= .01         8                MM      MM       14
DAYS >= .10         6                MM      MM        9
DAYS >= .50         1                MM      MM        5
DAYS >= 1.00        1                MM      MM        1
GREATEST
 24 HR. TOTAL    2.16   07/14 TO 07/14              1.88

SNOWFALL (INCHES)
TOTALS            0.0

DEGREE_DAYS
HEATING TOTAL       0                 0       0        0
 SINCE 7/1          0                 0       0        0
COOLING TOTAL     508               527     -19      507
 SINCE 1/1       1314              1269      45     1423
.................................................................

WIND (MPH)
AVERAGE WIND SPEED              6.9
HIGHEST WIND SPEED/DIRECTION    30/190    DATE  07/15
HIGHEST GUST SPEED/DIRECTION    39/170    DATE  07/15

SKY COVER
POSSIBLE SUNSHINE (PERCENT)   MM
AVERAGE SKY COVER           0.20
NUMBER OF DAYS FAIR           24
NUMBER OF DAYS PC              5
NUMBER OF DAYS CLOUDY          2

AVERAGE RH (PERCENT)     75

WEATHER CONDITIONS. NUMBER OF DAYS WITH
THUNDERSTORM              8     MIXED PRECIP               0
HEAVY RAIN                6     RAIN                       8
LIGHT RAIN               12     FREEZING RAIN              0
LT FREEZING RAIN          0     HAIL                       0
HEAVY SNOW                0     SNOW                       0
LIGHT SNOW                0     SLEET                      0
FOG                      15     FOG W/VIS <= 1/4 MILE      3
HAZE                      3

-  INDICATES NEGATIVE NUMBERS.
R  INDICATES RECORD WAS SET OR TIED.
MM INDICATES DATA IS MISSING.
T  INDICATES TRACE AMOUNT.

$$
