000
CXUS54 KHGX 011814 RRA
CLMGLS

SATCLMGLS 000
TTAA00 KHGX 011810


CLIMATE REPORT
NATIONAL WEATHER SERVICE HOUSTON/GALVESTON TX
1059 AM CDT WED MAY 1 2019

...................................

...THE GALVESTON CLIMATE SUMMARY FOR THE MONTH OF APRIL 2019...

CLIMATE NORMAL PERIOD 1981 TO 2010
CLIMATE RECORD PERIOD 1875 TO 2019

WEATHER         OBSERVED          NORMAL  DEPART  LAST YEAR`S
                 VALUE   DATE(S)  VALUE   FROM    VALUE  DATE(S)
                                          NORMAL
................................................................
TEMPERATURE (F)
RECORD
 HIGH              95   04/27/2011
 LOW               38   04/08/1938
HIGHEST            86   04/09                         81  04/23
                                                          04/13
LOWEST             47   04/02                         49  04/08
AVG. MAXIMUM     76.3              75.9     0.4     76.0
AVG. MINIMUM     63.8              64.4    -0.6     62.4
MEAN             70.1              70.1     0.0     69.2
DAYS MAX >= 90      0               0.0     0.0        0
DAYS MAX <= 32      0               0.0     0.0        0
DAYS MIN <= 32      0               0.0     0.0        0
DAYS MIN <= 0       0               0.0     0.0        0

PRECIPITATION (INCHES)
RECORD
 MAXIMUM        11.04   1904
 MINIMUM         0.00   1984
TOTALS           0.99              3.05   -2.06     1.89
DAILY AVG.       0.03              0.10   -0.07     0.06
DAYS >= .01         5                                  8
DAYS >= .10         2                                  3
DAYS >= .50         1                                  2
DAYS >= 1.00        0                                  0

SNOWFALL (INCHES)
RECORDS
 TOTAL
TOTALS            0.0                                0.0
SINCE 7/1           T               0.0     0.0        T
SNOWDEPTH AVG.      0                                  0
DAYS >= 1.0         0                                  0
GREATEST
 SNOW DEPTH         0                                  0
 24 HR TOTAL      0.0   04/30 TO 04/30

DEGREE_DAYS
HEATING TOTAL      25                18       7       19
 SINCE 7/1        973              1009     -36      816
COOLING TOTAL     188               173      15      152
 SINCE 1/1        264               243      21      420
.................................................................

WIND (MPH)
AVERAGE WIND SPEED              12.8
HIGHEST WIND SPEED/DIRECTION    35/270    DATE  04/07
HIGHEST GUST SPEED/DIRECTION    45/270    DATE  04/07

SKY COVER
AVERAGE SKY COVER           0.50

AVERAGE RH (PERCENT)     75

WEATHER CONDITIONS. NUMBER OF DAYS WITH
THUNDERSTORM             3     MIXED PRECIP            0
HEAVY RAIN               2     RAIN                    2
LIGHT RAIN               7     FREEZING RAIN           0
LT FREEZING RAIN         0     HAIL                    0
HEAVY SNOW               0     SNOW                    0
LIGHT SNOW               0     SLEET                   0
FOG                     14     FOG W/VIS <= 1/4 MILE   3
HAZE                     7

-  INDICATES NEGATIVE NUMBERS.
R  INDICATES RECORD WAS SET OR TIED.
MM INDICATES DATA IS MISSING.
T  INDICATES TRACE AMOUNT.

$$
