000
CXUS54 KHGX 012114
CLMGLS

CLIMATE REPORT
NATIONAL WEATHER SERVICE HOUSTON/GALVESTON TX
412 PM CDT THU AUG 1 2019

...................................

...THE GALVESTON CLIMATE SUMMARY FOR THE MONTH OF JULY 2019...

CLIMATE NORMAL PERIOD 1981 TO 2010
CLIMATE RECORD PERIOD 1875 TO 2019

WEATHER         OBSERVED          NORMAL  DEPART  LAST YEAR`S
                 VALUE   DATE(S)  VALUE   FROM    VALUE  DATE(S)
                                          NORMAL
................................................................
TEMPERATURE (F)
RECORD
 HIGH             101   07/16/1932
 LOW               66   07/19/1910
HIGHEST            96   07/12        MM      MM       93  07/26
                                                          07/23
LOWEST             75   07/24        MM      MM       72  07/03
AVG. MAXIMUM     91.1              89.6     1.5     89.2
AVG. MINIMUM     81.4              79.4     2.0     79.5
MEAN             86.2              84.5     1.7     84.4
DAYS MAX >= 90     28              13.2    14.8       19
DAYS MAX <= 32      0               0.0     0.0        0
DAYS MIN <= 32      0               0.0     0.0        0
DAYS MIN <= 0       0               0.0     0.0        0

PRECIPITATION (INCHES)
RECORD
 MAXIMUM        18.74   1900
 MINIMUM            T   1962
TOTALS           1.09              3.80   -2.71     5.26
DAILY AVG.       0.04              0.12   -0.08     0.17
DAYS >= .01        10                MM      MM        7
DAYS >= .10         5                MM      MM        4
DAYS >= .50         0                MM      MM        3
DAYS >= 1.00        0                MM      MM        3

DEGREE_DAYS
HEATING TOTAL       0                 0       0        0
 SINCE 7/1          0                 0       0        0
COOLING TOTAL     665               604      61      608
 SINCE 1/1       1909              1774     135     2111
.................................................................

WIND (MPH)
AVERAGE WIND SPEED              11.2
HIGHEST WIND SPEED/DIRECTION    28/160    DATE  07/14
HIGHEST GUST SPEED/DIRECTION    35/050    DATE  07/11

SKY COVER
AVERAGE SKY COVER           0.30

AVERAGE RH (PERCENT)     72


WEATHER CONDITIONS. NUMBER OF DAYS WITH

THUNDERSTORMS            9          MIXED PRECIP           0
HEAVY RAIN               5          RAIN                   5
LIGHT RAIN              10          FREEZING RAIN          0
LT FREEZING RAIN         0          HAIL                   0
HEAVY SNOW               0          SNOW                   0
LIGHT SNOW               0          SLEET                  0
FOG                      8          FOG W/VIS <= 1/4 MILE  0
HAZE                     4

-  INDICATES NEGATIVE NUMBERS.
R  INDICATES RECORD WAS SET OR TIED.
MM INDICATES DATA IS MISSING.
T  INDICATES TRACE AMOUNT.

$$
