000
CXUS52 KJAX 011122
CLMGNV

CLIMATE REPORT
NATIONAL WEATHER SERVICE JACKSONVILLE FL
720 AM EDT WED MAY 1 2019

...................................

...THE GAINESVILLE CLIMATE SUMMARY FOR THE MONTH OF APRIL 2019...

CLIMATE NORMAL PERIOD 1981 TO 2010
CLIMATE RECORD PERIOD 1890 TO 2019

WEATHER         OBSERVED          NORMAL  DEPART  LAST YEAR`S
                 VALUE   DATE(S)  VALUE   FROM    VALUE  DATE(S)
                                          NORMAL
................................................................
TEMPERATURE (F)
RECORD
 HIGH              96   04/27/2011
 LOW               32   04/17/1962
                        04/02/1919
HIGHEST            92   04/12        80      12       88  04/18
                                                          04/14
LOWEST             45   04/16        55     -10       44  04/17
                        04/03
AVG. MAXIMUM     84.7              80.3     4.4     81.3
AVG. MINIMUM     58.0              54.9     3.1     57.5
MEAN             71.3              67.6     3.7     69.4
DAYS MAX >= 90      7               0.8     6.2        0
DAYS MAX <= 32      0               0.0     0.0        0
DAYS MIN <= 32      0               0.0     0.0        0
DAYS MIN <= 0       0               0.0     0.0        0

PRECIPITATION (INCHES)
RECORD
 MAXIMUM         8.95   1949
 MINIMUM         0.08   1998
TOTALS           2.42              2.67   -0.25     7.49
DAILY AVG.       0.08              0.09   -0.01     0.25
DAYS >= .01         9               5.8     3.2        6
DAYS >= .10         7               3.4     3.6        5
DAYS >= .50         1               1.7    -0.7        4
DAYS >= 1.00        0               0.7    -0.7        1
GREATEST
 24 HR. TOTAL    0.98

SNOWFALL (INCHES)
RECORDS
 TOTAL              T   1997
TOTALS            0.0               0.0     0.0      0.0
SINCE 7/1         0.0               0.0     0.0      0.0
SNOWDEPTH AVG.      0                MM      MM        0
DAYS >= 1.0         0               0.0     0.0        0
GREATEST
 SNOW DEPTH         0   MM                             0  MM
 24 HR TOTAL      0.0

DEGREE_DAYS
HEATING TOTAL      16                43     -27       17
 SINCE 7/1        763              1214    -451     1104
COOLING TOTAL     213               121      92      154
 SINCE 1/1        474               207     267      333
.................................................................

WIND (MPH)
AVERAGE WIND SPEED              6.0
HIGHEST WIND SPEED/DIRECTION    43/260    DATE  04/19
HIGHEST GUST SPEED/DIRECTION    53/260    DATE  04/19

SKY COVER
POSSIBLE SUNSHINE (PERCENT)   MM
AVERAGE SKY COVER           0.20
NUMBER OF DAYS FAIR           19
NUMBER OF DAYS PC             10
NUMBER OF DAYS CLOUDY          1

AVERAGE RH (PERCENT)     64

-  INDICATES NEGATIVE NUMBERS.
R  INDICATES RECORD WAS SET OR TIED.
MM INDICATES DATA IS MISSING.
T  INDICATES TRACE AMOUNT.

$$
