827
CXUS52 KJAX 022227
CLMGNV

CLIMATE REPORT
NATIONAL WEATHER SERVICE JACKSONVILLE FL
938 AM EDT THU AUG 1 2019

...................................

...THE GAINESVILLE CLIMATE SUMMARY FOR THE MONTH OF JULY 2019...

CLIMATE NORMAL PERIOD 1981 TO 2010
CLIMATE RECORD PERIOD 1890 TO 2019

WEATHER         OBSERVED          NORMAL  DEPART  LAST YEAR`S
                 VALUE   DATE(S)  VALUE   FROM    VALUE  DATE(S)
                                          NORMAL
................................................................
TEMPERATURE (F)
RECORD
 HIGH             102   07/21/1942
 LOW               60   07/15/1897
HIGHEST            96   07/03        91       5       96  07/02
                        07/02
LOWEST             68   07/30        71      -3       71  07/23
                        07/22                             07/22
                        07/18
AVG. MAXIMUM     90.7              90.9    -0.2     91.7
AVG. MINIMUM     71.5              71.5     0.0     74.2
MEAN             81.1              81.2    -0.1     82.9
DAYS MAX >= 90     22              20.5     1.5       25
DAYS MAX <= 32      0               0.0     0.0        0
DAYS MIN <= 32      0               0.0     0.0        0
DAYS MIN <= 0       0               0.0     0.0        0

PRECIPITATION (INCHES)
RECORD
 MAXIMUM        16.70   2017
 MINIMUM         1.44   1977
TOTALS           4.27              6.07   -1.80     6.69
DAILY AVG.       0.14              0.20   -0.06     0.22
DAYS >= .01        20              15.4     4.6       21
DAYS >= .10         8              10.2    -2.2       13
DAYS >= .50         3               4.0    -1.0        4
DAYS >= 1.00        1               1.6    -0.6        1
GREATEST
 24 HR. TOTAL    1.38

SNOWFALL (INCHES)
RECORDS
 TOTAL             MM   MM
TOTALS            0.0               0.0     0.0      0.0
SINCE 7/1         0.0               0.0     0.0      0.0
SNOWDEPTH AVG.      0                MM      MM        0
DAYS >= 1.0         0               0.0     0.0        0
GREATEST
 SNOW DEPTH         0   MM                             0  MM
 24 HR TOTAL      0.0

DEGREE_DAYS
HEATING TOTAL       0                 0       0        0
 SINCE 7/1          0                 0       0        0
COOLING TOTAL     508               502       6      563
 SINCE 1/1       2027              1451     576     1766
.................................................................

WIND (MPH)
AVERAGE WIND SPEED              3.9
HIGHEST WIND SPEED/DIRECTION    35/240    DATE  07/03
HIGHEST GUST SPEED/DIRECTION    44/240    DATE  07/03

SKY COVER
POSSIBLE SUNSHINE (PERCENT)   MM
AVERAGE SKY COVER           0.20
NUMBER OF DAYS FAIR           24
NUMBER OF DAYS PC              7
NUMBER OF DAYS CLOUDY          0

AVERAGE RH (PERCENT)     79

-  INDICATES NEGATIVE NUMBERS.
R  INDICATES RECORD WAS SET OR TIED.
MM INDICATES DATA IS MISSING.
T  INDICATES TRACE AMOUNT.

$$
