000
CXUS55 KMSO 072044 RRA
CLMGPI

CLIMATE REPORT
NATIONAL WEATHER SERVICE MISSOULA, MT
244 PM MDT TUE MAY 7 2019

...................................

...THE KALISPELL MT CLIMATE SUMMARY FOR THE MONTH OF MARCH 2019...

CLIMATE NORMAL PERIOD 1981 TO 2010
CLIMATE RECORD PERIOD 1894 TO 2019

WEATHER         OBSERVED          NORMAL  DEPART  LAST YEAR`S
                 VALUE   DATE(S)  VALUE   FROM    VALUE
                                          NORMAL
.............................................................
TEMPERATURE (F)
RECORD
 HIGH              73   03/30/2004
 LOW              -29   03/03/1960
HIGHEST            54   03/29        MM      MM       56
                        03/24
LOWEST            -21   03/04        MM      MM        4
AVG. MAXIMUM     40.3              45.6    -5.3     43.8
AVG. MINIMUM     13.0              25.1   -12.1     21.1
MEAN             26.6              35.4    -8.8
DAYS MAX >= 90      0               0.0     0.0        0
DAYS MAX <= 32      7               2.0     5.0        0
DAYS MIN <= 32     31              26.1     4.9       26
DAYS MIN <= 0       5               0.4     4.6        0

PRECIPITATION (INCHES)
RECORD
 MAXIMUM         2.96   1987
 MINIMUM         0.08   1994
TOTALS           0.50              1.09   -0.59
DAILY AVG.       0.02              0.04   -0.02     0.02
DAYS >= .01         7              11.8    -4.8        9
DAYS >= .10         3               4.0    -1.0        4
DAYS >= .50         0               0.2    -0.2        0
DAYS >= 1.00        0               0.0     0.0        0
GREATEST
 24 HR. TOTAL    0.16   03/07 TO 03/07              0.19

SNOWFALL (INCHES)
TOTALS            6.1               5.7     0.4      3.4
SINCE 7/1        65.9              53.0    12.9     81.5
DAYS >= TRACE       6               5.2     0.8       10
DAYS >= 1.0         3               2.2     0.8        1
GREATEST
 SNOW DEPTH        17   03/07
                        03/05
                        03/04
 24 HR TOTAL      2.0   03/07 TO 03/07               2.5

DEGREE_DAYS
HEATING TOTAL    1181               919     262
 SINCE 7/1       7188              6771     417
COOLING TOTAL       0                 0       0
 SINCE 1/1          0                 0       0
..............................................................

WIND (MPH)
AVERAGE WIND SPEED              4.5
HIGHEST WIND SPEED/DIRECTION    35/020    DATE  03/01
HIGHEST GUST SPEED/DIRECTION    43/030    DATE  03/01

SKY COVER
POSSIBLE SUNSHINE (PERCENT)   MM
AVERAGE SKY COVER           0.40
NUMBER OF DAYS FAIR           16
NUMBER OF DAYS PC              8
NUMBER OF DAYS CLOUDY          7

AVERAGE RH (PERCENT)     69

-  INDICATES NEGATIVE NUMBERS.
R  INDICATES RECORD WAS SET OR TIED.
MM INDICATES DATA IS MISSING.
T  INDICATES TRACE AMOUNT.

$$
