000
CXUS53 KGRB 010908
CLMGRB


CLIMATE REPORT
NATIONAL WEATHER SERVICE GREEN BAY
400 AM CDT WED MAY 1 2019

...................................

...THE GREEN BAY WI CLIMATE SUMMARY FOR THE MONTH OF APRIL 2019...

CLIMATE NORMAL PERIOD 1981 TO 2010
CLIMATE RECORD PERIOD 1886 TO 2019

WEATHER         OBSERVED          NORMAL  DEPART  LAST YEAR`S
                 VALUE   DATE(S)  VALUE   FROM    VALUE  DATE(S)
                                          NORMAL
................................................................
TEMPERATURE (F)
RECORD
 HIGH              89   04/22/1980
 LOW                7   04/03/1954
HIGHEST            74   04/21        77      -3       76  04/30
LOWEST             26   04/01        19       7        9  04/08
AVG. MAXIMUM     52.5              53.9    -1.4     44.9
AVG. MINIMUM     36.1              33.8     2.3     25.8
MEAN             44.3              43.9     0.4     35.3
DAYS MAX >= 90      0               0.0     0.0        0
DAYS MAX <= 32      0               0.6    -0.6        7
DAYS MIN <= 32      9              12.4    -3.4       24
DAYS MIN <= 0       0               0.0     0.0        0

PRECIPITATION (INCHES)
RECORD
 MAXIMUM         6.47   1929
 MINIMUM         0.49   1989
TOTALS           3.82              2.63    1.19     4.87
DAILY AVG.       0.13              0.09    0.04     0.16
DAYS >= .01        13              11.1     1.9       12
DAYS >= .10         7               6.4     0.6        6
DAYS >= .50         3               1.7     1.3        4
DAYS >= 1.00        0               0.4    -0.4        3
GREATEST
 24 HR. TOTAL    0.94   04/11 TO 04/11

SNOWFALL (INCHES)
RECORDS
 TOTAL           36.7   2018
TOTALS            4.5               2.9     1.6     36.7
SINCE 7/1        74.0              51.2    22.8     68.1
SNOWDEPTH AVG.      0                MM      MM        5
DAYS >= 1.0         1               1.1    -0.1        7
GREATEST
 SNOW DEPTH         3   04/11                         19  04/16
 24 HR TOTAL      4.5   04/11 TO 04/11

DEGREE_DAYS
HEATING TOTAL     615               637     -22      883
 SINCE 7/1       7345              7537    -192     7372
COOLING TOTAL       0                 2      -2        0
 SINCE 1/1          0                 2      -2        0
.................................................................

WIND (MPH)
AVERAGE WIND SPEED              9.6
HIGHEST WIND SPEED/DIRECTION    33/260    DATE  04/02
HIGHEST GUST SPEED/DIRECTION    50/260    DATE  04/02

SKY COVER
POSSIBLE SUNSHINE (PERCENT)   MM
AVERAGE SKY COVER           0.50
NUMBER OF DAYS FAIR           10
NUMBER OF DAYS PC              9
NUMBER OF DAYS CLOUDY         11

AVERAGE RH (PERCENT)     69

-  INDICATES NEGATIVE NUMBERS.
R  INDICATES RECORD WAS SET OR TIED.
MM INDICATES DATA IS MISSING.
T  INDICATES TRACE AMOUNT.

$$
