000
CXUS53 KGRB 020748
CLMGRB


CLIMATE REPORT
NATIONAL WEATHER SERVICE GREEN BAY
237 AM CDT FRI AUG 2 2019

...................................

...THE GREEN BAY WI CLIMATE SUMMARY FOR THE MONTH OF JULY 2019...

CLIMATE NORMAL PERIOD 1981 TO 2010
CLIMATE RECORD PERIOD 1886 TO 2019

WEATHER         OBSERVED          NORMAL  DEPART  LAST YEAR`S
                 VALUE   DATE(S)  VALUE   FROM    VALUE  DATE(S)
                                          NORMAL
................................................................
TEMPERATURE (F)
RECORD
 HIGH             104   07/13/1936
 LOW               40   07/06/1965
HIGHEST            92   07/19        91       1       93  07/04
LOWEST             54   07/07        46       8       51  07/07
AVG. MAXIMUM     83.7              79.8     3.9     82.6
AVG. MINIMUM     62.7              58.4     4.3     60.7
MEAN             73.2              69.1     4.1     71.7
DAYS MAX >= 90      2               1.4     0.6        2
DAYS MAX <= 32      0               0.0     0.0        0
DAYS MIN <= 32      0               0.0     0.0        0
DAYS MIN <= 0       0               0.0     0.0        0

PRECIPITATION (INCHES)
RECORD
 MAXIMUM         9.51   2010
 MINIMUM         0.70   1946
TOTALS           3.50              3.50    0.00     3.13
DAILY AVG.       0.11              0.11    0.00     0.10
DAYS >= .01        11              10.4     0.6       10
DAYS >= .10         6               6.1    -0.1        8
DAYS >= .50         3               2.3     0.7        1
DAYS >= 1.00        1               1.0     0.0        0
GREATEST
 24 HR. TOTAL    1.43   07/20 TO 07/20

SNOWFALL (INCHES)
RECORDS
 TOTAL            0.0   MM
TOTALS            0.0               0.0     0.0      0.0
SINCE 7/1         0.0               0.0     0.0      0.0
SNOWDEPTH AVG.      0                MM      MM        0
DAYS >= 1.0         0               0.0     0.0        0
GREATEST
 SNOW DEPTH         0   MM                             0  MM
 24 HR TOTAL      0.0   07/31 TO 07/31

DEGREE_DAYS
HEATING TOTAL       0                23     -23        0
 SINCE 7/1          0                23     -23        0
COOLING TOTAL     264               150     114      214
 SINCE 1/1        351               251     100      424
.................................................................

WIND (MPH)
AVERAGE WIND SPEED              6.4
HIGHEST WIND SPEED/DIRECTION    40/280    DATE  07/20
HIGHEST GUST SPEED/DIRECTION    59/280    DATE  07/20

SKY COVER
POSSIBLE SUNSHINE (PERCENT)   MM
AVERAGE SKY COVER           0.20
NUMBER OF DAYS FAIR           23
NUMBER OF DAYS PC              8
NUMBER OF DAYS CLOUDY          0

AVERAGE RH (PERCENT)     73

WEATHER CONDITIONS. NUMBER OF DAYS WITH
  0
  4
  0
  0
  0
  0
  2
HAZE                      4

-  INDICATES NEGATIVE NUMBERS.
R  INDICATES RECORD WAS SET OR TIED.
MM INDICATES DATA IS MISSING.
T  INDICATES TRACE AMOUNT.

$$
