000
CXUS52 KRAH 011412
CLMGSO


CLIMATE REPORT
NATIONAL WEATHER SERVICE RALEIGH NC
1003 AM EDT THU AUG 1 2019

...................................

...THE PIEDMONT TRIAD INTL AIRPORT CLIMATE SUMMARY FOR THE MONTH OF JULY 2019...

CLIMATE NORMAL PERIOD 1981 TO 2010
CLIMATE RECORD PERIOD 1903 TO 2019

WEATHER         OBSERVED          NORMAL  DEPART  LAST YEAR`S
                 VALUE   DATE(S)  VALUE   FROM    VALUE
                                          NORMAL
.............................................................
TEMPERATURE (F)
RECORD
 HIGH             102   07/08/1977
                        07/14/1954
 LOW               48   07/05/1933
HIGHEST            96   07/17                         95
LOWEST             62   07/25                         57
                        07/24
AVG. MAXIMUM     90.0              87.9     2.1     88.0
AVG. MINIMUM     70.0              69.1     0.9     69.1
MEAN             80.0              78.5     1.5     78.5
DAYS MAX >= 90     22                                 13
DAYS MAX <= 32      0                                  0
DAYS MIN <= 32      0                                  0
DAYS MIN <= 0       0                                  0

PRECIPITATION (INCHES)
RECORD
 MAXIMUM        12.72   1984
TOTALS           5.28              4.48    0.80     6.04
DAYS >= .01         6
DAYS >= .10         5
DAYS >= .50         3
DAYS >= 1.00        2
GREATEST
 24 HR. TOTAL    2.29   07/23 TO 07/23

DEGREE_DAYS
HEATING TOTAL       0                 0       0        0
 SINCE 7/1          0                 0       0        0
COOLING TOTAL     474               419      55      430
 SINCE 1/1       1065               885     180     1105
..............................................................

WIND (MPH)
AVERAGE WIND SPEED              5.9
HIGHEST WIND SPEED/DIRECTION    44/210    DATE  07/31
HIGHEST GUST SPEED/DIRECTION    53/220    DATE  07/31

SKY COVER
POSSIBLE SUNSHINE (PERCENT)   MM
AVERAGE SKY COVER           0.60
NUMBER OF DAYS FAIR            4
NUMBER OF DAYS PC             19
NUMBER OF DAYS CLOUDY          8

AVERAGE RH (PERCENT)     71

WEATHER CONDITIONS. NUMBER OF DAYS WITH
THUNDERSTORM              11    MIXED PRECIP               0
HEAVY RAIN                3     RAIN                       2
LIGHT RAIN                8     FREEZING RAIN              0
LT FREEZING RAIN          0     HAIL                       0
HEAVY SNOW                0     SNOW                       0
LIGHT SNOW                0     SLEET                      0
FOG                       7     FOG W/VIS <= 1/4 MILE      0
HAZE                      5

-  INDICATES NEGATIVE NUMBERS.
R  INDICATES RECORD WAS SET OR TIED.
MM INDICATES DATA IS MISSING.
T  INDICATES TRACE AMOUNT.

&&

A RECORD HIGH MINIMUM TEMPERATURE OF 73 DEGREES WAS SET AT PIEDMONT
TRIAD INTL AIRPORT NC ON SUNDAY JULY 7TH. THIS TIED THE OLD RECORD
OF 73 SET IN 2012.

A RECORD HIGH MINIMUM TEMPERATURE OF 74 DEGREES WAS SET AT THE
PIEDMONT TRIAD INTERNATIONAL AIRPORT JULY 15TH. THIS BROKE THE OLD
RECORD OF 73, SET IN 2016.

A RECORD HIGH MINIMUM TEMPERATURE OF 75 DEGREES WAS SET AT THE
PIEDMONT TRIAD INTERNATIONAL AIRPORT JULY 20TH. THIS TIED THE OLD
RECORD OF 75, LAST SET IN 1986.

A RECORD RAINFALL OF 1.96 INCHES WAS SET AT PIEDMONT TRIAD
INTERNATIONAL AIRPORT JULY 31ST. THIS BROKE THE OLD RECORD OF 1.60
INCHES, SET IN 1913.

$$
