000
CXUS52 KGSP 012156
CLMGSP

CLIMATE REPORT
NATIONAL WEATHER SERVICE GREENVILLE-SPARTANBURG SC
556 PM EDT WED MAY 1 2019

...................................

...THE GREENVILLE-SPARTANBURG CLIMATE SUMMARY FOR THE MONTH OF APRIL 2019...

CLIMATE NORMAL PERIOD 1981 TO 2010
CLIMATE RECORD PERIOD 1884 TO 2019

WEATHER         OBSERVED          NORMAL  DEPART  LAST YEAR`S
                 VALUE   DATE(S)  VALUE   FROM    VALUE  DATE(S)
                                          NORMAL
................................................................
TEMPERATURE (F)
RECORD
 HIGH              94   04/20/1917
 LOW               22   04/15/1907
                        04/14/1907
HIGHEST            85   04/30        MM      MM       82  04/18
                        04/24                             04/14
                        04/23
LOWEST             34   04/01        MM      MM       30  04/17
AVG. MAXIMUM     74.5              72.8     1.7     70.7
AVG. MINIMUM     51.2              48.3     2.9     46.1
MEAN             62.9              60.5     2.4     58.4
DAYS MAX >= 90      0               0.3    -0.3        0
DAYS MAX <= 32      0               0.0     0.0        0
DAYS MIN <= 32      0               0.6    -0.6        1
DAYS MIN <= 0       0               0.0     0.0        0

PRECIPITATION (INCHES)
RECORD
 MAXIMUM        11.30   1964
 MINIMUM         0.57   1915
TOTALS           4.15              3.36    0.79     5.58
DAILY AVG.       0.14              0.11    0.03     0.19
DAYS >= .01        10               9.0     1.0        8
DAYS >= .10         4               6.3    -2.3        5
DAYS >= .50         4               2.6     1.4        2
DAYS >= 1.00        1               0.8     0.2        2
GREATEST
 24 HR. TOTAL    1.40   04/19 TO 04/19           04/15 TO 04/15


 STORM TOTAL       MM                                 MM
 (MM/DD(HH))            MM                    04/15(00) TO 04/15(00)



SNOWFALL (INCHES)
RECORDS
 TOTAL            0.3   1987
 24 HR TOTAL      0.3   04/03/1987 TO 04/03/1987
 SNOW DEPTH        MM   MM
TOTALS              T                 T     0.0      0.0
 LIQUID EQUIV      MM                MM      MM     0.00
SINCE 7/1         4.3               4.7    -0.4      4.7
 LIQUID 7/1      0.43                MM      MM     0.47
SNOWDEPTH AVG.      0                MM      MM        0
DAYS >= TRACE       1               0.1     0.9        0
DAYS >= 1.0         0               0.0     0.0        0
GREATEST
 SNOW DEPTH         0   MM                             0  MM
 24 HR TOTAL        T   04/02 TO 04/02           04/15 TO 04/15


 STORM TOTAL       MM                                 MM
 (MM/DD(HH))            MM                    04/15(00) TO 04/15(00)



DEGREE_DAYS
HEATING TOTAL     112               173     -61      204
 SINCE 7/1       2856              3006    -150     2915
COOLING TOTAL      56                40      16       12
 SINCE 1/1         61                48      13       33

FREEZE DATES
RECORD
 EARLIEST     MM
 LATEST       MM
EARLIEST                        MM
LATEST                          MM
.................................................................

WIND (MPH)
AVERAGE WIND SPEED              6.9
HIGHEST WIND SPEED/DIRECTION    35/190    DATE  04/14
HIGHEST GUST SPEED/DIRECTION    48/180    DATE  04/14

SKY COVER
POSSIBLE SUNSHINE (PERCENT)   MM
AVERAGE SKY COVER           0.30
NUMBER OF DAYS FAIR           17
NUMBER OF DAYS PC              9
NUMBER OF DAYS CLOUDY          4

AVERAGE RH (PERCENT)     63

WEATHER CONDITIONS. NUMBER OF DAYS WITH
THUNDERSTORM              4     MIXED PRECIP               0
HEAVY RAIN                4     RAIN                       5
LIGHT RAIN               12     FREEZING RAIN              0
LT FREEZING RAIN          0     HAIL                       0
HEAVY SNOW                0     SNOW                       0
LIGHT SNOW                1     SLEET                      0
FOG                      14     FOG W/VIS <= 1/4 MILE      3
HAZE                      4

-  INDICATES NEGATIVE NUMBERS.
R  INDICATES RECORD WAS SET OR TIED.
MM INDICATES DATA IS MISSING.
T  INDICATES TRACE AMOUNT.

$$

OUTLAW
