175
CXUS52 KGSP 011723
CLMGSP

CLIMATE REPORT
NATIONAL WEATHER SERVICE GREENVILLE-SPARTANBURG SC
123 PM EDT MON JUL 1 2019

...................................

...THE GREENVILLE-SPARTANBURG CLIMATE SUMMARY FOR THE MONTH OF JUNE 2019...

CLIMATE NORMAL PERIOD 1981 TO 2010
CLIMATE RECORD PERIOD 1884 TO 2019

WEATHER         OBSERVED          NORMAL  DEPART  LAST YEAR`S
                 VALUE   DATE(S)  VALUE   FROM    VALUE  DATE(S)
                                          NORMAL
................................................................
TEMPERATURE (F)
RECORD
 HIGH             105   06/29/2012
                        06/20/1887
 LOW               40   06/01/1972
HIGHEST            94   06/30        MM      MM       96  06/19
LOWEST             54   06/15        MM      MM       61  06/06
AVG. MAXIMUM     85.7              87.5    -1.8     88.9
AVG. MINIMUM     66.1              65.8     0.3     68.2
MEAN             75.9              76.7    -0.8     78.6
DAYS MAX >= 90      8              11.0    -3.0       15
DAYS MAX <= 32      0               0.0     0.0        0
DAYS MIN <= 32      0               0.0     0.0        0
DAYS MIN <= 0       0               0.0     0.0        0

PRECIPITATION (INCHES)
RECORD
 MAXIMUM        10.99   1886
 MINIMUM         0.13   2008
TOTALS           4.77              3.80    0.97     3.85
DAILY AVG.       0.16              0.13    0.03     0.13
DAYS >= .01         9              10.4    -1.4       10
DAYS >= .10         6               6.6    -0.6        6
DAYS >= .50         3               2.7     0.3        2
DAYS >= 1.00        1               1.0     0.0        1
GREATEST
 24 HR. TOTAL    2.06   06/07 TO 06/07           06/19 TO 06/19


 STORM TOTAL       MM                                 MM
 (MM/DD(HH))            MM                    06/19(00) TO 06/19(00)



SNOWFALL (INCHES)
RECORDS
 TOTAL             MM   MM
 24 HR TOTAL       MM
 SNOW DEPTH        MM   MM
TOTALS            0.0               0.0     0.0      0.0
 LIQUID EQUIV    0.00              0.00    0.00     0.00
SINCE 7/1         4.3               4.7    -0.4      4.7
 LIQUID 7/1      0.43                MM      MM     0.47
SNOWDEPTH AVG.      0                MM      MM        0
DAYS >= TRACE       0               0.0     0.0        0
DAYS >= 1.0         0               0.0     0.0        0
GREATEST
 SNOW DEPTH         0   MM                             0  MM
 24 HR TOTAL      0.0   MM                       06/19 TO 06/19


 STORM TOTAL       MM                                 MM
 (MM/DD(HH))            MM                    06/19(00) TO 06/19(00)



DEGREE_DAYS
HEATING TOTAL       0                 2      -2        0
 SINCE 7/1       2864              3046    -182     2916
COOLING TOTAL     332               351     -19      413
 SINCE 1/1        689               552     137      701

FREEZE DATES
RECORD
 EARLIEST     MM
 LATEST       MM
EARLIEST      11/11             MM
LATEST        02/25             MM
.................................................................

WIND (MPH)
AVERAGE WIND SPEED              6.0
HIGHEST WIND SPEED/DIRECTION    28/250    DATE  06/24
HIGHEST GUST SPEED/DIRECTION    38/240    DATE  06/24

SKY COVER
POSSIBLE SUNSHINE (PERCENT)   MM
AVERAGE SKY COVER           0.30
NUMBER OF DAYS FAIR           17
NUMBER OF DAYS PC              9
NUMBER OF DAYS CLOUDY          4

AVERAGE RH (PERCENT)     67

WEATHER CONDITIONS. NUMBER OF DAYS WITH
THUNDERSTORM              7     MIXED PRECIP               0
HEAVY RAIN                4     RAIN                       5
LIGHT RAIN               15     FREEZING RAIN              0
LT FREEZING RAIN          0     HAIL                       0
HEAVY SNOW                0     SNOW                       0
LIGHT SNOW                0     SLEET                      0
FOG                      11     FOG W/VIS <= 1/4 MILE      4
HAZE                      6

-  INDICATES NEGATIVE NUMBERS.
R  INDICATES RECORD WAS SET OR TIED.
MM INDICATES DATA IS MISSING.
T  INDICATES TRACE AMOUNT.

$$

OUTLAW
