000
CXUS54 KAMA 011535
CLMGUY


CLIMATE REPORT
NATIONAL WEATHER SERVICE AMARILLO TX
1035 AM CDT WED MAY 1 2019

...................................

...THE GUYMON CLIMATE SUMMARY FOR THE MONTH OF APRIL 2019...

CLIMATE NORMAL PERIOD 1981 TO 2010
CLIMATE RECORD PERIOD 1998 TO 2019

WEATHER         OBSERVED          NORMAL  DEPART  LAST YEAR`S
                 VALUE   DATE(S)  VALUE   FROM    VALUE  DATE(S)
                                          NORMAL
................................................................
TEMPERATURE (F)
HIGHEST            91   04/20                         94  04/12
LOWEST             25   04/14                         19  04/07
AVG. MAXIMUM     73.2              70.3     2.9     69.6
AVG. MINIMUM     41.0              40.2     0.8     34.9
MEAN             57.1              55.2     1.9     53.3
DAYS MAX >= 90      1               0.8     0.2        3
DAYS MAX <= 32      0               0.0     0.0        0
DAYS MIN <= 32      3               4.8    -1.8        9
DAYS MIN <= 0       0               0.0     0.0        0

PRECIPITATION (INCHES)
TOTALS           0.17              1.51   -1.34     1.06
DAILY AVG.       0.01              0.05   -0.04     0.04
DAYS >= .01         5                MM      MM        6
DAYS >= .10         0                MM      MM        3
DAYS >= .50         0                MM      MM        1
DAYS >= 1.00        0                MM      MM        0
GREATEST
 24 HR. TOTAL    0.05   04/22 TO 04/22

SNOWFALL (INCHES)
TOTALS             MM                MM      MM        T
SINCE 7/1         0.0                MM      MM        T
DAYS >= TRACE       0                MM      MM
DAYS >= 1.0         0                MM      MM        0
GREATEST
 SNOW DEPTH        MM
 24 HR TOTAL      0.0   04/23 TO 04/23

DEGREE_DAYS
HEATING TOTAL     239               305     -66      397
 SINCE 7/1       4462              4353     109     4055
COOLING TOTAL       9                13      -4       21
 SINCE 1/1         11                15      -4       28
.................................................................

WIND (MPH)
AVERAGE WIND SPEED              12.1
HIGHEST WIND SPEED/DIRECTION    39/340    DATE  04/11
HIGHEST GUST SPEED/DIRECTION    48/320    DATE  04/18

SKY COVER
POSSIBLE SUNSHINE (PERCENT)    0
NUMBER OF DAYS FAIR           25
NUMBER OF DAYS PC              3
NUMBER OF DAYS CLOUDY          2

AVERAGE RH (PERCENT)     53

WEATHER CONDITIONS. NUMBER OF DAYS WITH
THUNDERSTORM              3     MIXED PRECIP               0
HEAVY RAIN                0     RAIN                       1
LIGHT RAIN                7     FREEZING RAIN              0
LT FREEZING RAIN          0     HEAVY SNOW                 0
SNOW                      0     LIGHT SNOW                 0
SLEET                     0     FOG                        0
FOG W/VIS <= 1/4 MILE     0     HAZE                       1

-  INDICATES NEGATIVE NUMBERS.
R  INDICATES RECORD WAS SET OR TIED.
MM INDICATES DATA IS MISSING.
T  INDICATES TRACE AMOUNT.

$$
