000
CXUS54 KJAN 011231
CLMGWO


CLIMATE REPORT
NATIONAL WEATHER SERVICE JACKSON MS
723 AM CDT WED MAY 1 2019

...................................

...THE GREENWOOD CLIMATE SUMMARY FOR THE MONTH OF APRIL 2019...

CLIMATE NORMAL PERIOD 1981 TO 2010
CLIMATE RECORD PERIOD 1948 TO 2019

WEATHER         OBSERVED          NORMAL  DEPART  LAST YEAR`S
                 VALUE   DATE(S)  VALUE   FROM    VALUE  DATE(S)
                                          NORMAL
................................................................
TEMPERATURE (F)
RECORD
 HIGH              94   04/21/1987
 LOW               28   04/11/1989
                        04/04/1987
HIGHEST            87   04/30        MM      MM       87  04/03
                        04/10
LOWEST             35   04/01        MM      MM       31  04/08
AVG. MAXIMUM     75.1              75.2    -0.1     71.8
AVG. MINIMUM     52.7              51.6     1.1     47.3
MEAN             63.9              63.4     0.5     59.6
DAYS MAX >= 90      0               0.2    -0.2        0
DAYS MAX <= 32      0               0.0     0.0        0
DAYS MIN <= 32      0               0.4    -0.4        1
DAYS MIN <= 0       0               0.0     0.0        0

PRECIPITATION (INCHES)
RECORD
 MAXIMUM        14.68   1991
 MINIMUM         0.83   1976
TOTALS           8.60              5.13    3.47     5.60
DAILY AVG.       0.29              0.17    0.12     0.19
DAYS >= .01        11               7.8     3.2        8
DAYS >= .10         9               5.5     3.5        6
DAYS >= .50         7               2.6     4.4        4
DAYS >= 1.00        5               1.8     3.2        2
GREATEST
 24 HR. TOTAL    1.61   04/18 TO 04/18              1.97

SNOWFALL (INCHES)
TOTALS            0.0

DEGREE_DAYS
HEATING TOTAL      97               124     -27      176
 SINCE 7/1       2452              2671    -219     2501
COOLING TOTAL      73                76      -3       22
 SINCE 1/1         97               102      -5       85
.................................................................

WIND (MPH)
AVERAGE WIND SPEED              6.7
HIGHEST WIND SPEED/DIRECTION    26/120    DATE  04/13
HIGHEST GUST SPEED/DIRECTION    40/230    DATE  04/07

SKY COVER
POSSIBLE SUNSHINE (PERCENT)   MM
AVERAGE SKY COVER           0.30
NUMBER OF DAYS FAIR           18
NUMBER OF DAYS PC              5
NUMBER OF DAYS CLOUDY          6

AVERAGE RH (PERCENT)     69

NUMBER OF DAYS WITH WEATHER CONDITIONS
THUNDERSTORM              7     MIXED PRECIP               0
HEAVY RAIN                9     RAIN                       9
LIGHT RAIN               12     FREEZING RAIN              0
LT FREEZING RAIN          0     HAIL                       0
HEAVY SNOW                0     SNOW                       0
LIGHT SNOW                0     SLEET                      0
FOG                      15     FOG W/VIS <= 1/4 MILE      1
HAZE                      1

-  INDICATES NEGATIVE NUMBERS.
R  INDICATES RECORD WAS SET OR TIED.
MM INDICATES DATA IS MISSING.
T  INDICATES TRACE AMOUNT.

$$
