000
CXUS54 KJAN 021440
CLMGWO


CLIMATE REPORT
NATIONAL WEATHER SERVICE JACKSON MS
932 AM CDT FRI AUG 2 2019

...................................

...THE GREENWOOD CLIMATE SUMMARY FOR THE MONTH OF JULY 2019...

CLIMATE NORMAL PERIOD 1981 TO 2010
CLIMATE RECORD PERIOD 1948 TO 2019

WEATHER         OBSERVED          NORMAL  DEPART  LAST YEAR`S
                 VALUE   DATE(S)  VALUE   FROM    VALUE  DATE(S)
                                          NORMAL
................................................................
TEMPERATURE (F)
RECORD
 HIGH             105   07/30/1986
                        07/16/1980
 LOW               53   07/15/1967
HIGHEST            97   07/10        MM      MM       95  07/16
                                                          07/15
                                                          07/14
LOWEST             60   07/24        MM      MM       66  07/26
AVG. MAXIMUM     90.4              91.8    -1.4     92.0
AVG. MINIMUM     71.2              70.8     0.4     72.2
MEAN             80.8              81.3    -0.5     82.1
DAYS MAX >= 90     22              21.8     0.2       27
DAYS MAX <= 32      0               0.0     0.0        0
DAYS MIN <= 32      0               0.0     0.0        0
DAYS MIN <= 0       0               0.0     0.0        0

PRECIPITATION (INCHES)
RECORD
 MAXIMUM        11.12   1963
 MINIMUM         0.47   2000
TOTALS           6.91              3.60    3.31     6.68
DAILY AVG.       0.22              0.12    0.10     0.22
DAYS >= .01        12               8.5     3.5       10
DAYS >= .10         9               5.8     3.2        5
DAYS >= .50         4               2.5     1.5        3
DAYS >= 1.00        3               1.1     1.9        2
GREATEST
 24 HR. TOTAL    2.52   07/16 TO 07/16              3.72

SNOWFALL (INCHES)
TOTALS            0.0

DEGREE_DAYS
HEATING TOTAL       0                 0       0        0
 SINCE 7/1          0                 0       0        0
COOLING TOTAL     496               505      -9      539
 SINCE 1/1       1299              1248      51     1476
.................................................................

WIND (MPH)
AVERAGE WIND SPEED              4.9
HIGHEST WIND SPEED/DIRECTION    36/200    DATE  07/15
HIGHEST GUST SPEED/DIRECTION    50/200    DATE  07/15

SKY COVER
POSSIBLE SUNSHINE (PERCENT)   MM
AVERAGE SKY COVER           0.30
NUMBER OF DAYS FAIR           21
NUMBER OF DAYS PC              8
NUMBER OF DAYS CLOUDY          2

AVERAGE RH (PERCENT)     75

WEATHER CONDITIONS. NUMBER OF DAYS WITH
THUNDERSTORM             10     MIXED PRECIP               0
HEAVY RAIN                6     RAIN                      11
LIGHT RAIN               13     FREEZING RAIN              0
LT FREEZING RAIN          0     HAIL                       0
HEAVY SNOW                0     SNOW                       0
LIGHT SNOW                0     SLEET                      0
FOG                      22     FOG W/VIS <= 1/4 MILE      3
HAZE                      1

-  INDICATES NEGATIVE NUMBERS.
R  INDICATES RECORD WAS SET OR TIED.
MM INDICATES DATA IS MISSING.
T  INDICATES TRACE AMOUNT.

$$
