000
CXUS54 KJAN 011231
CLMHBG


CLIMATE REPORT
NATIONAL WEATHER SERVICE JACKSON MS
723 AM CDT WED MAY 1 2019

...................................

...THE HATTIESBURG CLIMATE SUMMARY FOR THE MONTH OF APRIL 2019...

CLIMATE NORMAL PERIOD 1981 TO 2010
CLIMATE RECORD PERIOD 1948 TO 2019

WEATHER         OBSERVED          NORMAL  DEPART  LAST YEAR`S
                 VALUE   DATE(S)  VALUE   FROM    VALUE  DATE(S)
                                          NORMAL
................................................................
TEMPERATURE (F)
RECORD
 HIGH              94   04/29/1955
 LOW               31   04/04/1987
                        04/11/1973
                        04/07/1950
HIGHEST            87   04/30        MM      MM       85  04/03
LOWEST             38   04/03        MM      MM       36  04/16
                        04/01
AVG. MAXIMUM     78.1              78.0     0.1     75.3
AVG. MINIMUM     52.8              52.6     0.2     49.0
MEAN             65.4              65.3     0.1     62.2
DAYS MAX >= 90      0               0.4    -0.4        0
DAYS MAX <= 32      0               0.0     0.0        0
DAYS MIN <= 32      0               0.3    -0.3        0
DAYS MIN <= 0       0               0.0     0.0        0

PRECIPITATION (INCHES)
RECORD
 MAXIMUM        17.50   1983
 MINIMUM         0.63   1999
TOTALS           8.43              4.93    3.50     6.39
DAILY AVG.       0.28              0.16    0.12     0.21
DAYS >= .01        10                MM      MM        8
DAYS >= .10         7                MM      MM        7
DAYS >= .50         5                MM      MM        3
DAYS >= 1.00        3                MM      MM        1
GREATEST
 24 HR. TOTAL    3.25   04/18 TO 04/18              4.03

SNOWFALL (INCHES)
TOTALS            0.0
SINCE 7/1         0.0
DAYS >= TRACE       0
DAYS >= 1.0         0
GREATEST
 24 HR TOTAL      0.0   04/30 TO 04/30

DEGREE_DAYS
HEATING TOTAL      75                83      -8      105
 SINCE 7/1       1734              1978    -244     1888
COOLING TOTAL      96                92       4       27
 SINCE 1/1        174               140      34      156
.................................................................

WIND (MPH)
AVERAGE WIND SPEED              6.2
HIGHEST WIND SPEED/DIRECTION    31/150    DATE  04/13
HIGHEST GUST SPEED/DIRECTION    47/140    DATE  04/13

SKY COVER
POSSIBLE SUNSHINE (PERCENT)   MM
AVERAGE SKY COVER           0.30
NUMBER OF DAYS FAIR           18
NUMBER OF DAYS PC              8
NUMBER OF DAYS CLOUDY          3

AVERAGE RH (PERCENT)     70

NUMBER OF DAYS WITH WEATHER CONDITIONS
THUNDERSTORM              7     MIXED PRECIP               0
HEAVY RAIN                7     RAIN                       7
LIGHT RAIN               11     FREEZING RAIN              0
LT FREEZING RAIN          0     HAIL                       0
HEAVY SNOW                0     SNOW                       0
LIGHT SNOW                0     SLEET                      0
FOG                      15     FOG W/VIS <= 1/4 MILE      3
HAZE                      1

-  INDICATES NEGATIVE NUMBERS.
R  INDICATES RECORD WAS SET OR TIED.
MM INDICATES DATA IS MISSING.
T  INDICATES TRACE AMOUNT.

$$
