000
CXUS56 KPQR 011638 CCA
CLMHIO

CLIMATE REPORT
NATIONAL WEATHER SERVICE PORTLAND OREGON
938 AM PDT WED MAY 1 2019

...................................

...THE HILLSBORO OR CLIMATE SUMMARY FOR THE MONTH OF APRIL 2019...

CLIMATE NORMAL PERIOD 1981 TO 2010
CLIMATE RECORD PERIOD 1929 TO 2019

WEATHER         OBSERVED          NORMAL  DEPART  LAST YEAR`S
                 VALUE   DATE(S)  VALUE   FROM    VALUE  DATE(S)
                                          NORMAL
................................................................
TEMPERATURE (F)
HIGHEST            75                                 86  04/26
LOWEST             31                                 30  04/03
AVG. MAXIMUM     61.2              60.7     0.5     61.1
AVG. MINIMUM     42.1              39.4     2.7     41.9
MEAN             51.7              50.0     1.7     51.5
DAYS MAX >= 90      0               0.0     0.0        0
DAYS MAX <= 32      0               0.0     0.0        0
DAYS MIN <= 32      1               2.5    -1.5        2
DAYS MIN <= 0       0               0.0     0.0        0

PRECIPITATION (INCHES)
RECORD
 MAXIMUM         5.91   2003
 MINIMUM         0.23   1933
TOTALS           3.23              3.01    0.22     3.32
DAYS >= .01        16                MM      MM       16
DAYS >= .10         8                MM      MM        8
DAYS >= .50         3                MM      MM        1
DAYS >= 1.00        0                MM      MM        0
GREATEST
 24 HR. TOTAL    1.08   04/06 TO 04/07

DEGREE_DAYS
HEATING TOTAL     394               448     -54      400
 SINCE 7/1       4378              4562    -184     4250
COOLING TOTAL       0                 0       0        4
 SINCE 1/1          0                 0       0        4
.................................................................

WIND (MPH)
AVERAGE WIND SPEED              5.0
RESULTANT WIND SPEED/DIRECTION   1/273
HIGHEST WIND SPEED/DIRECTION    25/300    DATE  04/27
HIGHEST GUST SPEED/DIRECTION    32/300    DATE  04/27

SKY COVER
POSSIBLE SUNSHINE (PERCENT)   MM
AVERAGE SKY COVER           0.60

AVERAGE RH (PERCENT)     72

WEATHER CONDITIONS. NUMBER OF DAYS WITH
THUNDERSTORMS        1        MIXED PRECIP            0
HEAVY RAIN           3        RAIN                    5
LIGHT RAIN           18       FREEZING RAIN           0
LT FREEZING RAIN     0        HAIL                    0
HEAVY SNOW           0        SNOW                    0
LIGHT SNOW           0        SLEET                   0
FOG                  14       FOG W/VIS <=1/4 MILE    3
HAZE                 5


-  INDICATES NEGATIVE NUMBERS.
R  INDICATES RECORD WAS SET OR TIED.
MM INDICATES DATA IS MISSING.
T  INDICATES TRACE AMOUNT.

$$
