000
CXUS51 KPBZ 011624
CLMHLG


CLIMATE REPORT
NATIONAL WEATHER SERVICE PITTSBURGH PA
1002 AM EDT WED MAY 1 2019

...................................

...THE WHEELING CLIMATE SUMMARY FOR THE MONTH OF APRIL 2019...

CLIMATE NORMAL PERIOD 1981 TO 2010
CLIMATE RECORD PERIOD 1878 TO 2019

WEATHER         OBSERVED          NORMAL  DEPART  LAST YEAR`S
                 VALUE   DATE(S)  VALUE   FROM    VALUE  DATE(S)
                                          NORMAL
................................................................
TEMPERATURE (F)
RECORD
 HIGH              92   MM
 LOW               19   04/04/2013
HIGHEST            80   04/18        62      18       84  04/13
                        04/11
LOWEST             24   04/01        36     -12       26  04/08
                                                          04/07
AVG. MAXIMUM     65.7              61.3     4.4     57.0
AVG. MINIMUM     45.3              41.4     3.9     36.4
MEAN             55.5              51.4     4.1     46.7
DAYS MAX >= 90      0               0.0     0.0        0
DAYS MAX <= 32      0               0.2    -0.2        0
DAYS MIN <= 32      2               4.5    -2.5       15
DAYS MIN <= 0       0               0.0     0.0        0

PRECIPITATION (INCHES)
RECORD
 MAXIMUM         8.24   1901

TOTALS           2.74              3.08   -0.34     5.40
DAILY AVG.       0.09              0.10   -0.01     0.18
DAYS >= .01        14                MM      MM       14
DAYS >= .10         7                MM      MM        7
DAYS >= .50         2                MM      MM        3
DAYS >= 1.00        0                MM      MM        2
GREATEST
 24 HR. TOTAL    0.76   04/26 TO 04/26              1.74
 STORM TOTAL     1.14   04/25 TO 04/28

DEGREE_DAYS
HEATING TOTAL     287               418    -131      555
 SINCE 7/1       5057              5358    -301     5448
COOLING TOTAL      10                 9       1       14
 SINCE 1/1         11                10       1       19
.................................................................

WIND (MPH)
AVERAGE WIND SPEED              8.6
HIGHEST WIND SPEED/DIRECTION    40/250    DATE  04/14
HIGHEST GUST SPEED/DIRECTION    61/250    DATE  04/14

AVERAGE RH (PERCENT)     62

WEATHER CONDITIONS. NUMBER OF DAYS WITH
THUNDERSTORM              4     MIXED PRECIP               0
HEAVY RAIN                4     RAIN                       5
LIGHT RAIN               15     FREEZING RAIN              0
LT FREEZING RAIN          0     HAIL                       0
HEAVY SNOW                0     SNOW                       0
LIGHT SNOW                0     SLEET                      0
FOG                      15     FOG W/VIS <= 1/4 MILE      2
HAZE                      0

-  INDICATES NEGATIVE NUMBERS.
R  INDICATES RECORD WAS SET OR TIED.
MM INDICATES DATA IS MISSING.
T  INDICATES TRACE AMOUNT.

$$
