626
CXUS51 KPBZ 051341 CCA
CLMHLG

CLIMATE REPORT
NATIONAL WEATHER SERVICE PITTSBURGH PA
941 AM EDT MON JUL 1 2019

...................................

...THE WHEELING CLIMATE SUMMARY FOR THE MONTH OF JUNE 2019...

CLIMATE NORMAL PERIOD 1981 TO 2010
CLIMATE RECORD PERIOD 1878 TO 2019

WEATHER         OBSERVED          NORMAL  DEPART  LAST YEAR`S
                 VALUE   DATE(S)  VALUE   FROM    VALUE  DATE(S)
                                          NORMAL
................................................................
TEMPERATURE (F)
RECORD
 HIGH             100   06/08/1933
 LOW               41   06/04/2013
HIGHEST            88   06/28        83      05       90  06/30
                        06/27
LOWEST             44   06/04        55     -11       44  06/07
AVG. MAXIMUM     77.7              78.1    -0.4     79.4
AVG. MINIMUM     59.3              58.4     0.9     61.1
MEAN             68.5              68.3     0.2     70.2
DAYS MAX >= 90      0               0.5    -0.5        1
DAYS MAX <= 32      0               0.0     0.0        0
DAYS MIN <= 32      0               0.0     0.0        0
DAYS MIN <= 0       0               0.0     0.0        0

PRECIPITATION (INCHES)
RECORD
 MAXIMUM         9.70  1920
 MINIMUM         0.86  1913
TOTALS           3.66              4.73   -1.07     8.19
DAILY AVG.       0.12              0.16   -0.04     0.27
DAYS >= .01        13                11       2       15
DAYS >= .10         9                08       1       11
DAYS >= .50         3                03       0        5
DAYS >= 1.00        0                01      -1        3
GREATEST
 24 HR. TOTAL    0.90   06/19 TO 06/19              2.24
 STORM TOTAL

DEGREE_DAYS
HEATING TOTAL      29                38      -9       21
 SINCE 7/1       5182              5587    -405     5487
COOLING TOTAL     144               136       8      187
 SINCE 1/1        250               182      68      359
.................................................................

WIND (MPH)
AVERAGE WIND SPEED              7.7
HIGHEST WIND SPEED/DIRECTION    30/260    DATE  06/13
HIGHEST GUST SPEED/DIRECTION    42/270    DATE  06/13

AVERAGE RH (PERCENT)     74

WEATHER CONDITIONS. NUMBER OF DAYS WITH
THUNDERSTORM             11     MIXED PRECIP               0
HEAVY RAIN                7     RAIN                       7
LIGHT RAIN               17     FREEZING RAIN              0
LT FREEZING RAIN          0     HAIL                       0
HEAVY SNOW                0     SNOW                       0
LIGHT SNOW                0     SLEET                      0
FOG                      18     FOG W/VIS <= 1/4 MILE      1
HAZE                      2

-  INDICATES NEGATIVE NUMBERS.
R  INDICATES RECORD WAS SET OR TIED.
MM INDICATES DATA IS MISSING.
T  INDICATES TRACE AMOUNT.

$$
