000
CXUS54 KHGX 011813
CLMHOU

SATCLMHOU 000
TTAA00 KHGX 011810


CLIMATE REPORT
NATIONAL WEATHER SERVICE HOUSTON/GALVESTON TX
1059 AM CDT WED MAY 1 2019

...................................

...THE HOUSTON/HOBBY AIRPORT CLIMATE SUMMARY FOR THE MONTH OF APRIL 2019...

CLIMATE NORMAL PERIOD 1981 TO 2010
CLIMATE RECORD PERIOD 1930 TO 2019

WEATHER         OBSERVED          NORMAL  DEPART  LAST YEAR`S
                 VALUE   DATE(S)  VALUE   FROM    VALUE  DATE(S)
                                          NORMAL
................................................................
TEMPERATURE (F)
RECORD
 HIGH              94   04/27/2011
                        04/28/1948
                        05/29/1996
 LOW               32   04/13/1940
HIGHEST            90   04/09                         86  04/24
LOWEST             40   04/02                         45  04/16
AVG. MAXIMUM     79.7              78.8     0.9     77.2
AVG. MINIMUM     60.9              60.9     0.0     57.3
MEAN             70.3              69.8     0.5     67.2
DAYS MAX >= 90      1               0.3     0.7        0
DAYS MAX <= 32      0               0.0     0.0        0
DAYS MIN <= 32      0               0.0     0.0        0
DAYS MIN <= 0       0               0.0     0.0        0

PRECIPITATION (INCHES)
RECORD
 MAXIMUM        15.61   2009
 MINIMUM            T   2011
TOTALS           2.21              3.25   -1.04     2.71
DAILY AVG.       0.07              0.11   -0.04     0.09
DAYS >= .01        10               7.1     2.9        6
DAYS >= .10         5               3.5     1.5        3
DAYS >= .50         2               2.0     0.0        2
DAYS >= 1.00        0               1.0    -1.0        1

SNOWFALL (INCHES)
RECORDS
 TOTAL
TOTALS            0.0               0.0     0.0      0.0
SINCE 7/1           T                 T     0.0      1.5
SNOWDEPTH AVG.      0                                  0
DAYS >= 1.0         0               0.0     0.0        0
GREATEST
 SNOW DEPTH         0                                  0
 24 HR TOTAL      0.0   04/30 TO 04/30

DEGREE_DAYS
HEATING TOTAL      32                28       4       42
 SINCE 7/1       1145              1219     -74     1134
COOLING TOTAL     200               173      27      116
 SINCE 1/1        326               280      46      345
.................................................................

WIND (MPH)
AVERAGE WIND SPEED              10.8
RESULTANT WIND SPEED/DIRECTION   4/151
HIGHEST WIND SPEED/DIRECTION    33/330    DATE  04/19
HIGHEST GUST SPEED/DIRECTION    45/300    DATE  04/14

SKY COVER
AVERAGE SKY COVER           0.60

AVERAGE RH (PERCENT)     68

WEATHER CONDITIONS. NUMBER OF DAYS WITH
THUNDERSTORMS            7       MIXED PRECIP           0
HEAVY RAIN               4       RAIN                   2
LIGHT RAIN              13       FREEZING RAIN          0
LT FREEZING RAIN         0       HAIL                   0
HEAVY SNOW               0       SNOW                   0
LIGHT SNOW               0       SLEET                  0
FOG                     13       FOG W/VIS <= 1/4 MILE  2
HAZE                     5

-  INDICATES NEGATIVE NUMBERS.
R  INDICATES RECORD WAS SET OR TIED.
MM INDICATES DATA IS MISSING.
T  INDICATES TRACE AMOUNT.

$$
