000
CXUS52 KMHX 041733
CLMHSE


CLIMATE REPORT
NATIONAL WEATHER SERVICE NEWPORT/MOREHEAD CITY NC
132 PM EDT SAT MAY 4 2019

...................................

...THE CAPE HATTERAS NC CLIMATE SUMMARY FOR THE MONTH OF APRIL 2019...

CLIMATE NORMAL PERIOD 1981 TO 2010
CLIMATE RECORD PERIOD 1874 TO 2019

WEATHER         OBSERVED          NORMAL  DEPART  LAST YEAR`S
                 VALUE   DATE(S)  VALUE   FROM    VALUE  DATE(S)
                                          NORMAL
................................................................
TEMPERATURE (F)
RECORD
 HIGH              89   04/27/1990
                        04/23/1985
 LOW               26   04/10/1972
                        04/02/1964
HIGHEST            79   04/30                         77
                        04/19
                        04/12
LOWEST             42   04/01                         37
AVG. MAXIMUM     72.5              66.3     6.2     67.6
AVG. MINIMUM     59.4              52.6     6.8     52.0
MEAN             66.0              59.5     6.5     59.8
DAYS MAX >= 90      0               0.0     0.0        0
DAYS MAX <= 32      0               0.0     0.0        0
DAYS MIN <= 32      0               0.0     0.0        0
DAYS MIN <= 0       0               0.0     0.0        0

PRECIPITATION (INCHES)
RECORD
 MAXIMUM         9.94   2003
 MINIMUM           MM   MM
TOTALS           8.61              3.64    4.97     4.22
DAYS >= .01        10               8.8     1.2        8
DAYS >= .10         6               5.5     0.5        6
DAYS >= .50         4               2.6     1.4        3
DAYS >= 1.00        3               1.0     2.0        2

SNOWFALL (INCHES)
RECORDS
 TOTAL             MM   5
 SNOW DEPTH        MM   MM
TOTALS            0.0               0.0     0.0      0.0
 LIQUID EQUIV    0.00              0.00    0.00     0.00
SINCE 7/1         0.0               1.7    -1.7      3.5
 LIQUID 7/1      0.00              0.20   -0.20     0.35
SNOWDEPTH AVG.      0                MM      MM        0
DAYS >= TRACE       0               0.0     0.0        0
DAYS >= 1.0         0               0.0     0.0        0
GREATEST
 SNOW DEPTH         0   MM                             0  MM
 STORM TOTAL       MM
 (MM/DD(HH))            MM

DEGREE_DAYS
HEATING TOTAL      56               191    -135      178
 SINCE 7/1       1785              2534    -749     2280
.................................................................

WIND (MPH)
AVERAGE WIND SPEED              10.9
HIGHEST WIND SPEED/DIRECTION    40/170    DATE  04/26
HIGHEST GUST SPEED/DIRECTION    53/180    DATE  04/26

SKY COVER
POSSIBLE SUNSHINE (PERCENT)   MM
AVERAGE SKY COVER           0.30
NUMBER OF DAYS FAIR           19
NUMBER OF DAYS PC              8
NUMBER OF DAYS CLOUDY          3

AVERAGE RH (PERCENT)     73

WEATHER CONDITIONS. NUMBER OF DAYS WITH
  0
  6
  0
  0
  0
  0
  2
HAZE                      6

-  INDICATES NEGATIVE NUMBERS.
R  INDICATES RECORD WAS SET OR TIED.
MM INDICATES DATA IS MISSING.
T  INDICATES TRACE AMOUNT.

$$
