993
CXUS52 KMHX 030621
CLMHSE


CLIMATE REPORT
NATIONAL WEATHER SERVICE NEWPORT/MOREHEAD CITY NC
221 AM EDT SAT AUG 3 2019

...................................

...THE CAPE HATTERAS NC CLIMATE SUMMARY FOR THE MONTH OF JULY 2019...

CLIMATE NORMAL PERIOD 1981 TO 2010
CLIMATE RECORD PERIOD 1874 TO 2019

WEATHER         OBSERVED          NORMAL  DEPART  LAST YEAR`S
                 VALUE   DATE(S)  VALUE   FROM    VALUE  DATE(S)
                                          NORMAL
................................................................
TEMPERATURE (F)
RECORD
 HIGH              96   07/10/1992
 LOW               54   07/09/1972
HIGHEST            92   07/31                         92
                        07/16
LOWEST             63   07/02                         68
AVG. MAXIMUM     87.9              84.6     3.3     86.0
AVG. MINIMUM     75.7              73.6     2.1     74.2
MEAN             81.8              79.1     2.7     80.1
DAYS MAX >= 90     10               1.3     8.7        7
DAYS MAX <= 32      0               0.0     0.0        0
DAYS MIN <= 32      0               0.0     0.0        0
DAYS MIN <= 0       0               0.0     0.0        0

PRECIPITATION (INCHES)
RECORD
 MAXIMUM        20.31   2018
 MINIMUM           MM   MM
TOTALS           2.42              4.99   -2.57    20.31
DAYS >= .01         8              11.6    -3.6       17
DAYS >= .10         4               7.9    -3.9       14
DAYS >= .50         1               3.1    -2.1       10
DAYS >= 1.00        1               1.4    -0.4        6

DEGREE_DAYS
COOLING TOTAL     531               437      94      476
 SINCE 1/1       1300               888     412     1208
.................................................................

WIND (MPH)
AVERAGE WIND SPEED              8.6
HIGHEST WIND SPEED/DIRECTION    32/310    DATE  07/08
HIGHEST GUST SPEED/DIRECTION    48/310    DATE  07/08

SKY COVER
POSSIBLE SUNSHINE (PERCENT)   MM
AVERAGE SKY COVER           0.10
NUMBER OF DAYS FAIR           29
NUMBER OF DAYS PC              1
NUMBER OF DAYS CLOUDY          1

AVERAGE RH (PERCENT)     79

WEATHER CONDITIONS. NUMBER OF DAYS WITH
  0
  4
  0
  0
  0
  0
  0
HAZE                      5

-  INDICATES NEGATIVE NUMBERS.
R  INDICATES RECORD WAS SET OR TIED.
MM INDICATES DATA IS MISSING.
T  INDICATES TRACE AMOUNT.

$$
