000
CXUS53 KGID 011511
CLMHSI

CLIMATE REPORT
NATIONAL WEATHER SERVICE HASTINGS NE
959 AM CDT WED MAY 1 2019

...................................

...THE HASTINGS NE CLIMATE SUMMARY FOR THE MONTH OF APRIL 2019...

CLIMATE NORMAL PERIOD 1981 TO 2010
CLIMATE RECORD PERIOD 1894 TO 2019

WEATHER         OBSERVED          NORMAL  DEPART  LAST YEAR`S
                 VALUE   DATE(S)  VALUE   FROM    VALUE  DATE(S)
                                          NORMAL
................................................................
TEMPERATURE (F)
RECORD
 HIGH              96   04/23/1989
 LOW                5   04/03/1936
HIGHEST            86   04/20        85       1       83  04/30
LOWEST             24   04/13        23       1       11  04/07
AVG. MAXIMUM     65.5              62.9     2.6     55.6
AVG. MINIMUM     39.6              38.6     1.0     30.6
MEAN             52.5              50.7     1.8     43.1
DAYS MAX >= 90      0               0.0     0.0        0
DAYS MAX <= 32      0               0.3    -0.3        3
DAYS MIN <= 32      7               6.7     0.3       17
DAYS MIN <= 0       0               0.0     0.0        0

PRECIPITATION (INCHES)
RECORD
 MAXIMUM         9.26   1896
 MINIMUM         0.03   1989
TOTALS           1.21              2.56   -1.35     1.26
DAILY AVG.       0.04              0.09   -0.05     0.04
DAYS >= .01        10                MM      MM        9
DAYS >= .10         3                MM      MM        7
DAYS >= .50         0                MM      MM        0
DAYS >= 1.00        0                MM      MM        0
GREATEST
 24 HR. TOTAL    0.48   04/17 TO 04/17

SNOWFALL (INCHES)
RECORDS
 TOTAL           13.0   1944
TOTALS            0.5               1.2    -0.7      6.9
SINCE 7/1        29.2              28.8     0.4     27.1
SNOWDEPTH AVG.      0                MM      MM        0
DAYS >= 1.0         0                MM      MM        2
GREATEST
 SNOW DEPTH         T   04/11                          3  04/02

DEGREE_DAYS
HEATING TOTAL     374               432     -58      656
 SINCE 7/1       6195              5839     356     6141
COOLING TOTAL       7                 5       2        7
 SINCE 1/1          7                 5       2        7
.................................................................

WIND (MPH)
AVERAGE WIND SPEED              12.7
HIGHEST WIND SPEED/DIRECTION    41/330    DATE  04/27
HIGHEST GUST SPEED/DIRECTION    56/340    DATE  04/27

SKY COVER
POSSIBLE SUNSHINE (PERCENT)   MM
AVERAGE SKY COVER           0.30
NUMBER OF DAYS FAIR           17
NUMBER OF DAYS PC             10
NUMBER OF DAYS CLOUDY          2

AVERAGE RH (PERCENT)     63

WEATHER CONDITIONS. NUMBER OF DAYS WITH
THUNDERSTORM              6     MIXED PRECIP               0
HEAVY RAIN                2     RAIN                       3
LIGHT RAIN               11     FREEZING RAIN              0
LT FREEZING RAIN          0     HAIL                       0
HEAVY SNOW                0     SNOW                       0
LIGHT SNOW                2     SLEET                      0
FOG                       8     FOG W/VIS <= 1/4 MILE      0
HAZE                      2


-  INDICATES NEGATIVE NUMBERS.
R  INDICATES RECORD WAS SET OR TIED.
MM INDICATES DATA IS MISSING.
T  INDICATES TRACE AMOUNT.

$$
