000
CXUS54 KHUN 012143
CLMHSV


CLIMATE REPORT
NATIONAL WEATHER SERVICE HUNTSVILLE AL
443 PM CDT THU AUG 01 2019

...................................

...THE HUNTSVILLE CLIMATE SUMMARY FOR THE MONTH OF JULY 2019...

CLIMATE NORMAL PERIOD 1981 TO 2010
CLIMATE RECORD PERIOD 1894 TO 2019

WEATHER         OBSERVED          NORMAL  DEPART   LAST YEAR`S
                VALUE   DATE(S)   VALUE   FROM     VALUE
                                          NORMAL
..............................................................
TEMPERATURE (F)
RECORD
 HIGH            111   07/29/1930
 LOW              49   07/22/1944
HIGHEST           98   07/09         MM      MM       96
LOWEST            59   07/24         MM      MM       64
AVG. MAXIMUM    90.5               90.7    -0.2     91.0
AVG. MINIMUM    71.0               70.4     0.6     71.5
MEAN            80.7               80.6     0.1     81.3
DAYS MAX >= 90    16               17.8    -1.8       18
DAYS MAX <= 32     0                0.0     0.0        0
DAYS MIN <= 32     0                0.0     0.0        0
DAYS MIN <= 0      0                0.0     0.0        0

PRECIPITATION (INCHES)
RECORD
 MAXIMUM       14.81   1967
 MINIMUM        0.60
TOTALS          3.87               4.05   -0.18     2.42
DAILY AVG.      0.12               0.13   -0.01    -0.08
DAYS >= .01       13               10.5     2.5        8
DAYS >= .10        9                6.9     2.1        4
DAYS >= .50        3                2.9     0.1        1
DAYS >= 1.00       0                1.0    -1.0        1
GREATEST
 24 HR. TOTAL   1.17   07/14 TO 07/15               1.11

SNOWFALL (INCHES)
RECORDS
 TOTAL             T   2002
 24 HR TOTAL     0.0   MM
TOTALS            MM                0.0      MM      0.0
SINCE 7/1         MM                0.0      MM       MM
DAYS >= TRACE     MM                0.0      MM        0
DAYS >= 1.0       MM                0.0      MM        0
GREATEST
 SNOW DEPTH       MM                                   0
 24 HR TOTAL      MM

DEGREE DAYS
HEATING TOTAL      0                  0       0        0
 SINCE 7/1         0                  0       0       MM
COOLING TOTAL    498                482      16      510
 SINCE 1/1      1321               1125     196       MM

FREEZE DATES
RECORD
 EARLIEST     10/09/2000
 LATEST       05/02/1909
EARLIEST                        11/10
LATEST                          03/16
..............................................................

WIND (MPH)
AVERAGE WIND SPEED              5.2
HIGHEST WIND SPEED/DIRECTION    33/230    DATE  07/14
HIGHEST GUST SPEED/DIRECTION    47/230    DATE  07/14

SKY COVER
POSSIBLE SUNSHINE (PERCENT)   MM


WEATHER CONDITIONS. NUMBER OF DAYS WITH
THUNDERSTORM             15     MIXED PRECIP               0
HEAVY RAIN                6     RAIN                       7
LIGHT RAIN               16     FREEZING RAIN              0
LT FREEZING RAIN          0     HAIL                       0
HEAVY SNOW                0     SNOW                       0
LIGHT SNOW                0     SLEET                      0
FOG                      17     FOG W/VIS <= 1/4 MILE      0

-  INDICATES NEGATIVE NUMBERS.
R  INDICATES RECORD WAS SET OR TIED.
MM INDICATES DATA IS MISSING.
T  INDICATES TRACE AMOUNT.

$$
