535
CXUS54 KHUN 011926
CLMHSV


CLIMATE REPORT
NATIONAL WEATHER SERVICE HUNTSVILLE AL
226 PM CDT WED MAY 01 2019

...................................

...THE HUNTSVILLE CLIMATE SUMMARY FOR THE MONTH OF APRIL 2019...

CLIMATE NORMAL PERIOD 1981 TO 2010
CLIMATE RECORD PERIOD 1894 TO 2019

WEATHER         OBSERVED          NORMAL  DEPART   LAST YEAR`S
                VALUE   DATE(S)   VALUE   FROM     VALUE
                                          NORMAL
..............................................................
TEMPERATURE (F)
RECORD
 HIGH             95   04/22/1925
 LOW              24   04/01/1923
HIGHEST           87   04/29         MM      MM       83
                       04/30
LOWEST            33   04/01         MM      MM       30
AVG. MAXIMUM    75.8               73.6     2.2     69.7
AVG. MINIMUM    51.5               50.0     1.5     46.0
MEAN            63.7               61.8     1.9     57.9
DAYS MAX >= 90     0                0.4    -0.4        0
DAYS MAX <= 32     0                0.0     0.0        0
DAYS MIN <= 32     0                0.6    -0.6        0
DAYS MIN <= 0      0                0.0     0.0        0

PRECIPITATION (INCHES)
RECORD
 MAXIMUM       14.00   1911
 MINIMUM        0.25
TOTALS          6.50               4.32    2.18     9.03
DAILY AVG.      0.26               0.14    0.12     0.30
DAYS >= .01       13               10.1     2.9       13
DAYS >= .10       11                6.7     4.3       11
DAYS >= .50        3                3.1    -0.1        3
DAYS >= 1.00       2                1.3     0.7        2
GREATEST
 24 HR. TOTAL   2.83   04/08 TO 04/09               3.77

SNOWFALL (INCHES)
RECORDS
 TOTAL             T   2014
 24 HR TOTAL       T   04/15/2014 TO 04/15/2014
                       04/13/2004 TO 04/13/2004
                       04/13/2004 TO 04/02/1993
TOTALS           0.0                0.0    0.00      0.0
SINCE 7/1        0.0                2.4   -2.40       MM
DAYS >= TRACE     MM                0.0      MM     9999
DAYS >= 1.0       MM                0.0      MM     9999
GREATEST
 SNOW DEPTH       MM                                   0
 24 HR TOTAL     0.0

DEGREE DAYS
HEATING TOTAL    101                154     -53      221
 SINCE 7/1      2602               2974    -372     2901
COOLING TOTAL     70                 58      12       13
 SINCE 1/1         8                 72     -64       52

FREEZE DATES
RECORD
 EARLIEST     10/09/2000
 LATEST       05/02/1909
EARLIEST                        11/10
LATEST                          03/16
..............................................................

WIND (MPH)
AVERAGE WIND SPEED              7.1
HIGHEST WIND SPEED/DIRECTION    40/260    DATE  04/18
HIGHEST GUST SPEED/DIRECTION    52/260    DATE  04/18

SKY COVER
POSSIBLE SUNSHINE (PERCENT)   MM


WEATHER CONDITIONS. NUMBER OF DAYS WITH
THUNDERSTORM              7     MIXED PRECIP               0
HEAVY RAIN                5     RAIN                       7
LIGHT RAIN               18     FREEZING RAIN              0
LT FREEZING RAIN          0     HAIL                       0
HEAVY SNOW                0     SNOW                       0
LIGHT SNOW                0     SLEET                      0
FOG                      12     FOG W/VIS <= 1/4 MILE      0

-  INDICATES NEGATIVE NUMBERS.
R  INDICATES RECORD WAS SET OR TIED.
MM INDICATES DATA IS MISSING.
T  INDICATES TRACE AMOUNT.

$$
