000
CXUS53 KAPX 010656
CLMHTL


CLIMATE REPORT
NATIONAL WEATHER SERVICE GAYLORD MI
256 AM EDT TUE MAY 1 2018

...................................

...THE HOUGHTON LAKE MI CLIMATE SUMMARY FOR THE MONTH OF APRIL 2018...

CLIMATE NORMAL PERIOD 1981 TO 2010
CLIMATE RECORD PERIOD 1913 TO 2018

WEATHER         OBSERVED          NORMAL  DEPART  LAST YEAR`S
                 VALUE   DATE(S)  VALUE   FROM    VALUE  DATE(S)
                                          NORMAL
................................................................
TEMPERATURE (F)
RECORD
 HIGH              89   04/23/1925
 LOW              -15   04/01/1923
HIGHEST            71   04/30        MM      MM       76  04/26
LOWEST              3   04/08        MM      MM       25  04/08
                                                          04/01
AVG. MAXIMUM     44.1              54.1   -10.0     58.2
AVG. MINIMUM     24.0              31.0    -7.0     36.7
MEAN             34.1              42.6    -8.5     47.4
DAYS MAX >= 90      0               0.0     0.0        0
DAYS MAX <= 32      6               0.9     5.1        0
DAYS MIN <= 32     29              17.3    11.7        8
DAYS MIN <= 0       0               0.0     0.0        0

PRECIPITATION (INCHES)
RECORD
 MAXIMUM           MM   MM
 MINIMUM           MM   MM
TOTALS           3.50              2.48    1.02     5.22
DAILY AVG.       0.12              0.08    0.04     0.17
DAYS >= .01        12              11.6     0.4       13
DAYS >= .10         8               6.1     1.9        9
DAYS >= .50         3               1.4     1.6        6
DAYS >= 1.00        1               0.3     0.7        0
GREATEST
 24 HR. TOTAL    1.15   04/13 TO 04/13
 STORM TOTAL       MM
 (MM/DD(HH))            MM

SNOWFALL (INCHES)
RECORDS
 TOTAL             MM   MM
 24 HR TOTAL       MM
 SNOW DEPTH        MM   MM
TOTALS           14.1               3.7    10.4        T
SINCE 7/1        55.8              66.5   -10.7     76.1
SNOWDEPTH AVG.      2                MM      MM        0
DAYS >= TRACE      14               3.3    10.7        1
DAYS >= 1.0         6               1.3     4.7        0
GREATEST
 SNOW DEPTH         7   04/18                         -1  04/06
                        04/17
 24 HR TOTAL      3.3   04/03 TO 04/03                 T

DEGREE_DAYS
HEATING TOTAL     919               676     243      522
 SINCE 7/1       7587              7661     -74     6469
COOLING TOTAL       0                 2      -2        1
 SINCE 1/1          0                 2      -2        1
.................................................................

WIND (MPH)
AVERAGE WIND SPEED              8.9
HIGHEST WIND SPEED/DIRECTION    33/070    DATE  04/15
HIGHEST GUST SPEED/DIRECTION    46/060    DATE  04/15

SKY COVER
POSSIBLE SUNSHINE (PERCENT)   MM
AVERAGE SKY COVER           0.50
NUMBER OF DAYS FAIR           13
NUMBER OF DAYS PC              7
NUMBER OF DAYS CLOUDY         10

AVERAGE RH (PERCENT)     66

WEATHER CONDITIONS. NUMBER OF DAYS WITH
  0
  3
  2
  0
  4
  0
  3
HAZE                      7

-  INDICATES NEGATIVE NUMBERS.
R  INDICATES RECORD WAS SET OR TIED.
MM INDICATES DATA IS MISSING.
T  INDICATES TRACE AMOUNT.

$$
