000
CXUS53 KAPX 010823
CLMHTL


CLIMATE REPORT
NATIONAL WEATHER SERVICE GAYLORD MI
422 AM EDT THU AUG 1 2019

...................................

...THE HOUGHTON LAKE MI CLIMATE SUMMARY FOR THE MONTH OF JULY 2019...

CLIMATE NORMAL PERIOD 1981 TO 2010
CLIMATE RECORD PERIOD 1913 TO 2019

WEATHER         OBSERVED          NORMAL  DEPART  LAST YEAR`S
                 VALUE   DATE(S)  VALUE   FROM    VALUE  DATE(S)
                                          NORMAL
................................................................
TEMPERATURE (F)
RECORD
 HIGH             107   07/13/1936
                        07/08/1936
 LOW               26   07/11/1919
HIGHEST            90   07/19        MM      MM       MM  MM
LOWEST             44   07/31        MM      MM       MM  MM
AVG. MAXIMUM     81.5              79.7     1.8       MM
AVG. MINIMUM     57.7              54.5     3.2       MM
MEAN             69.6              67.1     2.5       MM
DAYS MAX >= 90      1               1.4    -0.4       MM
DAYS MAX <= 32      0               0.0     0.0       MM
DAYS MIN <= 32      0               0.0     0.0       MM
DAYS MIN <= 0       0               0.0     0.0       MM

PRECIPITATION (INCHES)
RECORD
 MAXIMUM           MM   MM
 MINIMUM           MM   MM
TOTALS           3.28              2.76    0.52       MM
DAILY AVG.       0.11              0.09    0.02       MM
DAYS >= .01         8               9.6    -1.6       MM
DAYS >= .10         7               5.4     1.6       MM
DAYS >= .50         3               1.7     1.3       MM
DAYS >= 1.00        0               0.6    -0.6       MM
GREATEST
 24 HR. TOTAL    0.91   07/04 TO 07/04
 STORM TOTAL       MM
 (MM/DD(HH))            MM

SNOWFALL (INCHES)
RECORDS
 TOTAL             MM   MM
 24 HR TOTAL       MM
 SNOW DEPTH        MM   MM
TOTALS            0.0               0.0     0.0       MM
SINCE 7/1         0.0               0.0     0.0       MM
SNOWDEPTH AVG.      0                MM      MM       MM
DAYS >= TRACE       0               0.0     0.0       MM
DAYS >= 1.0         0               0.0     0.0       MM
GREATEST
 SNOW DEPTH         0   MM                            MM  MM
 24 HR TOTAL      0.0   07/31 TO 07/31                MM

DEGREE_DAYS
HEATING TOTAL      18                47     -29       MM
 SINCE 7/1         18                47     -29       MM
COOLING TOTAL     169               112      57       MM
 SINCE 1/1        204               187      17       MM
.................................................................

WIND (MPH)
AVERAGE WIND SPEED              6.3
HIGHEST WIND SPEED/DIRECTION    28/320    DATE  07/27
HIGHEST GUST SPEED/DIRECTION    37/310    DATE  07/27

SKY COVER
POSSIBLE SUNSHINE (PERCENT)   MM
AVERAGE SKY COVER           0.20
NUMBER OF DAYS FAIR           25
NUMBER OF DAYS PC              5
NUMBER OF DAYS CLOUDY          1

AVERAGE RH (PERCENT)     70

WEATHER CONDITIONS. NUMBER OF DAYS WITH
  0
  6
  0
  0
  0
  0
  2
HAZE                      3

-  INDICATES NEGATIVE NUMBERS.
R  INDICATES RECORD WAS SET OR TIED.
MM INDICATES DATA IS MISSING.
T  INDICATES TRACE AMOUNT.

$$
