396
CXUS53 KAPX 010725
CLMHTL


CLIMATE REPORT
NATIONAL WEATHER SERVICE GAYLORD MI
325 AM EDT WED MAY 1 2019

...................................

...THE HOUGHTON LAKE MI CLIMATE SUMMARY FOR THE MONTH OF APRIL 2019...

CLIMATE NORMAL PERIOD 1981 TO 2010
CLIMATE RECORD PERIOD 1913 TO 2019

WEATHER         OBSERVED          NORMAL  DEPART  LAST YEAR`S
                 VALUE   DATE(S)  VALUE   FROM    VALUE  DATE(S)
                                          NORMAL
................................................................
TEMPERATURE (F)
RECORD
 HIGH              89   04/23/1925
 LOW              -15   04/01/1923
HIGHEST            77   04/22        MM      MM       71  04/30
LOWEST             12   04/01        MM      MM        3  04/08
AVG. MAXIMUM     51.9              54.1    -2.2     44.1
AVG. MINIMUM     32.4              31.0     1.4     24.0
MEAN             42.2              42.6    -0.4     34.1
DAYS MAX >= 90      0               0.0     0.0        0
DAYS MAX <= 32      1               0.9     0.1        6
DAYS MIN <= 32     16              17.3    -1.3       29
DAYS MIN <= 0       0               0.0     0.0        0

PRECIPITATION (INCHES)
RECORD
 MAXIMUM           MM   MM
 MINIMUM           MM   MM
TOTALS           3.20              2.48    0.72     3.50
DAILY AVG.       0.11              0.08    0.03     0.12
DAYS >= .01        14              11.6     2.4       12
DAYS >= .10         7               6.1     0.9        8
DAYS >= .50         3               1.4     1.6        3
DAYS >= 1.00        0               0.3    -0.3        1
GREATEST
 24 HR. TOTAL    0.73   04/14 TO 04/14
 STORM TOTAL       MM
 (MM/DD(HH))            MM

SNOWFALL (INCHES)
RECORDS
 TOTAL             MM   MM
 24 HR TOTAL       MM
 SNOW DEPTH        MM   MM
TOTALS            9.9               3.7     6.2     14.1
SINCE 7/1        76.7              66.5    10.2     55.8
SNOWDEPTH AVG.      0                MM      MM        2
DAYS >= TRACE       8               3.3     4.7       14
DAYS >= 1.0         2               1.3     0.7        6
GREATEST
 SNOW DEPTH         8   04/15                          7  04/18
                                                          04/17
 24 HR TOTAL      7.9   04/14 TO 04/14               3.3

DEGREE_DAYS
HEATING TOTAL     680               676       4      919
 SINCE 7/1       7768              7661     107     7587
COOLING TOTAL       0                 2      -2        0
 SINCE 1/1          0                 2      -2        0
.................................................................

WIND (MPH)
AVERAGE WIND SPEED              9.4
HIGHEST WIND SPEED/DIRECTION    33/310    DATE  04/26
HIGHEST GUST SPEED/DIRECTION    49/320    DATE  04/26

SKY COVER
POSSIBLE SUNSHINE (PERCENT)   MM
AVERAGE SKY COVER           0.60
NUMBER OF DAYS FAIR            7
NUMBER OF DAYS PC              9
NUMBER OF DAYS CLOUDY         14

AVERAGE RH (PERCENT)     64

WEATHER CONDITIONS. NUMBER OF DAYS WITH
  0
  5
  1
  0
  1
  0
  2
HAZE                      1

-  INDICATES NEGATIVE NUMBERS.
R  INDICATES RECORD WAS SET OR TIED.
MM INDICATES DATA IS MISSING.
T  INDICATES TRACE AMOUNT.

$$
