000
CXUS51 KRLX 070401
CLMHTS


CLIMATE REPORT
NATIONAL WEATHER SERVICE CHARLESTON WV
1200 AM EDT TUE MAY 7 2019

...................................

...THE HUNTINGTON WV CLIMATE SUMMARY FOR THE MONTH OF APRIL 2019...

CLIMATE NORMAL PERIOD 1981 TO 2010
CLIMATE RECORD PERIOD 1897 TO 2019

WEATHER         OBSERVED          NORMAL  DEPART  LAST YEAR`S
                 VALUE   DATE(S)  VALUE   FROM    VALUE
                                          NORMAL
.............................................................
TEMPERATURE (F)
RECORD
 HIGH              92   04/21/1985
                        04/26/1957
                        04/30/1942
 LOW               15   04/05/1898
HIGHEST            86   04/18                         86
                        04/11
LOWEST             24   04/01                         23
AVG. MAXIMUM     71.6              67.9     3.7     62.7
AVG. MINIMUM     46.8              44.5     2.3     40.5
MEAN             59.2              56.2     3.0     51.6
DAYS MAX >= 90      0               0.2    -0.2        0
DAYS MAX <= 32      0               0.0     0.0        0
DAYS MIN <= 32      2               2.7    -0.7        4
DAYS MIN <= 0       0               0.0     0.0        0

PRECIPITATION (INCHES)
RECORD
 MAXIMUM         9.98   2011
 MINIMUM         0.74   1976
TOTALS           2.86              3.44   -0.58     2.98
DAILY AVG.       0.10              0.11   -0.01     0.10
DAYS >= .01        12              12.8    -0.8       12
DAYS >= .10         7               8.1    -1.1       10
DAYS >= .50         2               2.0     0.0        2
DAYS >= 1.00        0               0.5    -0.5        0
GREATEST
 24 HR. TOTAL    0.78   04/26 TO 04/26

SNOWFALL (INCHES)
RECORDS
 TOTAL           14.4   1987
 24 HR TOTAL      6.8   04/03/1987 TO 04/03/1987
 SNOW DEPTH        14   04/05/1987
TOTALS            0.0               0.9    -0.9      1.2
SINCE 7/1         7.3              23.6   -16.3     12.5
SNOWDEPTH AVG.      0
DAYS >= TRACE       0               0.7    -0.7        3
DAYS >= 1.0         0               0.2    -0.2        1
GREATEST
 24 HR TOTAL      0.0   04/30 TO 04/30

DEGREE_DAYS
HEATING TOTAL     193               291     -98      417
 SINCE 7/1       4113              4388    -275     4365
COOLING TOTAL      25                27      -2       21
 SINCE 1/1         25                32      -7       28
..............................................................

WIND (MPH)
AVERAGE WIND SPEED              5.9
HIGHEST WIND SPEED/DIRECTION    29/240    DATE  04/14
HIGHEST GUST SPEED/DIRECTION    42/240    DATE  04/15

SKY COVER
POSSIBLE SUNSHINE (PERCENT)   MM
AVERAGE SKY COVER           0.40
NUMBER OF DAYS FAIR           15
NUMBER OF DAYS PC              9
NUMBER OF DAYS CLOUDY          6

AVERAGE RH (PERCENT)     61

WEATHER CONDITIONS. NUMBER OF DAYS WITH
  0
  5
  0
  0
  0
  0
  1
HAZE                      2

-  INDICATES NEGATIVE NUMBERS.
R  INDICATES RECORD WAS SET OR TIED.
MM INDICATES DATA IS MISSING.
T  INDICATES TRACE AMOUNT.

$$
