000
CXUS51 KRLX 020832
CLMHTS


CLIMATE REPORT
NATIONAL WEATHER SERVICE CHARLESTON WV
430 AM EDT FRI AUG 2 2019

...................................

...THE HUNTINGTON WV CLIMATE SUMMARY FOR THE MONTH OF JULY 2019...

CLIMATE NORMAL PERIOD 1981 TO 2010
CLIMATE RECORD PERIOD 1897 TO 2019

WEATHER         OBSERVED          NORMAL  DEPART  LAST YEAR`S
                 VALUE   DATE(S)  VALUE   FROM    VALUE
                                          NORMAL
.............................................................
TEMPERATURE (F)
RECORD
 HIGH             108   07/28/1930
 LOW               46   07/05/1968
HIGHEST            94   07/20                         95
LOWEST             55   07/24                         59
AVG. MAXIMUM     87.7              86.0     1.7     86.4
AVG. MINIMUM     67.5              65.4     2.1     66.1
MEAN             77.6              75.7     1.9     76.2
DAYS MAX >= 90     13               7.9     5.1        7
DAYS MAX <= 32      0               0.0     0.0        0
DAYS MIN <= 32      0               0.0     0.0        0
DAYS MIN <= 0       0               0.0     0.0        0

PRECIPITATION (INCHES)
RECORD
 MAXIMUM         9.90   1961
 MINIMUM         0.07   2013
TOTALS           4.10              4.55   -0.45     6.52
DAILY AVG.       0.13              0.15   -0.02     0.21
DAYS >= .01        10              11.1    -1.1       14
DAYS >= .10         6               7.5    -1.5       10
DAYS >= .50         3               2.9     0.1        4
DAYS >= 1.00        2               1.3     0.7        3
GREATEST
 24 HR. TOTAL    1.41   07/22 TO 07/22

SNOWFALL (INCHES)
RECORDS
 TOTAL             MM   MM
 24 HR TOTAL       MM
 SNOW DEPTH        MM   MM
TOTALS            0.0               0.0     0.0      0.0
SINCE 7/1         0.0               0.0     0.0      0.0
SNOWDEPTH AVG.      0
DAYS >= TRACE       0               0.0     0.0        0
DAYS >= 1.0         0               0.0     0.0        0
GREATEST
 24 HR TOTAL      0.0   07/31 TO 07/31

DEGREE_DAYS
HEATING TOTAL       0                 0       0        0
 SINCE 7/1          0                 0       0        0
COOLING TOTAL     398               332      66      353
 SINCE 1/1        811               670     141      933
..............................................................

WIND (MPH)
AVERAGE WIND SPEED              3.8
HIGHEST WIND SPEED/DIRECTION    20/190    DATE  07/30
HIGHEST GUST SPEED/DIRECTION    26/030    DATE  07/22

SKY COVER
POSSIBLE SUNSHINE (PERCENT)   MM
AVERAGE SKY COVER           0.30
NUMBER OF DAYS FAIR           21
NUMBER OF DAYS PC              9
NUMBER OF DAYS CLOUDY          1

AVERAGE RH (PERCENT)     77

-  INDICATES NEGATIVE NUMBERS.
R  INDICATES RECORD WAS SET OR TIED.
MM INDICATES DATA IS MISSING.
T  INDICATES TRACE AMOUNT.

$$
