000
CXUS53 KIND 011514
CLMHUF


CLIMATE REPORT
NATIONAL WEATHER SERVICE INDIANAPOLIS IN
1114 AM EDT MON JUL 1 2019

...................................

...THE TERRE HAUTE IN CLIMATE SUMMARY FOR THE MONTH OF JUNE 2019...

CLIMATE NORMAL PERIOD 1981 TO 2010
CLIMATE RECORD PERIOD 9999 TO 9999

WEATHER         OBSERVED          NORMAL  DEPART  LAST YEAR`S
                 VALUE   DATE(S)  VALUE   FROM    VALUE  DATE(S)
                                          NORMAL
................................................................
TEMPERATURE (F)
HIGHEST            93   06/30                         94  06/17
LOWEST             46   06/14                         53  06/04
AVG. MAXIMUM     81.8              83.1    -1.3     85.8
AVG. MINIMUM     61.9              61.7     0.2     65.6
MEAN             71.9              72.4    -0.5     75.7
DAYS MAX >= 90      4               3.8     0.2        9
DAYS MAX <= 32      0               0.0     0.0        0
DAYS MIN <= 32      0               0.0     0.0        0
DAYS MIN <= 0       0               0.0     0.0        0

PRECIPITATION (INCHES)
TOTALS           7.89              4.44    3.45     5.13
DAILY AVG.       0.26              0.15    0.11     0.17
DAYS >= .01        14                MM      MM       10
DAYS >= .10        11                MM      MM        7
DAYS >= .50         4                MM      MM        5
DAYS >= 1.00        4                MM      MM        1
GREATEST
 24 HR. TOTAL    2.28   06/15 TO 06/15

DEGREE_DAYS
HEATING TOTAL       8                13      -5        0
 SINCE 7/1       5284              5368     -84     5323
COOLING TOTAL     221               235     -14      327
 SINCE 1/1        349               321      28      569
.................................................................

WIND (MPH)
AVERAGE WIND SPEED              6.8
HIGHEST WIND SPEED/DIRECTION    38/320    DATE  06/05
HIGHEST GUST SPEED/DIRECTION    60/320    DATE  06/05

SKY COVER
POSSIBLE SUNSHINE (PERCENT)   MM
AVERAGE SKY COVER           0.30
NUMBER OF DAYS FAIR           16
NUMBER OF DAYS PC             12
NUMBER OF DAYS CLOUDY          2

AVERAGE RH (PERCENT)     74

WEATHER CONDITIONS. NUMBER OF DAYS WITH
THUNDERSTORM             10     MIXED PRECIP                0
HEAVY RAIN                8     RAIN                        8
LIGHT RAIN               17     FREEZING RAIN               0
LT FREEZING RAIN          0     HAIL                        0
HEAVY SNOW                0     SNOW                        0
LIGHT SNOW                0     SLEET                       0
FOG                      12     FOG W/VIS <= 1/4 MILE       3
HAZE                      4

-  INDICATES NEGATIVE NUMBERS.
R  INDICATES RECORD WAS SET OR TIED.
MM INDICATES DATA IS MISSING.
T  INDICATES TRACE AMOUNT.

$$
