278
CXUS51 KCAR 030048
CLMHUL


CLIMATE REPORT
NATIONAL WEATHER SERVICE CARIBOU, ME
846 PM EDT FRI AUG 2 2019

...................................

...THE HOULTON ME CLIMATE SUMMARY FOR THE MONTH OF JULY 2019...

CLIMATE NORMAL PERIOD 1981 TO 2010
CLIMATE RECORD PERIOD 1948 TO 2019

WEATHER         OBSERVED          NORMAL  DEPART  LAST YEAR`S
                 VALUE   DATE(S)  VALUE   FROM    VALUE  DATE(S)
                                          NORMAL
................................................................
TEMPERATURE (F)
RECORD
 HIGH              97   07/20/1991
                        07/10/1955
                        07/23/1952
 LOW               32   07/07/1969
HIGHEST            92   07/30        MM      MM       94  07/05
LOWEST             44   07/25        MM      MM       41  07/19
AVG. MAXIMUM     81.2              77.6     3.6     81.4
AVG. MINIMUM     54.7              53.8     0.9     56.4
MEAN             68.0              65.7     2.3     68.9
DAYS MAX >= 90      3               0.8     2.2        3
DAYS MAX <= 32      0               0.0     0.0        0
DAYS MIN <= 32      0               0.0     0.0        0
DAYS MIN <= 0       0               0.0     0.0        0

PRECIPITATION (INCHES)
RECORD
 MAXIMUM           MM   MM
 MINIMUM           MM   MM
TOTALS           1.83                     -1.83
DAILY AVG.       0.06              0.12   -0.06     0.10
DAYS >= .01         8              13.2    -5.2       11
DAYS >= .10         5               8.0    -3.0        7
DAYS >= .50         0               2.4    -2.4        3
DAYS >= 1.00        0               0.7    -0.7        1
GREATEST
 24 HR. TOTAL    0.90   06/30 TO 07/01           07/26 TO 07/26
                                                          07/26 TO 07/26EATHER         OBSERVED          NORMAL  DEPART  LAST YEAR`S
                                                          07/26 TO 07/26EATHER         OBSERVED          NORMAL  DEPART  LAST YEAR`S

SNOWFALL (INCHES)
RECORDS
 TOTAL             MM   MM
TOTALS             MM               0.0      MM       MM
SINCE 7/1          MM               0.0      MM       MM
SNOWDEPTH AVG.     MM                MM      MM        0
DAYS >= 1.0         0               0.0     0.0        0
GREATEST
 SNOW DEPTH        MM                                  0  MM
 24 HR TOTAL       MM                                 MM

DEGREE_DAYS
HEATING TOTAL      26                60     -34
.................................................................

WIND (MPH)
AVERAGE WIND SPEED              5.1
HIGHEST WIND SPEED/DIRECTION    23/270    DATE  07/17
HIGHEST GUST SPEED/DIRECTION    34/220    DATE  07/19

SKY COVER
POSSIBLE SUNSHINE (PERCENT)   MM
AVERAGE SKY COVER           0.30
NUMBER OF DAYS FAIR           21
NUMBER OF DAYS PC              9
NUMBER OF DAYS CLOUDY          1

AVERAGE RH (PERCENT)     71

WEATHER CONDITIONS. NUMBER OF DAYS WITH
  0
  4
  0
  0
  0
  0
  6
HAZE                      1

-  INDICATES NEGATIVE NUMBERS.
R  INDICATES RECORD WAS SET OR TIED.
MM INDICATES DATA IS MISSING.
T  INDICATES TRACE AMOUNT.

$$
