000
CXUS51 KLWX 011545 CCA
CLMIAD

CLIMATE REPORT...AMENDED
NATIONAL WEATHER SERVICE BALTIMORE MD/WASHINGTON DC
1145 AM EDT WED MAY 1 2019

...................................

...THE WASHINGTON DULLES DC CLIMATE SUMMARY FOR THE MONTH OF APRIL 2019...

CLIMATE NORMAL PERIOD 1981 TO 2010
CLIMATE RECORD PERIOD 1960 TO 2019

WEATHER         OBSERVED          NORMAL  DEPART  LAST YEAR`S
                 VALUE   DATE(S)  VALUE   FROM    VALUE
                                          NORMAL
.............................................................
TEMPERATURE (F)
RECORD
 HIGH              93   04/06/2010
                        04/17/2002
 LOW               17   04/01/1969
HIGHEST            83   04/30        85      -2
                        04/23
LOWEST             27   04/03        25       2
                        04/01
AVG. MAXIMUM     70.4              66.7     3.7     62.8
AVG. MINIMUM     47.5              42.1     5.4     40.4
MEAN             59.0              54.4     4.6
DAYS MAX >= 90      0               0.3    -0.3
DAYS MAX <= 32      0               0.0     0.0
DAYS MIN <= 32      3               3.9    -0.9
DAYS MIN <= 0       0               0.0     0.0

PRECIPITATION (INCHES)
RECORD
 MAXIMUM         7.41   2014
 MINIMUM         0.33   1985
TOTALS           2.82              3.47   -0.65     3.55
DAILY AVG.       0.09              0.12   -0.03
DAYS >= .01        13              10.7     2.3
DAYS >= .10         6               6.8    -0.8
DAYS >= .50         1               2.0    -1.0
DAYS >= 1.00        1               0.8     0.2
GREATEST
 24 HR. TOTAL    1.26   04/19 TO 04/19

SNOWFALL (INCHES)
RECORDS
 TOTAL            4.0   1990
TOTALS            0.0               0.3    -0.3
SINCE 7/1        26.5              22.0     4.5
SNOWDEPTH AVG.      0
DAYS >= TRACE       0               0.3    -0.3
DAYS >= 1.0         0               0.1    -0.1
GREATEST
 SNOW DEPTH         0   MM
 24 HR TOTAL      0.0

DEGREE_DAYS
HEATING TOTAL     198               335    -137      410
 SINCE 7/1       4387              4572    -185     4540
COOLING TOTAL      22                17       5       15
 SINCE 1/1         22                20       2       20
..............................................................

WIND (MPH)
AVERAGE WIND SPEED              8.1
HIGHEST WIND SPEED/DIRECTION    36/300    DATE  04/27
HIGHEST GUST SPEED/DIRECTION    52/250    DATE  04/26

SKY COVER
POSSIBLE SUNSHINE (PERCENT)   MM
AVERAGE SKY COVER           0.70
NUMBER OF DAYS FAIR            1
NUMBER OF DAYS PC             15
NUMBER OF DAYS CLOUDY         14

AVERAGE RH (PERCENT)     62

WEATHER CONDITIONS. NUMBER OF DAYS WITH
THUNDERSTORM              M     MIXED PRECIP               0
HEAVY RAIN                M     RAIN                       6
LIGHT RAIN                M     FREEZING RAIN              0
LT FREEZING RAIN          M     HAIL                       0
HEAVY SNOW                M     SNOW                       0
LIGHT SNOW                M     SLEET                      0
FOG                       M     FOG W/VIS <= 1/4 MILE      0
HAZE                      2

-  INDICATES NEGATIVE NUMBERS.
R  INDICATES RECORD WAS SET OR TIED.
MM INDICATES DATA IS MISSING.
T  INDICATES TRACE AMOUNT.

&&

WASHINGTON DULLES INTERNATIONAL AIRPORT...

THE AVERAGE TEMPERATURE IN APRIL 2019 WAS WELL ABOVE NORMAL. IN
FACT, APRIL 2019 RANKED AS THE FOURTH WARMEST ON RECORD, BEHIND
APRIL 2017 (61.0 DEGREES), APRIL 1994 (60.1 DEGREES) AND APRIL 2010
(59.2 DEGREES). IT WAS THE WARMEST APRIL SINCE 2017.

MONTHLY PRECIPITATION WAS 81 PERCENT OF NORMAL. IT WAS THE DRIEST
APRIL SINCE 2016, WHEN 1.88 INCHES OF PRECIPITATION FELL.

MONTHLY SNOWFALL WAS SLIGHTLY BELOW NORMAL. IT WAS THE LEAST SNOWY
APRIL SINCE 2013, WHEN NO SNOW FELL.

A RECORD WARM LOW TEMPERATURE WAS SET ON APRIL 8TH WHEN THE
TEMPERATURE ONLY FELL TO 60 DEGREES. THIS BROKE THE OLD RECORD OF 56
SET IN 2010.

A RECORD WARM LOW TEMPERATURE WAS SET ON APRIL 13TH WHEN THE
TEMPERATURE ONLY FELL TO 61 DEGREES. THIS BROKE THE OLD RECORD OF 58
SET IN 2018.

A RECORD WARM LOW TEMPERATURE WAS SET ON APRIL 19TH WHEN THE
TEMPERATURE ONLY FELL TO 64 DEGREES. THIS BROKE THE OLD RECORD OF 61
SET IN 2004.

A RECORD HIGH DAILY PRECIPITATION TOTAL WAS ALSO SET ON APRIL 19TH
WHEN THE TOTAL AMOUNTED TO 1.26 INCHES. THIS BROKE THE OLD RECORD OF
1.20 INCHES SET IN 2013.

WEATHER RECORDS FOR THE DULLES VA AREA HAVE BEEN RECORDED AT WHAT IS
NOW WASHINGTON DULLES INTERNATIONAL AIRPORT SINCE 1960. THE OFFICIAL
RECORD CONSISTS SOLELY OF DATA RECORDED AT THE AIRPORT. TEMPERATURE
AND PRECIPITATION RECORDS BEGAN IN 1960. SNOWFALL RECORDS BEGAN IN
1962.

ALL CLIMATE DATA ARE CONSIDERED PRELIMINARY UNTIL REVIEWED BY THE
NATIONAL CENTERS FOR ENVIRONMENTAL INFORMATION (NCEI).

$$

RCM
