000
CXUS51 KLWX 020638
CLMIAD

CLIMATE REPORT
NATIONAL WEATHER SERVICE BALTIMORE MD/WASHINGTON DC
238 AM EDT FRI AUG 2 2019

...................................

...THE WASHINGTON DULLES DC CLIMATE SUMMARY FOR THE MONTH OF JULY 2019...

CLIMATE NORMAL PERIOD 1981 TO 2010
CLIMATE RECORD PERIOD 1960 TO 2019

WEATHER         OBSERVED          NORMAL  DEPART  LAST YEAR`S
                 VALUE   DATE(S)  VALUE   FROM    VALUE
                                          NORMAL
.............................................................
TEMPERATURE (F)
RECORD
 HIGH             105   07/22/2011
 LOW               41   07/01/1988
HIGHEST           100   07/21        96       4
LOWEST             58   07/01        52       6
AVG. MAXIMUM     90.9              87.9     3.0     86.6
AVG. MINIMUM     67.4              65.5     1.9     66.5
MEAN             79.2              76.7     2.5
DAYS MAX >= 90     21              11.6     9.4
DAYS MAX <= 32      0               0.0     0.0
DAYS MIN <= 32      0               0.0     0.0
DAYS MIN <= 0       0               0.0     0.0

PRECIPITATION (INCHES)
RECORD
 MAXIMUM        11.21   2018
 MINIMUM         0.94   1983
TOTALS           2.73              3.67   -0.94    11.21
DAILY AVG.       0.09              0.12   -0.03
DAYS >= .01         8              10.8    -2.8
DAYS >= .10         6               6.5    -0.5
DAYS >= .50         2               2.4    -0.4
DAYS >= 1.00        1               1.0     0.0
GREATEST
 24 HR. TOTAL    1.05   07/08 TO 07/08

DEGREE_DAYS
HEATING TOTAL       0                 0       0        0
 SINCE 7/1          0                 0       0        0
COOLING TOTAL     444               363      81      367
 SINCE 1/1        879               692     187      800
..............................................................

WIND (MPH)
AVERAGE WIND SPEED              5.2
HIGHEST WIND SPEED/DIRECTION    37/190    DATE  07/17
HIGHEST GUST SPEED/DIRECTION    53/190    DATE  07/17

SKY COVER
POSSIBLE SUNSHINE (PERCENT)   MM
AVERAGE SKY COVER           0.50
NUMBER OF DAYS FAIR            9
NUMBER OF DAYS PC             18
NUMBER OF DAYS CLOUDY          4

AVERAGE RH (PERCENT)     67

WEATHER CONDITIONS. NUMBER OF DAYS WITH
THUNDERSTORM              M     MIXED PRECIP               0
HEAVY RAIN                M     RAIN                       4
LIGHT RAIN                M     FREEZING RAIN              0
LT FREEZING RAIN          M     HAIL                       0
HEAVY SNOW                M     SNOW                       0
LIGHT SNOW                M     SLEET                      0
FOG                       M     FOG W/VIS <= 1/4 MILE      0
HAZE                      5

-  INDICATES NEGATIVE NUMBERS.
R  INDICATES RECORD WAS SET OR TIED.
MM INDICATES DATA IS MISSING.
T  INDICATES TRACE AMOUNT.

&&

WASHINGTON DULLES INTERNATIONAL AIRPORT...

THE AVERAGE TEMPERATURE IN JULY 2019 WAS ABOVE NORMAL. IT WAS THE
WARMEST JULY SINCE 2016, WHEN THE AVERAGE TEMPERATURE WAS 79.5
DEGREES.

MONTHLY PRECIPITATION WAS ONLY 74 PERCENT OF NORMAL. IT WAS THE
DRIEST JULY SINCE 2014, WHEN ONLY 2.09 INCHES OF PRECIPITATION FELL.

A RECORD WARM DAILY LOW TEMPERATURE WAS TIED ON JULY 18TH WHEN THE
TEMPERATURE FAILED TO DROP BELOW 74 DEGREES. THIS MATCHED THE RECORD
PREVIOUSLY SET IN 2005.

WEATHER RECORDS FOR THE DULLES VA AREA HAVE BEEN RECORDED AT WHAT IS
NOW WASHINGTON DULLES INTERNATIONAL AIRPORT SINCE 1960. THE OFFICIAL
RECORD CONSISTS SOLELY OF DATA RECORDED AT THE AIRPORT. TEMPERATURE
AND PRECIPITATION RECORDS BEGAN IN 1960. SNOWFALL RECORDS BEGAN IN
1962.

ALL CLIMATE DATA ARE CONSIDERED PRELIMINARY UNTIL REVIEWED BY THE
NATIONAL CENTERS FOR ENVIRONMENTAL INFORMATION (NCEI).

$$

RCM
