000
CXUS54 KHGX 011812
CLMIAH

SATCLMIAH 000
TTAA00 KHGX 011810


CLIMATE REPORT
NATIONAL WEATHER SERVICE HOUSTON/GALVESTON TX
1059 AM CDT WED MAY 1 2019

...................................

...THE HOUSTON INTERCONTINENTAL CLIMATE SUMMARY FOR THE MONTH OF APRIL 2019...

CLIMATE NORMAL PERIOD 1981 TO 2010
CLIMATE RECORD PERIOD 1892 TO 2019

WEATHER         OBSERVED          NORMAL  DEPART  LAST YEAR`S
                 VALUE   DATE(S)  VALUE   FROM    VALUE  DATE(S)
                                          NORMAL
................................................................
TEMPERATURE (F)
RECORD
 HIGH              95   04/28/1987
 LOW               31   04/03/1987
                        04/10/1973
HIGHEST            91   04/10        79      12       86  04/25
LOWEST             37   04/02        58     -21       43  04/16
AVG. MAXIMUM     80.1              79.6     0.5     77.9
AVG. MINIMUM     59.2              59.4    -0.2     55.9
MEAN             69.7              69.5     0.2     66.9
DAYS MAX >= 90      2               0.7     1.3        0
DAYS MAX <= 32      0               0.0     0.0        0
DAYS MIN <= 32      0               0.0     0.0        0
DAYS MIN <= 0       0               0.0     0.0        0

PRECIPITATION (INCHES)
RECORD
 MAXIMUM        14.39   2016
 MINIMUM         0.11   2011
TOTALS           3.36              3.31    0.05     1.90
DAILY AVG.       0.11              0.11    0.00     0.06
DAYS >= .01        13               6.8     6.2        6
DAYS >= .10         5               3.9     1.1        3
DAYS >= .50         2               1.9     0.1        1
DAYS >= 1.00        1               1.1    -0.1        1

SNOWFALL (INCHES)
RECORDS
 TOTAL            0.0
TOTALS            0.0               0.0     0.0      0.0
SINCE 7/1           T               0.1    -0.1      0.8
SNOWDEPTH AVG.      0                                  0
DAYS >= 1.0         0               0.0     0.0        0
GREATEST
 SNOW DEPTH         0                                  0
 24 HR TOTAL      0.0   04/30 TO 04/30

DEGREE_DAYS
HEATING TOTAL      39                37       2       46
 SINCE 7/1       1290              1366     -76     1230
COOLING TOTAL     186               172      14      113
 SINCE 1/1        304               281      23      345
.................................................................

WIND (MPH)
AVERAGE WIND SPEED              9.6
RESULTANT WIND SPEED/DIRECTION   4/147
HIGHEST WIND SPEED/DIRECTION    35/330    DATE  04/18
HIGHEST GUST SPEED/DIRECTION    48/310    DATE  04/18

SKY COVER
AVERAGE SKY COVER           0.60

AVERAGE RH (PERCENT)     75

WEATHER CONDITIONS. NUMBER OF DAYS WITH
THUNDERSTORMS            6          MIXED PRECIP           0
HEAVY RAIN               4          RAIN                   6
LIGHT RAIN              15          FREEZING RAIN          0
LT FREEZING RAIN         0          HAIL                   0
HEAVY SNOW               0          SNOW                   0
LIGHT SNOW               0          SLEET                  0
FOG                     14          FOG W/VIS <= 1/4 MILE  2
HAZE                     4

-  INDICATES NEGATIVE NUMBERS.
R  INDICATES RECORD WAS SET OR TIED.
MM INDICATES DATA IS MISSING.
T  INDICATES TRACE AMOUNT.

$$
