000
CXUS54 KHGX 012044
CLMIAH

CLIMATE REPORT
NATIONAL WEATHER SERVICE HOUSTON/GALVESTON TX
344 PM CDT THU AUG 1 2019

...................................

...THE HOUSTON INTERCONTINENTAL CLIMATE SUMMARY FOR THE MONTH OF JULY 2019...

CLIMATE NORMAL PERIOD 1981 TO 2010
CLIMATE RECORD PERIOD 1892 TO 2019

WEATHER         OBSERVED          NORMAL  DEPART  LAST YEAR`S
                 VALUE   DATE(S)  VALUE   FROM    VALUE  DATE(S)
                                          NORMAL
................................................................
TEMPERATURE (F)
RECORD
 HIGH             105   07/26/1954
 LOW               62   07/14/1990
                        07/07/1972
HIGHEST            97   07/30        94       3      101  07/23
                        07/29
                        07/10
LOWEST             66   07/25        73      -7       72  07/05
                                                          07/04
AVG. MAXIMUM     94.1              93.7     0.4     95.3
AVG. MINIMUM     75.6              75.1     0.5     76.3
MEAN             84.9              84.4     0.5     85.8
DAYS MAX >= 90     30              26.4     3.6       27
DAYS MAX <= 32      0               0.0     0.0        0
DAYS MIN <= 32      0               0.0     0.0        0
DAYS MIN <= 0       0               0.0     0.0        0

PRECIPITATION (INCHES)
RECORD
 MAXIMUM        14.80   1900
 MINIMUM         0.24   1944
TOTALS           2.79              3.79   -1.00     6.04
DAILY AVG.       0.09              0.12   -0.03     0.19
DAYS >= .01         9               9.1    -0.1        6
DAYS >= .10         6               5.6     0.4        3
DAYS >= .50         1               2.2    -1.2        2
DAYS >= 1.00        1               1.2    -0.2        2

DEGREE_DAYS
COOLING TOTAL     625               601      24      653
 SINCE 1/1       1898              1773     125     2073
.................................................................

WIND (MPH)
AVERAGE WIND SPEED              7.0
RESULTANT WIND SPEED/DIRECTION   2/152
HIGHEST WIND SPEED/DIRECTION    36/150    DATE  07/30
HIGHEST GUST SPEED/DIRECTION    41/080    DATE  07/30

SKY COVER
AVERAGE SKY COVER           0.50

AVERAGE RH (PERCENT)     70


WEATHER CONDITIONS. NUMBER OF DAYS WITH

THUNDERSTORMS           12          MIXED PRECIP           0
HEAVY RAIN               5          RAIN                   3
LIGHT RAIN              13          FREEZING RAIN          0
LT FREEZING RAIN         0          HAIL                   0
HEAVY SNOW               0          SNOW                   0
LIGHT SNOW               0          SLEET                  0
FOG                      5          FOG W/VIS <= 1/4 MILE  0
HAZE                     2

-  INDICATES NEGATIVE NUMBERS.
R  INDICATES RECORD WAS SET OR TIED.
MM INDICATES DATA IS MISSING.
T  INDICATES TRACE AMOUNT.

$$
