000
CXUS53 KUNR 011610
CLMICR


CLIMATE REPORT
NATIONAL WEATHER SERVICE RAPID CITY SD
1009 AM MDT WED MAY 1 2019

...................................

...THE WINNER REGIONAL AIRPORT SD CLIMATE SUMMARY FOR THE MONTH OF APRIL 2019...

CLIMATE NORMAL PERIOD 1981 TO 2010
CLIMATE RECORD PERIOD 9999 TO 9999

WEATHER         OBSERVED          NORMAL  DEPART  LAST YEAR`S
                 VALUE   DATE(S)  VALUE   FROM    VALUE  DATE(S)
                                          NORMAL
................................................................
TEMPERATURE (F)
HIGHEST            91   04/20                         84  04/29
LOWEST             23   04/12                          7  04/15
AVG. MAXIMUM     59.2              59.6    -0.4     52.6
AVG. MINIMUM     36.6              35.9     0.7     28.5
MEAN             47.9              47.7     0.2     40.5
DAYS MAX >= 90      1                                  0
DAYS MAX <= 32      1                                  4
DAYS MIN <= 32      8                                 18
DAYS MIN <= 0       0                                  0

PRECIPITATION (INCHES)
TOTALS           0.73              2.49   -1.76     0.70
DAILY AVG.       0.03              0.08   -0.05     0.02
DAYS >= .01        11                                  9
DAYS >= .10         3                                  2
DAYS >= .50         0                                  0
DAYS >= 1.00        0                                  0
GREATEST
 24 HR. TOTAL    0.19   04/30 TO 04/30              0.37

DEGREE_DAYS
HEATING TOTAL     515               519      -4      732
 SINCE 7/1       6984              6404     580     6518
COOLING TOTAL       8                 2       6        3
 SINCE 1/1          8                 2       6        3
.................................................................

WIND (MPH)
AVERAGE WIND SPEED              13.3
HIGHEST WIND SPEED/DIRECTION    37/360    DATE  04/11
HIGHEST GUST SPEED/DIRECTION    48/040    DATE  04/22

AVERAGE RH (PERCENT)     63

WEATHER CONDITIONS. NUMBER OF DAYS WITH
THUNDERSTORM              1     MIXED PRECIP               0
HEAVY RAIN                0     RAIN                       2
LIGHT RAIN               16     FREEZING RAIN              1
LT FREEZING RAIN          1     HAIL                       0
HEAVY SNOW                1     SNOW                       4
LIGHT SNOW                6     SLEET                      0
FOG                      13     FOG W/VIS <= 1/4 MILE      6
HAZE                      3

-  INDICATES NEGATIVE NUMBERS.
R  INDICATES RECORD WAS SET OR TIED.
MM INDICATES DATA IS MISSING.
T  INDICATES TRACE AMOUNT.

$$
