000
CXUS53 KUNR 011609
CLMICR


CLIMATE REPORT
NATIONAL WEATHER SERVICE RAPID CITY SD
1008 AM MDT MON JUL 1 2019

...................................

...THE WINNER REGIONAL AIRPORT SD CLIMATE SUMMARY FOR THE MONTH OF JUNE 2019...

CLIMATE NORMAL PERIOD 1981 TO 2010
CLIMATE RECORD PERIOD 9999 TO 9999

WEATHER         OBSERVED          NORMAL  DEPART  LAST YEAR`S
                 VALUE   DATE(S)  VALUE   FROM    VALUE  DATE(S)
                                          NORMAL
................................................................
TEMPERATURE (F)
HIGHEST           105   06/29                         96  06/05
LOWEST             43   06/23                         51  06/13
                                                          06/03
AVG. MAXIMUM     81.7              80.1     1.6     82.1
AVG. MINIMUM     56.6              56.0     0.6     61.5
MEAN             69.1              68.1     1.0     71.8
DAYS MAX >= 90      4                                  5
DAYS MAX <= 32      0                                  0
DAYS MIN <= 32      0                                  0
DAYS MIN <= 0       0                                  0

PRECIPITATION (INCHES)
TOTALS           2.35              3.65   -1.30     5.73
DAILY AVG.       0.08              0.12   -0.04     0.19
DAYS >= .01        12                                 13
DAYS >= .10         3                                  8
DAYS >= .50         2                                  7
DAYS >= 1.00        1                                  1
GREATEST
 24 HR. TOTAL    1.36   06/30 TO 06/30              1.07

DEGREE_DAYS
HEATING TOTAL      38                54     -16        2
 SINCE 7/1       7361              6699     662     6625
COOLING TOTAL     168               145      23      214
 SINCE 1/1        189               175      14      350
.................................................................

WIND (MPH)
AVERAGE WIND SPEED              9.6
HIGHEST WIND SPEED/DIRECTION    41/310    DATE  06/30
HIGHEST GUST SPEED/DIRECTION    57/310    DATE  06/30

AVERAGE RH (PERCENT)     62

WEATHER CONDITIONS. NUMBER OF DAYS WITH
THUNDERSTORM              6     MIXED PRECIP               0
HEAVY RAIN                2     RAIN                       3
LIGHT RAIN               18     FREEZING RAIN              0
LT FREEZING RAIN          0     HAIL                       0
HEAVY SNOW                0     SNOW                       0
LIGHT SNOW                0     SLEET                      0
FOG                       8     FOG W/VIS <= 1/4 MILE      2
HAZE                      5

-  INDICATES NEGATIVE NUMBERS.
R  INDICATES RECORD WAS SET OR TIED.
MM INDICATES DATA IS MISSING.
T  INDICATES TRACE AMOUNT.

$$
