000
CXUS53 KUNR 011602
CLMIEN


CLIMATE REPORT
NATIONAL WEATHER SERVICE RAPID CITY SD
1002 AM MDT THU AUG 1 2019

...................................

...THE PINE RIDGE SD CLIMATE SUMMARY FOR THE MONTH OF JULY 2019...

CLIMATE NORMAL PERIOD 1981 TO 2010
CLIMATE RECORD PERIOD 9999 TO 9999

WEATHER         OBSERVED          NORMAL  DEPART  LAST YEAR`S
                 VALUE   DATE(S)  VALUE   FROM    VALUE  DATE(S)
                                          NORMAL
................................................................
TEMPERATURE (F)
HIGHEST            98   07/24                        101  07/08
                        07/18
LOWEST             46   07/22                         49  07/30
AVG. MAXIMUM     88.3              89.1    -0.8     88.1
AVG. MINIMUM     59.0              58.3     0.7     60.1
MEAN             73.6              73.7    -0.1     74.2
DAYS MAX >= 90     14                                 14
DAYS MAX <= 32      0                                  0
DAYS MIN <= 32      0                                  0
DAYS MIN <= 0       0                                  0

PRECIPITATION (INCHES)
TOTALS           0.53              2.27   -1.74     3.19
DAILY AVG.       0.02              0.07   -0.05     0.11
DAYS >= .01         5                                  8
DAYS >= .10         1                                  4
DAYS >= .50         0                                  1
DAYS >= 1.00        0                                  1
GREATEST
 24 HR. TOTAL    0.39   07/03 TO 07/03              1.89

DEGREE_DAYS
HEATING TOTAL       2                12     -10        4
 SINCE 7/1          2                12     -10        4
COOLING TOTAL     279               281      -2      289
 SINCE 1/1        372               408     -36      529
.................................................................

WIND (MPH)
AVERAGE WIND SPEED              8.2
HIGHEST WIND SPEED/DIRECTION    37/180    DATE  07/27
HIGHEST GUST SPEED/DIRECTION    62/200    DATE  07/27

AVERAGE RH (PERCENT)     64

WEATHER CONDITIONS. NUMBER OF DAYS WITH
THUNDERSTORM             16     MIXED PRECIP               0
HEAVY RAIN                2     RAIN                       4
LIGHT RAIN               16     FREEZING RAIN              0
LT FREEZING RAIN          0     HAIL                       0
HEAVY SNOW                0     SNOW                       0
LIGHT SNOW                0     SLEET                      0
FOG                      11     FOG W/VIS <= 1/4 MILE      2
HAZE                      3

-  INDICATES NEGATIVE NUMBERS.
R  INDICATES RECORD WAS SET OR TIED.
MM INDICATES DATA IS MISSING.
T  INDICATES TRACE AMOUNT.

$$
