000
CXUS55 KVEF 011248
CLMIGM

CLIMATE REPORT
NATIONAL WEATHER SERVICE LAS VEGAS, NV
532 AM PDT WED MAY 1 2019

...................................

...THE KINGMAN AZ CLIMATE SUMMARY FOR THE MONTH OF APRIL 2019...

CLIMATE NORMAL PERIOD 1981 TO 2010
CLIMATE RECORD PERIOD 1901 TO 2019

WEATHER         OBSERVED          NORMAL  DEPART  LAST YEAR`S
                 VALUE   DATE(S)  VALUE   FROM    VALUE  DATE(S)
                                          NORMAL
................................................................
TEMPERATURE (F)
RECORD
 HIGH              97   04/19/1938
 LOW               20   04/26/1904
HIGHEST            90   04/26        MM      MM       94  04/26
                        04/25
LOWEST             33   04/11        MM      MM       36  04/14
AVG. MAXIMUM     76.5              73.6     2.9     80.5
AVG. MINIMUM     45.6              43.9     1.7     48.4
MEAN             61.0              58.7     2.3     64.4
DAYS MAX >= 90      2               0.6     1.4        4
DAYS MAX <= 32      0               0.0     0.0        0
DAYS MIN <= 32      0               1.7    -1.7        0
DAYS MIN <= 0       0               0.0     0.0        0

PRECIPITATION (INCHES)
RECORD
 MAXIMUM         4.04   1965
 MINIMUM         0.00   2017
                        2008
                        1992
TOTALS           0.43              0.41    0.02        T
DAILY AVG.       0.02              0.01    0.01        T
DAYS >= .01         2                MM      MM        0
DAYS >= .10         1                MM      MM        0
DAYS >= .50         0                MM      MM        0
DAYS >= 1.00        0                MM      MM        0
GREATEST
 24 HR. TOTAL    0.42   04/16 TO 04/16

DEGREE_DAYS
HEATING TOTAL     149               215     -66       89
 SINCE 7/1       3012              3046     -34     2243
COOLING TOTAL      35                28       7       78
 SINCE 1/1         35                31       4       79

FREEZE DATES
RECORD
 EARLIEST     10/22/1996
 LATEST       05/21/1975
EARLIEST                        11/14
LATEST                          04/04
.................................................................

WIND (MPH)
AVERAGE WIND SPEED              10.8
HIGHEST WIND SPEED/DIRECTION    38/190    DATE  04/20
HIGHEST GUST SPEED/DIRECTION    47/190    DATE  04/20

SKY COVER
POSSIBLE SUNSHINE (PERCENT)   MM
AVERAGE SKY COVER           0.10
NUMBER OF DAYS FAIR           25
NUMBER OF DAYS PC              4
NUMBER OF DAYS CLOUDY          0

AVERAGE RH (PERCENT)     39

WEATHER CONDITIONS. NUMBER OF DAYS WITH
THUNDERSTORM              2     MIXED PRECIP               0
HEAVY RAIN                1     RAIN                       1
LIGHT RAIN                6     FREEZING RAIN              0
LT FREEZING RAIN          0     HAIL                       0
HEAVY SNOW                0     SNOW                       0
LIGHT SNOW                0     SLEET                      0
FOG                       1     FOG W/VIS <= 1/4 MILE      0
HAZE                      1

-  INDICATES NEGATIVE NUMBERS.
R  INDICATES RECORD WAS SET OR TIED.
MM INDICATES DATA IS MISSING.
T  INDICATES TRACE AMOUNT.

$$
