000
CXUS51 KPHI 011932
CLMILG


CLIMATE REPORT
NATIONAL WEATHER SERVICE MOUNT HOLLY NJ
319 PM EDT TUE MAY 1 2018

...................................

...THE WILMINGTON CLIMATE SUMMARY FOR THE MONTH OF APRIL 2018...

CLIMATE NORMAL PERIOD 1981 TO 2010
CLIMATE RECORD PERIOD 1894 TO 2018

WEATHER         OBSERVED          NORMAL  DEPART  LAST YEAR`S
                 VALUE   DATE(S)  VALUE   FROM    VALUE  DATE(S)
                                          NORMAL
................................................................
TEMPERATURE (F)
RECORD
 HIGH              97   04/18/1896
                        04/17/1896
 LOW               11   04/01/1923
HIGHEST            84                82       2       87
LOWEST             30                29       1       33
AVG. MAXIMUM     60.4              63.5    -3.1     68.6
AVG. MINIMUM     40.3              43.0    -2.7     49.0
MEAN             50.3              53.3    -3.0     58.8
DAYS MAX >= 90      0               0.2    -0.2        0
DAYS MAX <= 32      0               0.0     0.0        0
DAYS MIN <= 32      4               1.9     2.1        0
DAYS MIN <= 0       0               0.0     0.0        0

PRECIPITATION (INCHES)
RECORD
 MAXIMUM         8.55   2007
 MINIMUM         0.35   1985
TOTALS           2.59              3.50   -0.91     2.32
DAILY AVG.       0.09              0.12   -0.03     0.08
DAYS >= .01        10              11.3    -1.3       12
DAYS >= .10         7               6.4     0.6        5
DAYS >= .50         1               2.4    -1.4        1
DAYS >= 1.00        1               0.8     0.2        0
GREATEST
 24 HR. TOTAL    1.19   04/16 TO 04/16              1.75

SNOWFALL (INCHES)
RECORDS
 TOTAL              T   2016
                        2009
                        5
 24 HR TOTAL       MM
TOTALS              TR              0.3    -0.3      0.0
SINCE 7/1        28.0              20.2     7.8      9.0
SNOWDEPTH AVG.      0                MM      MM        0
DAYS >= 1.0         0               0.2    -0.2        0
GREATEST
 SNOW DEPTH         0   MM                             0  MM
 24 HR TOTAL        T   04/02 TO 04/02               0.0

DEGREE_DAYS
HEATING TOTAL     440               363      77      210
 SINCE 7/1       4588              4669     -81     3929
COOLING TOTAL       8                11      -3       30
 SINCE 1/1          8                12      -4       30
.................................................................

WIND (MPH)
AVERAGE WIND SPEED              10.8
HIGHEST WIND SPEED/DIRECTION    40/280    DATE  04/04
HIGHEST GUST SPEED/DIRECTION    51/290    DATE  04/04

SKY COVER
POSSIBLE SUNSHINE (PERCENT)   MM
AVERAGE SKY COVER           0.50
NUMBER OF DAYS FAIR            9
NUMBER OF DAYS PC             12
NUMBER OF DAYS CLOUDY          7

AVERAGE RH (PERCENT)     62

WEATHER CONDITIONS. NUMBER OF DAYS WITH
THUNDERSTORM              2     MIXED PRECIP               1
HEAVY RAIN                2     RAIN                       6
LIGHT RAIN               16     FREEZING RAIN              0
LT FREEZING RAIN          0     HEAVY SNOW                 0
SNOW                      0     LIGHT SNOW                 1
SLEET                     1     FOG                       13
FOG W/VIS <= 1/4 MILE     4     HAZE                       2

-  INDICATES NEGATIVE NUMBERS.
R  INDICATES RECORD WAS SET OR TIED.
MM INDICATES DATA IS MISSING.
T  INDICATES TRACE AMOUNT.

$$
