000
CXUS51 KPHI 021513
CLMILG


CLIMATE REPORT
NATIONAL WEATHER SERVICE MOUNT HOLLY NJ
1109 AM EDT THU MAY 2 2019

...................................

...THE WILMINGTON CLIMATE SUMMARY FOR THE MONTH OF APRIL 2019...

CLIMATE NORMAL PERIOD 1981 TO 2010
CLIMATE RECORD PERIOD 1894 TO 2019

WEATHER         OBSERVED          NORMAL  DEPART  LAST YEAR`S
                 VALUE   DATE(S)  VALUE   FROM    VALUE  DATE(S)
                                          NORMAL
................................................................
TEMPERATURE (F)
RECORD
 HIGH              97   04/18/1896
                        04/17/1896
 LOW               11   04/01/1923
HIGHEST            83                82       1       84
LOWEST             29                29       0       30
AVG. MAXIMUM     68.7              63.5     5.2     60.4
AVG. MINIMUM     47.4              43.0     4.4     40.3
MEAN             58.0              53.3     4.7     50.3
DAYS MAX >= 90      0               0.2    -0.2        0
DAYS MAX <= 32      0               0.0     0.0        0
DAYS MIN <= 32      2               1.9     0.1        4
DAYS MIN <= 0       0               0.0     0.0        0

PRECIPITATION (INCHES)
RECORD
 MAXIMUM         8.55   2007
 MINIMUM         0.35   1985
TOTALS           2.73              3.50   -0.77     2.59
DAILY AVG.       0.09              0.12   -0.03     0.09
DAYS >= .01        13              11.3     1.7       10
DAYS >= .10         6               6.4    -0.4        7
DAYS >= .50         1               2.4    -1.4        1
DAYS >= 1.00        1               0.8     0.2        1
GREATEST
 24 HR. TOTAL    1.00   04/26 TO 04/26              1.19

SNOWFALL (INCHES)
RECORDS
 TOTAL              T   2018
                        2016
                        2009
 24 HR TOTAL       MM
TOTALS            0.0               0.3    -0.3        T
SINCE 7/1        20.5              20.2     0.3     28.0
SNOWDEPTH AVG.      0                MM      MM        0
DAYS >= 1.0         0               0.2    -0.2        0
GREATEST
 SNOW DEPTH         0   MM                             0  MM
 24 HR TOTAL      0.0   04/30 TO 04/30                 T

DEGREE_DAYS
HEATING TOTAL     214               363    -149      440
 SINCE 7/1       4452              4669    -217     4588
COOLING TOTAL      13                11       2        8
 SINCE 1/1         13                12       1        8
.................................................................

WIND (MPH)
AVERAGE WIND SPEED              10.0
HIGHEST WIND SPEED/DIRECTION    39/290    DATE  04/15
HIGHEST GUST SPEED/DIRECTION    52/290    DATE  04/15

SKY COVER
POSSIBLE SUNSHINE (PERCENT)   MM
AVERAGE SKY COVER           0.50
NUMBER OF DAYS FAIR            9
NUMBER OF DAYS PC             16
NUMBER OF DAYS CLOUDY          5

AVERAGE RH (PERCENT)     63

WEATHER CONDITIONS. NUMBER OF DAYS WITH
THUNDERSTORM              2     MIXED PRECIP               0
HEAVY RAIN                4     RAIN                       5
LIGHT RAIN               18     FREEZING RAIN              0
LT FREEZING RAIN          0     HEAVY SNOW                 0
SNOW                      0     LIGHT SNOW                 0
SLEET                     0     FOG                       14
FOG W/VIS <= 1/4 MILE     1     HAZE                       4

-  INDICATES NEGATIVE NUMBERS.
R  INDICATES RECORD WAS SET OR TIED.
MM INDICATES DATA IS MISSING.
T  INDICATES TRACE AMOUNT.

$$
