000
CXUS52 KILM 020134
CLMILM


CLIMATE REPORT
NATIONAL WEATHER SERVICE WILMINGTON NC
930 PM EDT WED MAY 1 2019

...................................

...THE WILMINGTON NORTH CAROLINA CLIMATE SUMMARY FOR THE MONTH OF APRIL 2019...

CLIMATE NORMAL PERIOD 1981 TO 2010
CLIMATE RECORD PERIOD 1871 TO 2019

WEATHER         OBSERVED          NORMAL  DEPART  LAST YEAR`S
                 VALUE   DATE(S)  VALUE   FROM    VALUE  DATE(S)
                                          NORMAL
................................................................
TEMPERATURE (F)
RECORD
 HIGH              95   04/07/1967
 LOW               28   04/19/1875
HIGHEST            88   04/25        MM      MM       85  04/19
                        04/24
LOWEST             36   04/03        MM      MM       37  04/08
AVG. MAXIMUM     74.9              74.2     0.7     72.0
AVG. MINIMUM     55.7              51.6     4.1     48.9
MEAN             65.3              62.9     2.4     60.5
DAYS MAX >= 90      0               0.6    -0.6        0
DAYS MAX <= 32      0               0.0     0.0        0
DAYS MIN <= 32      0               0.3    -0.3        0
DAYS MIN <= 0       0               0.0     0.0        0

PRECIPITATION (INCHES)
RECORD
 MAXIMUM         8.21   1961
 MINIMUM         0.16   1995
TOTALS           3.83              2.82    1.01     5.37
DAILY AVG.       0.13              0.09    0.04
DAYS >= .01         9               8.5     0.5
DAYS >= .10         6               4.8     1.2
DAYS >= .50         3               1.5     1.5
DAYS >= 1.00        2               0.8     1.2
GREATEST
 24 HR. TOTAL    1.14   04/19 TO 04/19

SNOWFALL (INCHES)
RECORDS
 TOTAL              T   1989
 24 HR TOTAL        T   04/11/1989 TO 04/11/1989
TOTALS            0.0               0.0     0.0      0.0
SINCE 7/1           T               1.7    -1.7      3.8
DAYS >= TRACE       0               0.0     0.0        0
DAYS >= 1.0         0               0.0     0.0        0
GREATEST
 SNOW DEPTH         0   MM

DEGREE_DAYS
HEATING TOTAL      88               130     -42      166
 SINCE 7/1       2103              2382    -279
COOLING TOTAL     107                67      40       39
 SINCE 1/1        131                88      43

FREEZE DATES
RECORD
 EARLIEST     10/16/1876
 LATEST       04/21/1983
EARLIEST                        11/18
LATEST                          03/20
.................................................................

WIND (MPH)
AVERAGE WIND SPEED              9.7
RESULTANT WIND SPEED/DIRECTION   4/203
HIGHEST WIND SPEED/DIRECTION    40/290    DATE  04/26
HIGHEST GUST SPEED/DIRECTION    54/280    DATE  04/26

SKY COVER
POSSIBLE SUNSHINE (PERCENT)   MM
AVERAGE SKY COVER           0.30
NUMBER OF DAYS FAIR           19
NUMBER OF DAYS PC              6
NUMBER OF DAYS CLOUDY          5

AVERAGE RH (PERCENT)     67

WEATHER CONDITIONS. NUMBER OF DAYS WITH
THUNDERSTORM              3     MIXED PRECIP               0
HEAVY RAIN                6     RAIN                       5
LIGHT RAIN                9     FREEZING RAIN              0
LT FREEZING RAIN          0     HAIL                       0
HEAVY SNOW                0     SNOW                       0
LIGHT SNOW                0     SLEET                      0
FOG                      14     FOG W/VIS <= 1/4 MILE      2
HAZE                      3

-  INDICATES NEGATIVE NUMBERS.
R  INDICATES RECORD WAS SET OR TIED.
MM INDICATES DATA IS MISSING.
T  INDICATES TRACE AMOUNT.

$$
