000
CXUS52 KILM 012011
CLMILM


CLIMATE REPORT
NATIONAL WEATHER SERVICE WILMINGTON NC
405 PM EDT MON JUL 1 2019

...................................

...THE WILMINGTON NORTH CAROLINA CLIMATE SUMMARY FOR THE MONTH OF JUNE 2019...

CLIMATE NORMAL PERIOD 1981 TO 2010
CLIMATE RECORD PERIOD 1871 TO 2019

WEATHER         OBSERVED          NORMAL  DEPART  LAST YEAR`S
                 VALUE   DATE(S)  VALUE   FROM    VALUE  DATE(S)
                                          NORMAL
................................................................
TEMPERATURE (F)
RECORD
 HIGH             104   06/27/1952
 LOW               48   06/02/1983
HIGHEST            99   06/30        MM      MM       97  06/19
LOWEST             55   06/15        MM      MM       64  06/06
AVG. MAXIMUM     88.3              86.9     1.4     89.8
AVG. MINIMUM     69.1              68.7     0.4     71.8
MEAN             78.7              77.8     0.9     80.8
DAYS MAX >= 90     14               8.8     5.2       16
DAYS MAX <= 32      0               0.0     0.0        0
DAYS MIN <= 32      0               0.0     0.0        0
DAYS MIN <= 0       0               0.0     0.0        0

PRECIPITATION (INCHES)
RECORD
 MAXIMUM        12.87   1962
 MINIMUM         0.89   1984
TOTALS           2.55              5.18   -2.63     8.41
DAILY AVG.       0.09              0.17   -0.08
DAYS >= .01        13              12.8     0.2
DAYS >= .10         8               7.0     1.0
DAYS >= .50         1               3.4    -2.4
DAYS >= 1.00        0               1.5    -1.5
GREATEST
 24 HR. TOTAL    0.53   06/09 TO 06/09

SNOWFALL (INCHES)
RECORDS
 TOTAL             MM   MM
 24 HR TOTAL       MM
TOTALS            0.0               0.0     0.0      0.0
SINCE 7/1           T               1.7    -1.7      3.8
DAYS >= TRACE       0               0.0     0.0        0
DAYS >= 1.0         0               0.0     0.0        0
GREATEST
 SNOW DEPTH         0   MM                             0  MM
 24 HR TOTAL      0.0   06/30 TO 06/30           06/30 TO 06/30

DEGREE_DAYS
HEATING TOTAL       0                 2      -2        0
 SINCE 7/1       2106              2411    -305
COOLING TOTAL     419               385      34      483
 SINCE 1/1        910               666     244

FREEZE DATES
RECORD
 EARLIEST     10/16/1876
 LATEST       04/21/1983
EARLIEST      03/06             11/18
LATEST        03/07             03/20
.................................................................

WIND (MPH)
AVERAGE WIND SPEED              7.4
RESULTANT WIND SPEED/DIRECTION   3/214
HIGHEST WIND SPEED/DIRECTION    36/240    DATE  06/20
HIGHEST GUST SPEED/DIRECTION    47/210    DATE  06/20

SKY COVER
POSSIBLE SUNSHINE (PERCENT)   MM
AVERAGE SKY COVER           0.30
NUMBER OF DAYS FAIR           21
NUMBER OF DAYS PC              8
NUMBER OF DAYS CLOUDY          1

AVERAGE RH (PERCENT)     70

WEATHER CONDITIONS. NUMBER OF DAYS WITH
THUNDERSTORM              8     MIXED PRECIP               0
HEAVY RAIN                9     RAIN                       6
LIGHT RAIN               13     FREEZING RAIN              0
LT FREEZING RAIN          0     HAIL                       0
HEAVY SNOW                0     SNOW                       0
LIGHT SNOW                0     SLEET                      0
FOG                      12     FOG W/VIS <= 1/4 MILE      1
HAZE                      1

-  INDICATES NEGATIVE NUMBERS.
R  INDICATES RECORD WAS SET OR TIED.
MM INDICATES DATA IS MISSING.
T  INDICATES TRACE AMOUNT.

$$
