164
CXUS53 KLBF 011126
CLMIML


CLIMATE REPORT
NATIONAL WEATHER SERVICE NORTH PLATTE
624 AM CDT WED MAY 1 2019

...................................

...THE IMPERIAL NE CLIMATE SUMMARY FOR THE MONTH OF APRIL 2019...

CLIMATE NORMAL PERIOD 1981 TO 2010
CLIMATE RECORD PERIOD 1893 TO 2019

WEATHER         OBSERVED          NORMAL  DEPART  LAST YEAR`S
                 VALUE   DATE(S)  VALUE   FROM    VALUE  DATE(S)
                                          NORMAL
................................................................
TEMPERATURE (F)
RECORD
 HIGH              95   04/30/1992
                        04/22/1989
 LOW                    04/01/1936
HIGHEST            90   04/20        85       5       88  04/29
LOWEST             16   04/12        19      -3        5  04/07
AVG. MAXIMUM     66.0              62.4     3.6     60.0
AVG. MINIMUM     34.1              34.6    -0.5     28.8
MEAN             50.1              48.5     1.6     44.4
DAYS MAX >= 90      1               0.0     1.0        0
DAYS MAX <= 32      1               0.1     0.9        0
DAYS MIN <= 32     11              10.9     0.1       17
DAYS MIN <= 0       0               0.0     0.0        0

PRECIPITATION (INCHES)
RECORD
 MAXIMUM         6.73   1971
 MINIMUM         0.10   1992
TOTALS           0.53              1.97   -1.44     0.98
DAILY AVG.       0.00              0.07   -0.07     0.04
DAYS >= .01        MM                MM      MM        7
DAYS >= .10        MM                MM      MM        3
DAYS >= .50         0                MM      MM        0
DAYS >= 1.00        0                MM      MM        0
GREATEST
 24 HR. TOTAL      MM

DEGREE_DAYS
HEATING TOTAL     442               496     -54      614
 SINCE 7/1       6228              5865     363     5929
COOLING TOTAL       1                 1       0        2
 SINCE 1/1          1                 1       0        2
.................................................................

WIND (MPH)
HIGHEST WIND SPEED/DIRECTION    39/320    DATE  04/11
HIGHEST GUST SPEED/DIRECTION    57/330    DATE  04/11

AVERAGE RH (PERCENT)     57

WEATHER CONDITIONS. NUMBER OF DAYS WITH
THUNDERSTORM              2     MIXED PRECIP               0
HEAVY RAIN                0     RAIN                       0
LIGHT RAIN                5     FREEZING RAIN              0
LT FREEZING RAIN          0     HAIL                       0
HEAVY SNOW                0     SNOW                       0
LIGHT SNOW                4     SLEET                      0
FOG                       6     FOG W/VIS <= 1/4 MILE      0
HAZE                      1

-  INDICATES NEGATIVE NUMBERS.
R  INDICATES RECORD WAS SET OR TIED.
MM INDICATES DATA IS MISSING.
T  INDICATES TRACE AMOUNT.

$$
