000
CXUS53 KLBF 011456
CLMIML


CLIMATE REPORT
NATIONAL WEATHER SERVICE NORTH PLATTE
954 AM CDT THU AUG 1 2019

...................................

...THE IMPERIAL NE CLIMATE SUMMARY FOR THE MONTH OF JULY 2019...

CLIMATE NORMAL PERIOD 1981 TO 2010
CLIMATE RECORD PERIOD 1893 TO 2019

WEATHER         OBSERVED          NORMAL  DEPART  LAST YEAR`S
                 VALUE   DATE(S)  VALUE   FROM    VALUE  DATE(S)
                                          NORMAL
................................................................
TEMPERATURE (F)
RECORD
 HIGH             116   07/20/1934
 LOW               37   07/01/1918
HIGHEST           103   07/18       101       2       97  07/11
LOWEST             57   07/24        52       5       50  07/31
                        07/06
AVG. MAXIMUM     90.4              91.0    -0.6     87.8
AVG. MINIMUM     62.2              61.8     0.4     62.1
MEAN             76.3              76.4    -0.1     75.0
DAYS MAX >= 90     17              17.6    -0.6       12
DAYS MAX <= 32      0               0.0     0.0        0
DAYS MIN <= 32      0               0.0     0.0        0
DAYS MIN <= 0       0               0.0     0.0        0

PRECIPITATION (INCHES)
RECORD
 MAXIMUM         6.97   1993
 MINIMUM         0.36   1934
TOTALS           3.65              2.89    0.76     6.34
DAILY AVG.       0.12              0.09    0.03     0.20
DAYS >= .01        10                MM      MM       11
DAYS >= .10         7                MM      MM        8
DAYS >= .50         4                MM      MM        4
DAYS >= 1.00        1                MM      MM        2
GREATEST
 24 HR. TOTAL    1.31   07/06 TO 07/06

SNOWFALL (INCHES)
TOTALS             MM

DEGREE_DAYS
HEATING TOTAL       0                 2      -2        1
 SINCE 7/1          0                 2      -2        1
COOLING TOTAL     357               356       1      315
 SINCE 1/1        532               584     -52      691
.................................................................

WIND (MPH)
HIGHEST WIND SPEED/DIRECTION    32/320    DATE  07/12
HIGHEST GUST SPEED/DIRECTION    48/310    DATE  07/12

AVERAGE RH (PERCENT)     60

WEATHER CONDITIONS. NUMBER OF DAYS WITH
THUNDERSTORM             11     MIXED PRECIP               0
HEAVY RAIN                5     RAIN                       5
LIGHT RAIN               12     FREEZING RAIN              0
LT FREEZING RAIN          0     HAIL                       0
HEAVY SNOW                0     SNOW                       0
LIGHT SNOW                0     SLEET                      0
FOG                       6     FOG W/VIS <= 1/4 MILE      0
HAZE                      0

-  INDICATES NEGATIVE NUMBERS.
R  INDICATES RECORD WAS SET OR TIED.
MM INDICATES DATA IS MISSING.
T  INDICATES TRACE AMOUNT.

$$
