625
CXUS53 KIND 011520
CLMIND


CLIMATE REPORT
NATIONAL WEATHER SERVICE INDIANAPOLIS IN
1120 AM EDT TUE OCT 1 2019

...................................

...THE INDIANAPOLIS IN CLIMATE SUMMARY FOR THE MONTH OF SEPTEMBER 2019...

CLIMATE NORMAL PERIOD 1981 TO 2010
CLIMATE RECORD PERIOD 1871 TO 2019

WEATHER         OBSERVED          NORMAL  DEPART  LAST YEAR`S
                 VALUE   DATE(S)  VALUE   FROM    VALUE  DATE(S)
                                          NORMAL
................................................................
TEMPERATURE (F)
RECORD
 HIGH             100   09/03/2011
                        09/05/1954
                        09/02/1953
 LOW               30   09/30/1899
HIGHEST            92   09/30                         93  09/05
                        09/10
LOWEST             52   09/24                         47  09/28
AVG. MAXIMUM     84.2              77.6     6.6     80.0
AVG. MINIMUM     63.1              56.2     6.9     62.6
MEAN             73.7              66.9     6.8     71.3
DAYS MAX >= 90      6               1.5     4.5        8
DAYS MAX <= 32      0               0.0     0.0        0
DAYS MIN <= 32      0               0.0     0.0        0
DAYS MIN <= 0       0               0.0     0.0        0

PRECIPITATION (INCHES)
RECORD
 MAXIMUM        10.37   2003
 MINIMUM         0.24   1963
TOTALS           0.47              3.12   -2.65     5.46
DAILY AVG.       0.02              0.10   -0.08     0.18
DAYS >= .01         4               8.1    -4.1        7
DAYS >= .10         2               4.9    -2.9        5
DAYS >= .50         0               1.9    -1.9        3
DAYS >= 1.00        0               0.8    -0.8        2
GREATEST
 24 HR. TOTAL    0.27   09/23 TO 09/23

SNOWFALL (INCHES)
RECORDS
 TOTAL              T   2016
                        2012
                        2006
 SNOW DEPTH        MM   MM
TOTALS            0.0               0.0     0.0      0.0
SINCE 7/1         0.0               0.0     0.0      0.0
SNOWDEPTH AVG.      0
DAYS >= 1.0         0               0.0     0.0        0
GREATEST
 SNOW DEPTH         0   MM                             0  MM
 24 HR TOTAL      0.0   MM                           0.0  MM

DEGREE_DAYS
HEATING TOTAL       0                71     -71       33
 SINCE 7/1          0                75     -75       33
COOLING TOTAL     268               128     140      231
 SINCE 1/1       1307              1049     258     1539
.................................................................

WIND (MPH)
AVERAGE WIND SPEED              7.7
HIGHEST WIND SPEED/DIRECTION    28/210    DATE  09/22
HIGHEST GUST SPEED/DIRECTION    37/190    DATE  09/27

SKY COVER
POSSIBLE SUNSHINE (PERCENT)   MM
AVERAGE SKY COVER           0.50
NUMBER OF DAYS FAIR            8
NUMBER OF DAYS PC             18
NUMBER OF DAYS CLOUDY          3

AVERAGE RH (PERCENT)     68

WEATHER CONDITIONS. NUMBER OF DAYS WITH
THUNDERSTORM              1     MIXED PRECIP                0
HEAVY RAIN                0     RAIN                        2
LIGHT RAIN               10     FREEZING RAIN               0
LT FREEZING RAIN          0     HAIL                        0
HEAVY SNOW                0     SNOW                        0
LIGHT SNOW                0     SLEET                       0
FOG                       8     FOG W/VIS <= 1/4 MILE       1
HAZE                      0

-  INDICATES NEGATIVE NUMBERS.
R  INDICATES RECORD WAS SET OR TIED.
MM INDICATES DATA IS MISSING.
T  INDICATES TRACE AMOUNT.

$$
