000
CXUS55 KFGZ 011822
CLMINW


CLIMATE REPORT
NATIONAL WEATHER SERVICE FLAGSTAFF, AZ
1120 AM MST WED MAY 1 2019

...................................

...THE WINSLOW AZ AIRPORT CLIMATE SUMMARY FOR THE MONTH OF APRIL 2019...

CLIMATE NORMAL PERIOD 1981 TO 2010
CLIMATE RECORD PERIOD 1915 TO 2019

WEATHER         OBSERVED          NORMAL  DEPART  LAST YEAR`S
                 VALUE   DATE(S)  VALUE   FROM    VALUE  DATE(S)
                                          NORMAL
................................................................
TEMPERATURE (F)
RECORD
 HIGH              92   04/30/1943
 LOW               14   04/09/1928
HIGHEST            88                                 88  04/24
                                                          04/07
LOWEST             25                                 23  04/14
AVG. MAXIMUM     74.6              71.8     2.8     78.1
AVG. MINIMUM     40.7              36.7     4.0     39.1
MEAN             57.7              54.3     3.4     58.6
DAYS MAX >= 90      0               0.3    -0.3        0
DAYS MAX <= 32      0               0.0     0.0        0
DAYS MIN <= 32      3               7.7    -4.7        7
DAYS MIN <= 0       0               0.0     0.0        0

PRECIPITATION (INCHES)
RECORD
 MAXIMUM         1.59   1934
 MINIMUM         0.00   1989
TOTALS           0.07              0.26   -0.19     0.08
DAILY AVG.       0.00              0.01   -0.01     0.00
DAYS >= .01         4               2.9     1.1        1
DAYS >= .10         0               0.8    -0.8        0
DAYS >= .50         0               0.1    -0.1        0
DAYS >= 1.00        0               0.0     0.0        0
GREATEST
 24 HR. TOTAL    0.03   04/30 TO 04/30              0.08

DEGREE_DAYS
HEATING TOTAL     223               326    -103      202
 SINCE 7/1       4235              4379    -144     3795
COOLING TOTAL      10                 4       6       15
 SINCE 1/1         10                 4       6       15
.................................................................

WIND (MPH)
AVERAGE WIND SPEED              10.1
HIGHEST WIND SPEED/DIRECTION    40/220    DATE  04/09
HIGHEST GUST SPEED/DIRECTION    50/220    DATE  04/09

SKY COVER
POSSIBLE SUNSHINE (PERCENT)   MM
AVERAGE SKY COVER           0.20
NUMBER OF DAYS FAIR           24
NUMBER OF DAYS PC              5
NUMBER OF DAYS CLOUDY          0

AVERAGE RH (PERCENT)     36


-  INDICATES NEGATIVE NUMBERS.
R  INDICATES RECORD WAS SET OR TIED.
MM INDICATES DATA IS MISSING.
T  INDICATES TRACE AMOUNT.

$$
