000
CXUS55 KFGZ 011932
CLMINW


CLIMATE REPORT
NATIONAL WEATHER SERVICE FLAGSTAFF, AZ
1230 PM MST THU AUG 1 2019

...................................

...THE WINSLOW AZ AIRPORT CLIMATE SUMMARY FOR THE MONTH OF JULY 2019...

CLIMATE NORMAL PERIOD 1981 TO 2010
CLIMATE RECORD PERIOD 1915 TO 2019

WEATHER         OBSERVED          NORMAL  DEPART  LAST YEAR`S
                 VALUE   DATE(S)  VALUE   FROM    VALUE  DATE(S)
                                          NORMAL
................................................................
TEMPERATURE (F)
RECORD
 HIGH             109   07/13/1971
 LOW               42   07/01/1928
HIGHEST           103                                104  07/23
LOWEST             52                                 58  07/02
AVG. MAXIMUM     97.2              94.5     2.7     97.6
AVG. MINIMUM     63.1              61.9     1.2     66.2
MEAN             80.2              78.2     2.0     81.9
DAYS MAX >= 90     28              24.9     3.1       31
DAYS MAX <= 32      0               0.0     0.0        0
DAYS MIN <= 32      0               0.0     0.0        0
DAYS MIN <= 0       0               0.0     0.0        0

PRECIPITATION (INCHES)
RECORD
 MAXIMUM         4.81   1923
 MINIMUM            T   2005
TOTALS           0.20              1.04   -0.84     1.38
DAILY AVG.       0.01              0.03   -0.02     0.04
DAYS >= .01         6               6.2    -0.2       11
DAYS >= .10         0               2.8    -2.8        6
DAYS >= .50         0               0.5    -0.5        1
DAYS >= 1.00        0               0.1    -0.1        0
GREATEST
 24 HR. TOTAL    0.12   06/30 TO 07/01              0.53

DEGREE_DAYS
HEATING TOTAL       0                 0       0        0
 SINCE 7/1          0                 0       0        0
COOLING TOTAL     478               409      69      537
 SINCE 1/1        760               717      43     1015
.................................................................

WIND (MPH)
AVERAGE WIND SPEED              8.8
HIGHEST WIND SPEED/DIRECTION    35/120    DATE  07/29
HIGHEST GUST SPEED/DIRECTION    45/120    DATE  07/29

SKY COVER
POSSIBLE SUNSHINE (PERCENT)   MM
AVERAGE SKY COVER           0.10
NUMBER OF DAYS FAIR           30
NUMBER OF DAYS PC              1
NUMBER OF DAYS CLOUDY          0

AVERAGE RH (PERCENT)     31


-  INDICATES NEGATIVE NUMBERS.
R  INDICATES RECORD WAS SET OR TIED.
MM INDICATES DATA IS MISSING.
T  INDICATES TRACE AMOUNT.

$$
