000
CXUS53 KDVN 011051
CLMIOW


CLIMATE REPORT
NATIONAL WEATHER SERVICE QUAD CITIES IA IL
542 AM CDT THU AUG 1 2019

...................................

...THE IOWA CITY IA CLIMATE SUMMARY FOR THE MONTH OF JULY 2019...

CLIMATE NORMAL PERIOD 1981 TO 2010
CLIMATE RECORD PERIOD 9999 TO 9999

WEATHER         OBSERVED          NORMAL  DEPART
                 VALUE   DATE(S)  VALUE   FROM
                                          NORMAL
................................................
TEMPERATURE (F)
HIGHEST            98   07/19        85      13
LOWEST             58   07/31        65      -7
AVG. MAXIMUM     89.9              84.6     5.3
AVG. MINIMUM     68.7              65.0     3.7
MEAN             79.3              74.8     4.5
DAYS MAX >= 90     18
DAYS MAX <= 32      0
DAYS MIN <= 32      0
DAYS MIN <= 0       0

PRECIPITATION (INCHES)
TOTALS           1.04              4.95   -3.91
DAILY AVG.       0.03              0.16   -0.13
DAYS >= .01         8
DAYS >= .10         3
DAYS >= .50         0
DAYS >= 1.00        0
GREATEST
 24 HR. TOTAL    0.50   07/16 TO 07/17

DEGREE_DAYS
HEATING TOTAL       0                 2      -2
 SINCE 7/1          0                 2      -2
COOLING TOTAL     450               306     144
 SINCE 1/1        694               578     116
.................................................

WIND (MPH)
AVERAGE WIND SPEED              6.8
HIGHEST WIND SPEED/DIRECTION    31/350    DATE  07/17
HIGHEST GUST SPEED/DIRECTION    45/290    DATE  07/17

SKY COVER
AVERAGE SKY COVER           0.20
NUMBER OF DAYS FAIR           28
NUMBER OF DAYS PC              3
NUMBER OF DAYS CLOUDY          0

AVERAGE RH (PERCENT)     67

WEATHER CONDITIONS. NUMBER OF DAYS WITH
THUNDERSTORM              5     HAIL                       0
SLEET                     0     FOG                        5
FOG W/VIS <= 1/4 MILE     0     HAZE                       3

-  INDICATES NEGATIVE NUMBERS.
R  INDICATES RECORD WAS SET OR TIED.
MM INDICATES DATA IS MISSING.
T  INDICATES TRACE AMOUNT.

$$

===================================================================

NOTE: SUPPLEMENTAL CLIMATE DATA WAS USED FROM A NEARBY
CLIMATOLOGICALLY REPRESENTATIVE STATION.

PARAMETER    DATE
---------    ----
 MIN TEMP    07/01

===================================================================

GROSS
