000
CXUS53 KDVN 011048
CLMIOW


CLIMATE REPORT
NATIONAL WEATHER SERVICE QUAD CITIES IA IL
548 AM CDT WED MAY 1 2019

...................................

...THE IOWA CITY IA CLIMATE SUMMARY FOR THE MONTH OF APRIL 2019...

CLIMATE NORMAL PERIOD 1981 TO 2010
CLIMATE RECORD PERIOD 9999 TO 9999

WEATHER         OBSERVED          NORMAL  DEPART
                 VALUE   DATE(S)  VALUE   FROM
                                          NORMAL
................................................
TEMPERATURE (F)
HIGHEST            84   04/21        66      18
LOWEST             27   04/15        35      -8
AVG. MAXIMUM     62.4              61.7     0.7
AVG. MINIMUM     39.8              40.2    -0.4
MEAN             51.1              51.0     0.1
DAYS MAX >= 90      0
DAYS MAX <= 32      0
DAYS MIN <= 32      6
DAYS MIN <= 0       0

PRECIPITATION (INCHES)
TOTALS           4.55              3.50    1.05
DAILY AVG.       0.15              0.12    0.03
DAYS >= .01        13
DAYS >= .10         9
DAYS >= .50         4
DAYS >= 1.00        1
GREATEST
 24 HR. TOTAL    1.94   04/28 TO 04/29

DEGREE_DAYS
HEATING TOTAL     411               426     -15
 SINCE 7/1       6565              6193     372
COOLING TOTAL       1                 4      -3
 SINCE 1/1          1                 4      -3
.................................................

WIND (MPH)
AVERAGE WIND SPEED              10.0
HIGHEST WIND SPEED/DIRECTION    35/080    DATE  04/11
HIGHEST GUST SPEED/DIRECTION    54/080    DATE  04/11

SKY COVER
POSSIBLE SUNSHINE (PERCENT)   MM
AVERAGE SKY COVER           0.50
NUMBER OF DAYS FAIR            9
NUMBER OF DAYS PC             13
NUMBER OF DAYS CLOUDY          8

AVERAGE RH (PERCENT)     66

WEATHER CONDITIONS. NUMBER OF DAYS WITH
THUNDERSTORM              6     HAIL                       0
SLEET                     0     FOG                       15
FOG W/VIS <= 1/4 MILE     2     HAZE                       2


-  INDICATES NEGATIVE NUMBERS.
R  INDICATES RECORD WAS SET OR TIED.
MM INDICATES DATA IS MISSING.
T  INDICATES TRACE AMOUNT.

$$
