153
CXUS51 KCTP 011458
CLMIPT

CLIMATE REPORT
NATIONAL WEATHER SERVICE STATE COLLEGE PA
1100 AM EDT THU AUG 1 2019

...................................

...THE WILLIAMSPORT PA CLIMATE SUMMARY FOR THE MONTH OF JULY 2019...

CLIMATE NORMAL PERIOD 1981 TO 2010
CLIMATE RECORD PERIOD 1895 TO 2019

WEATHER         OBSERVED          NORMAL  DEPART  LAST YEAR`S
                 VALUE   DATE(S)  VALUE   FROM    VALUE  DATE(S)
                                          NORMAL
................................................................
TEMPERATURE (F)
RECORD
 HIGH             106   07/09/1936
 LOW               43   07/20/1965
                        07/09/1963
                        07/12/1945
HIGHEST            95   07/21                         96  07/02
LOWEST             56   07/01                         53  07/08
                                                          07/07

AVG. MAXIMUM     86.5              83.6     2.9     84.7
AVG. MINIMUM     65.7              61.9     3.8     63.1
MEAN             76.1              72.7     3.4     73.9
DAYS MAX >= 90      6               4.8     1.2        6
DAYS MAX <= 32      0               0.0     0.0        0
DAYS MIN <= 32      0               0.0     0.0        0
DAYS MIN <= 0       0               0.0     0.0        0

PRECIPITATION (INCHES)
RECORD
 MAXIMUM        11.99   2018
 MINIMUM         0.75   1909

TOTALS           6.54              4.34    2.20    11.99
DAILY AVG.       0.21              0.14    0.07     0.39
DAYS >= .01        12              11.4     0.6       13
DAYS >= .10        10               7.6     2.4       12
DAYS >= .50         4               3.1     0.9        7
DAYS >= 1.00        2               1.0     1.0        6
GREATEST
 24 HR. TOTAL    1.86   07/02 TO 07/02

SNOWFALL (INCHES)
RECORDS
 TOTAL            0.0   MM

TOTALS            0.0               0.0     0.0      0.0
SINCE 7/1         0.0               0.0     0.0      0.0
SNOWDEPTH AVG.      0                MM      MM        0
DAYS >= 1.0         0               0.0     0.0        0
GREATEST
 SNOW DEPTH         0   MM                             0  MM
 24 HR TOTAL      0.0   07/31 TO 07/31

DEGREE_DAYS
HEATING TOTAL       0                 4      -4        0
 SINCE 7/1          0                 4      -4        0
COOLING TOTAL     353               244     109      284
 SINCE 1/1        536               433     103      539
.................................................................

WIND (MPH)
AVERAGE WIND SPEED              4.1
HIGHEST WIND SPEED/DIRECTION    47/250    DATE  07/02
HIGHEST GUST SPEED/DIRECTION    62/260    DATE  07/02

SKY COVER
POSSIBLE SUNSHINE (PERCENT)   MM
AVERAGE SKY COVER           0.40
NUMBER OF DAYS FAIR           15
NUMBER OF DAYS PC             14
NUMBER OF DAYS CLOUDY          2

AVERAGE RH (PERCENT)     72

WEATHER CONDITIONS. NUMBER OF DAYS WITH
THUNDERSTORM             10     MIXED PRECIP                0
HEAVY RAIN                8     RAIN                        8
LIGHT RAIN               15     FREEZING RAIN               0
LT FREEZING RAIN          0     HAIL                        0
HEAVY SNOW                0     SNOW                        0
LIGHT SNOW                0     SLEET                       0
FOG                      15     FOG W/VIS <= 1/4 MILE       3
HAZE                      5

-  INDICATES NEGATIVE NUMBERS.
R  INDICATES RECORD WAS SET OR TIED.
MM INDICATES DATA IS MISSING.
T  INDICATES TRACE AMOUNT.

$$

BANGHOFF
