000
CXUS51 KCTP 020451
CLMIPT

CLIMATE REPORT
NATIONAL WEATHER SERVICE STATE COLLEGE PA
1251 AM EDT THU MAY 2 2019

...................................

...THE WILLIAMSPORT PA CLIMATE SUMMARY FOR THE MONTH OF APRIL 2019...

CLIMATE NORMAL PERIOD 1981 TO 2010
CLIMATE RECORD PERIOD 1895 TO 2019

WEATHER         OBSERVED          NORMAL  DEPART  LAST YEAR`S
                 VALUE   DATE(S)  VALUE   FROM    VALUE  DATE(S)
                                          NORMAL
................................................................
TEMPERATURE (F)
RECORD
 HIGH              96   04/24/1925
 LOW                8   04/01/1923
HIGHEST            77   04/20                         85  04/13
LOWEST             24   04/02                         22  04/08
AVG. MAXIMUM     63.2              60.9     2.3     56.3
AVG. MINIMUM     41.8              38.9     2.9     35.3
MEAN             52.5              49.9     2.6     45.8
DAYS MAX >= 90      0               0.1    -0.1        0
DAYS MAX <= 32      0               0.0     0.0        0
DAYS MIN <= 32      6               6.2    -0.2       12
DAYS MIN <= 0       0               0.0     0.0        0

PRECIPITATION (INCHES)
RECORD
 MAXIMUM        10.04   2011
 MINIMUM         0.70   1989
TOTALS           4.06              3.24    0.82     3.90
DAILY AVG.       0.14              0.11    0.03     0.13
DAYS >= .01        16              11.6     4.4       14
DAYS >= .10         8               7.3     0.7        7
DAYS >= .50         3               1.9     1.1        1
DAYS >= 1.00        2               0.6     1.4        1
GREATEST
 24 HR. TOTAL    1.10   04/19 TO 04/19

SNOWFALL (INCHES)
RECORDS
 TOTAL           13.8   1982
TOTALS              T               1.1    -1.1      5.2
SINCE 7/1        32.4              36.0    -3.6     26.8
SNOWDEPTH AVG.      0                MM      MM        0
DAYS >= 1.0         0               0.3    -0.3        1

DEGREE_DAYS
HEATING TOTAL     370               459     -89      570
 SINCE 7/1       5448              5755    -307     5481
COOLING TOTAL       3                 5      -2        0
 SINCE 1/1          3                 5      -2        0
.................................................................

WIND (MPH)
AVERAGE WIND SPEED              7.3
HIGHEST WIND SPEED/DIRECTION    35/290    DATE  04/03
HIGHEST GUST SPEED/DIRECTION    48/280    DATE  04/03

SKY COVER
POSSIBLE SUNSHINE (PERCENT)   MM
AVERAGE SKY COVER           0.50
NUMBER OF DAYS FAIR           12
NUMBER OF DAYS PC              9
NUMBER OF DAYS CLOUDY          9

AVERAGE RH (PERCENT)     62

WEATHER CONDITIONS. NUMBER OF DAYS WITH
THUNDERSTORM              4     MIXED PRECIP                0
HEAVY RAIN                5     RAIN                       10
LIGHT RAIN               17     FREEZING RAIN               1
LT FREEZING RAIN          1     HAIL                        0
HEAVY SNOW                0     SNOW                        0
LIGHT SNOW                1     SLEET                       0
FOG                      16     FOG W/VIS <= 1/4 MILE       3
HAZE                      5

-  INDICATES NEGATIVE NUMBERS.
R  INDICATES RECORD WAS SET OR TIED.
MM INDICATES DATA IS MISSING.
T  INDICATES TRACE AMOUNT.

$$
MS
