384
CXUS53 KEAX 021533
CLMIRK

CLIMATE REPORT
NATIONAL WEATHER SERVICE KANSAS CITY/PLEASANT HILL MO
1024 AM CDT THU MAY 2 2019

...................................

...THE KIRKSVILLE CLIMATE SUMMARY FOR THE MONTH OF MARCH 2019...

CLIMATE NORMAL PERIOD 1981 TO 2010
CLIMATE RECORD PERIOD 9999 TO 9999

WEATHER         OBSERVED          NORMAL  DEPART  LAST YEAR`S
                 VALUE   DATE(S)  VALUE   FROM    VALUE  DATE(S)
                                          NORMAL
................................................................
TEMPERATURE (F)
HIGHEST            69   03/27        75      -6       63  03/31
LOWEST             -4   03/04        11     -15       17  03/14
AVG. MAXIMUM     46.5              50.9    -4.4     48.1
AVG. MINIMUM     27.6              30.5    -2.9     30.2
MEAN             36.9              40.7    -3.8     39.1
DAYS MAX >= 90      0               0.0     0.0        0
DAYS MAX <= 32      5               2.2     2.8        0
DAYS MIN <= 32     18              18.4    -0.4       19
DAYS MIN <= 0       1               0.2     0.8        0

PRECIPITATION (INCHES)
TOTALS           4.15              2.55    1.60     2.82
DAILY AVG.       0.14              0.08    0.06     0.09
DAYS >= .01        10               9.5     0.5       14
DAYS >= .10         6               5.9     0.1        6
DAYS >= .50         3               1.6     1.4        1
DAYS >= 1.00        2               0.6     1.4        0
GREATEST
 24 HR. TOTAL    1.34   03/09 TO 03/09

DEGREE_DAYS
HEATING TOTAL     779               754      25      792
 SINCE 7/1       5466              5287     179     5111
COOLING TOTAL       0                 0       0        0
 SINCE 1/1          0                 0       0        0
.................................................................

WIND (MPH)
AVERAGE WIND SPEED              10.3
HIGHEST WIND SPEED/DIRECTION    37/220    DATE  03/14
HIGHEST GUST SPEED/DIRECTION    54/230    DATE  03/14

SKY COVER
POSSIBLE SUNSHINE (PERCENT)    0
AVERAGE SKY COVER           0.40
NUMBER OF DAYS FAIR           14
NUMBER OF DAYS PC             10
NUMBER OF DAYS CLOUDY          7

AVERAGE RH (PERCENT)     67



-  INDICATES NEGATIVE NUMBERS.
R  INDICATES RECORD WAS SET OR TIED.
MM INDICATES DATA IS MISSING.
T  INDICATES TRACE AMOUNT.

$$
