974
CXUS53 KEAX 010651 RRA
CLMIRK

STLCLMWK2 000
TTAA00 KEAX 010648


CLIMATE REPORT
NATIONAL WEATHER SERVICE KANSAS CITY/PLEASANT HILL MO
146 AM CDT THU AUG 1 2019

...................................

...THE KIRKSVILLE CLIMATE SUMMARY FOR THE MONTH OF JULY 2019...

CLIMATE NORMAL PERIOD 1981 TO 2010
CLIMATE RECORD PERIOD 9999 TO 9999

WEATHER         OBSERVED          NORMAL  DEPART  LAST YEAR`S
                 VALUE   DATE(S)  VALUE   FROM    VALUE  DATE(S)
                                          NORMAL
................................................................
TEMPERATURE (F)
HIGHEST            97   07/20        95       2       96  07/13
                        07/19                             07/12
                                                          07/10
LOWEST             57   07/23        54       3       54  07/30
                                                          07/27
AVG. MAXIMUM     88.7              85.3     3.4     88.0
AVG. MINIMUM     66.8              64.8     2.0     63.9
MEAN             77.8              75.1     2.7     76.0
DAYS MAX >= 90     13               8.3     4.7       12
DAYS MAX <= 32      0               0.0     0.0        0
DAYS MIN <= 32      0               0.0     0.0        0
DAYS MIN <= 0       0               0.0     0.0        0

PRECIPITATION (INCHES)
TOTALS           1.23              4.66   -3.43     2.53
DAILY AVG.       0.04              0.15   -0.11     0.08
DAYS >= .01         7               9.5    -2.5        4
DAYS >= .10         4               5.7    -1.7        3
DAYS >= .50         0               2.5    -2.5        3
DAYS >= 1.00        0               1.0    -1.0        1
GREATEST
 24 HR. TOTAL    0.48   07/20 TO 07/20

DEGREE_DAYS
HEATING TOTAL       0                 1      -1        0
 SINCE 7/1          0                 1      -1        0
COOLING TOTAL     403               313      90      349
 SINCE 1/1        696               567     129      895
.................................................................

WIND (MPH)
AVERAGE WIND SPEED              6.6
HIGHEST WIND SPEED/DIRECTION    35/020    DATE  07/20
HIGHEST GUST SPEED/DIRECTION    46/020    DATE  07/20

SKY COVER
POSSIBLE SUNSHINE (PERCENT)   MM
AVERAGE SKY COVER           0.20
NUMBER OF DAYS FAIR           27
NUMBER OF DAYS PC              4
NUMBER OF DAYS CLOUDY          0

AVERAGE RH (PERCENT)     73

WEATHER CONDITIONS. NUMBER OF DAYS WITH
  0
  3
  0
  0
  0
  0
  2
HAZE                      2

-  INDICATES NEGATIVE NUMBERS.
R  INDICATES RECORD WAS SET OR TIED.
MM INDICATES DATA IS MISSING.
T  INDICATES TRACE AMOUNT.

$$
