000
CXCA52 TJSJ 011607
CLMISX

CLIMATE REPORT
NATIONAL WEATHER SERVICE SAN JUAN, PR
1239 AM AST THU AUG 1 2019

...................................

...THE HENRY E. ROHLSEN AP/ST CROIX CLIMATE SUMMARY FOR THE MONTH OF JULY 2019...

CLIMATE NORMAL PERIOD 1981 TO 2010
CLIMATE RECORD PERIOD 1951 TO 2019

WEATHER         OBSERVED          NORMAL  DEPART  LAST YEAR`S
                 VALUE   DATE(S)  VALUE   FROM    VALUE  DATE(S)
                                          NORMAL
................................................................
TEMPERATURE (F)
RECORD
 HIGH              94   07/20/1972
                        07/08/1972
 LOW               64   07/05/1998
HIGHEST            93   07/24        92       1       92  07/31
                                                          07/30
LOWEST             73   07/11        81      -8       75  07/12
AVG. MAXIMUM     89.9              88.7     1.2     89.3
AVG. MINIMUM     76.8              78.5    -1.7     78.5
MEAN             83.4              83.6    -0.2     83.9
DAYS MAX >= 90     20               7.9    12.1       14
DAYS MAX <= 32      0               0.0     0.0        0
DAYS MIN <= 32      0               0.0     0.0        0
DAYS MIN <= 0       0               0.0     0.0        0

PRECIPITATION (INCHES)
RECORD
 MAXIMUM         7.62   1958
 MINIMUM         0.49   1976
TOTALS           4.67              3.04    1.63     1.26
DAILY AVG.       0.15              0.09    0.06     0.04
DAYS >= .01        15              17.0    -2.0        9
DAYS >= .10         9               7.8     1.2        4
DAYS >= .50         2               1.6     0.4        1
DAYS >= 1.00        2               0.5     1.5        0
GREATEST
 24 HR. TOTAL    1.20   07/30 TO 07/30

SNOWFALL (INCHES)
TOTALS            0.0               0.0     0.0      0.0

DEGREE_DAYS
HEATING TOTAL       0                 0       0        0
COOLING TOTAL     579               577       2      593
.................................................................

WIND (MPH)
AVERAGE WIND SPEED              12.2
HIGHEST WIND SPEED/DIRECTION    30/080    DATE  07/11
HIGHEST GUST SPEED/DIRECTION    38/110    DATE  07/28

SKY COVER
AVERAGE SKY COVER           0.40

AVERAGE RH (PERCENT)     73

WEATHER CONDITIONS. NUMBER OF DAYS WITH

THUNDERSTORM              0     MIXED PRECIP                0
HEAVY RAIN                7     RAIN                        7
LIGHT RAIN               19     FREEZING RAIN               0
LT FREEZING RAIN          0     HAIL                        0
HEAVY SNOW                0     SNOW                        0
LIGHT SNOW                0     SLEET                       0
FOG                      12     FOG W/VIS <= 1/4 MILE       0
HAZE                      6

-  INDICATES NEGATIVE NUMBERS.
R  INDICATES RECORD WAS SET OR TIED.
MM INDICATES DATA IS MISSING.
T  INDICATES TRACE AMOUNT.

$$
