906
CXCA52 TJSJ 010711
CLMISX


CLIMATE REPORT
NATIONAL WEATHER SERVICE SAN JUAN, PR
310 AM AST WED MAY 1 2019

...................................

...THE HENRY E. ROHLSEN AP/ST CROIX CLIMATE SUMMARY FOR THE MONTH OF APRIL 2019...

CLIMATE NORMAL PERIOD 1981 TO 2010
CLIMATE RECORD PERIOD 1951 TO 2019

WEATHER         OBSERVED          NORMAL  DEPART  LAST YEAR`S
                 VALUE   DATE(S)  VALUE   FROM    VALUE  DATE(S)
                                          NORMAL
................................................................
TEMPERATURE (F)
RECORD
 HIGH              93   04/30/1973
                        04/21/1961
 LOW               62   04/03/1982
                        04/02/1982
                        04/15/1974
HIGHEST            89   04/28        89       0       89  04/19
                                                          04/13
                                                          04/09
LOWEST             68   04/23        79     -11       68  04/01
AVG. MAXIMUM     87.2              85.7     1.5     87.1
AVG. MINIMUM     73.7              74.2    -0.5     73.8
MEAN             80.4              80.0     0.4     80.4
DAYS MAX >= 90      0               0.1    -0.1        0
DAYS MAX <= 32      0               0.0     0.0        0
DAYS MIN <= 32      0               0.0     0.0        0
DAYS MIN <= 0       0               0.0     0.0        0

PRECIPITATION (INCHES)
RECORD
 MAXIMUM         8.53   2003
 MINIMUM         0.00   1988
TOTALS           0.49              2.13   -1.64     0.61
DAILY AVG.       0.02              0.08   -0.06     0.02
DAYS >= .01         1              10.6    -9.6        7
DAYS >= .10         1               4.5    -3.5        3
DAYS >= .50         0               1.0    -1.0        0
DAYS >= 1.00        0               0.4    -0.4        0
GREATEST
 24 HR. TOTAL    0.49   04/22 TO 04/22

SNOWFALL (INCHES)
TOTALS            0.0               0.0     0.0      0.0

DEGREE_DAYS
HEATING TOTAL       0                 0       0        0
COOLING TOTAL     470               448      22      424
.................................................................

WIND (MPH)
AVERAGE WIND SPEED              12.6
HIGHEST WIND SPEED/DIRECTION    26/100    DATE  04/13
HIGHEST GUST SPEED/DIRECTION    31/110    DATE  04/03

SKY COVER
AVERAGE SKY COVER           0.30

AVERAGE RH (PERCENT)     67

WEATHER CONDITIONS. NUMBER OF DAYS WITH
  0
  1
  0
  0
  0
  0
  0
HAZE                      2

-  INDICATES NEGATIVE NUMBERS.
R  INDICATES RECORD WAS SET OR TIED.
MM INDICATES DATA IS MISSING.
T  INDICATES TRACE AMOUNT.

$$
