000
CXHW53 PHFO 011625
CLMITO


CLIMATE REPORT
NATIONAL WEATHER SERVICE HONOLULU HI
625 AM HST WED MAY 1 2019

...................................

...THE HILO HI CLIMATE SUMMARY FOR THE MONTH OF APRIL 2019...

CLIMATE NORMAL PERIOD 1981 TO 2010
CLIMATE RECORD PERIOD 1949 TO 2019

WEATHER         OBSERVED          NORMAL  DEPART  LAST YEAR`S
                 VALUE   DATE(S)  VALUE   FROM    VALUE  DATE(S)
                                          NORMAL
................................................................
TEMPERATURE (F)
RECORD
 HIGH              89   04/29/2017
                        04/20/1978
                        04/02/1963
 LOW               58   04/02/2013
                        04/05/2008
                        01/22/1969
HIGHEST            88   04/29        79       9       86  04/05
LOWEST             65   04/18        66      -1       65  04/01
                        04/16
                        04/12
AVG. MAXIMUM     80.2              78.9     1.3     81.2
AVG. MINIMUM     66.9              65.5     1.4     69.0
MEAN             73.5              72.2     1.3     75.1
DAYS MAX >= 90      0               0.0     0.0        0
DAYS MAX <= 32      0               0.0     0.0        0
DAYS MIN <= 32      0               0.0     0.0        0
DAYS MIN <= 0       0               0.0     0.0        0

PRECIPITATION (INCHES)
RECORD
 MAXIMUM        43.24   1986
 MINIMUM         2.93   1962
TOTALS          13.51             11.54    1.97    13.25
DAILY AVG.       0.47              0.38    0.09     0.46
DAYS >= .01        25              24.9     0.1       25
DAYS >= .10        17              18.3    -1.3       23
DAYS >= .50         7               6.8     0.2        9
DAYS >= 1.00        3               2.6     0.4        3
GREATEST
 24 HR. TOTAL    3.20   04/13 TO 04/13              2.24

SNOWFALL (INCHES)
RECORDS
 TOTAL             MM   5
TOTALS            0.0               0.0     0.0      0.0
SINCE 7/1         0.0               0.0     0.0      0.0
SNOWDEPTH AVG.     MM                MM      MM       MM
DAYS >= 1.0         0               0.0     0.0        0
GREATEST
 SNOW DEPTH        MM                                 MM  MM
 24 HR TOTAL      0.0   04/29 TO 04/29               0.0

DEGREE_DAYS
HEATING TOTAL       0                 0       0        0
 SINCE 7/1          1                 0       1        0
COOLING TOTAL     254               216      38      298
 SINCE 1/1        841               797      44     1092
.................................................................

WIND (MPH)
AVERAGE WIND SPEED              6.5
HIGHEST WIND SPEED/DIRECTION    21/130    DATE  04/13
HIGHEST GUST SPEED/DIRECTION    30/080    DATE  04/10

SKY COVER
POSSIBLE SUNSHINE (PERCENT)   MM
AVERAGE SKY COVER             MM
NUMBER OF DAYS FAIR            0
NUMBER OF DAYS PC              0
NUMBER OF DAYS CLOUDY          0

AVERAGE RH (PERCENT)     MM

WEATHER CONDITIONS. NUMBER OF DAYS WITH
THUNDERSTORM              1     MIXED PRECIP               0
HEAVY RAIN                0     RAIN                       0
LIGHT RAIN                0     FREEZING RAIN              0
LT FREEZING RAIN          0     HAIL                       0
HEAVY SNOW                0     SNOW                       0
LIGHT SNOW                0     SLEET                      0
FOG                      24     FOG W/VIS <= 1/4 MILE      0
HAZE                     15

-  INDICATES NEGATIVE NUMBERS.
R  INDICATES RECORD WAS SET OR TIED.
MM INDICATES DATA IS MISSING.
T  INDICATES TRACE AMOUNT.

$$
