000
CXUS53 KGLD 021050 RRA
CLMITR

CLIMATE REPORT
NATIONAL WEATHER SERVICE GOODLAND
448 AM MDT THU MAY 2 2019

...................................

...THE BURLINGTON CLIMATE SUMMARY FOR THE MONTH OF APRIL 2019...

CLIMATE NORMAL PERIOD 1981 TO 2010
CLIMATE RECORD PERIOD 1896 TO 2019

WEATHER         OBSERVED          NORMAL  DEPART  LAST YEAR`S
                 VALUE   DATE(S)  VALUE   FROM    VALUE  DATE(S)
                                          NORMAL
................................................................
TEMPERATURE (F)
RECORD
 HIGH              95   04/25/2012
 LOW               -3   04/02/1936
HIGHEST            87   04/20        85       2       86  04/29
                                                          04/12
LOWEST             20   04/11        19       1       14  04/07
AVG. MAXIMUM     67.4              62.4     5.0     62.7
AVG. MINIMUM     34.2              33.5     0.7     29.2
MEAN             50.8              47.9     2.9     46.0
DAYS MAX >= 90      0               0.1    -0.1        0
DAYS MAX <= 32      0               0.4    -0.4        0
DAYS MIN <= 32     12              12.9    -0.9       19
DAYS MIN <= 0       0               0.0     0.0        0

PRECIPITATION (INCHES)
RECORD
 MAXIMUM         5.70   1944
 MINIMUM         0.00   1963
TOTALS           0.23              1.46   -1.23     1.80
DAILY AVG.       0.01              0.05   -0.04     0.06
DAYS >= .01         4                MM      MM        6
DAYS >= .10         2                MM      MM        6
DAYS >= .50         0                MM      MM        1
DAYS >= 1.00        0                MM      MM        0
GREATEST
 24 HR. TOTAL    0.10   04/21 TO 04/21              0.51
                        04/10 TO 04/10


.................................................................



-  INDICATES NEGATIVE NUMBERS.
R  INDICATES RECORD WAS SET OR TIED.
MM INDICATES DATA IS MISSING.
T  INDICATES TRACE AMOUNT.

$$
