101
CXUS53 KGLD 041232
CLMITR

CLIMATE REPORT
NATIONAL WEATHER SERVICE GOODLAND
629 AM MDT SUN AUG 4 2019

...................................

...THE BURLINGTON CLIMATE SUMMARY FOR THE MONTH OF JULY 2019...

CLIMATE NORMAL PERIOD 1981 TO 2010
CLIMATE RECORD PERIOD 1896 TO 2019

WEATHER         OBSERVED          NORMAL  DEPART  LAST YEAR`S
                 VALUE   DATE(S)  VALUE   FROM    VALUE  DATE(S)
                                          NORMAL
................................................................
TEMPERATURE (F)
RECORD
 HIGH             108   07/07/2001
 LOW               36   07/03/1905
HIGHEST           104   07/19       101       3      100  07/19
LOWEST             57   07/29        52       5       48  07/31
                        07/23
AVG. MAXIMUM     91.8              88.5     3.3     89.3
AVG. MINIMUM     61.9              60.4     1.5     60.7
MEAN             76.9              74.5     2.4     75.0
DAYS MAX >= 90     21              15.0     6.0       15
DAYS MAX <= 32      0               0.0     0.0        0
DAYS MIN <= 32      0               0.0     0.0        0
DAYS MIN <= 0       0               0.0     0.0        0

PRECIPITATION (INCHES)
RECORD
 MAXIMUM         7.13   1958
 MINIMUM         0.29   1955
TOTALS           2.40              3.13   -0.73     1.55
DAILY AVG.       0.08              0.10   -0.02     0.05
DAYS >= .01         8                MM      MM        8
DAYS >= .10         4                MM      MM        5
DAYS >= .50         2                MM      MM        1
DAYS >= 1.00        0                MM      MM        0
GREATEST
 24 HR. TOTAL    0.87   07/08 TO 07/08              0.63


.................................................................



-  INDICATES NEGATIVE NUMBERS.
R  INDICATES RECORD WAS SET OR TIED.
MM INDICATES DATA IS MISSING.
T  INDICATES TRACE AMOUNT.

$$
