000
CXUS54 KJAN 021440
CLMJAN


CLIMATE REPORT
NATIONAL WEATHER SERVICE JACKSON MS
932 AM CDT FRI AUG 2 2019

...................................

...THE JACKSON CLIMATE SUMMARY FOR THE MONTH OF JULY 2019...

CLIMATE NORMAL PERIOD 1981 TO 2010
CLIMATE RECORD PERIOD 1896 TO 2019

WEATHER         OBSERVED          NORMAL  DEPART  LAST YEAR`S
                 VALUE   DATE(S)  VALUE   FROM    VALUE  DATE(S)
                                          NORMAL
................................................................
TEMPERATURE (F)
RECORD
 HIGH             107   07/29/1930
 LOW               51   07/15/1967
HIGHEST           101   07/10        98       3       97  07/14
LOWEST             64   07/26        65      -1       66  07/27
                                                          07/26
AVG. MAXIMUM     92.1              91.6     0.5     92.6
AVG. MINIMUM     71.9              71.6     0.3     72.0
MEAN             82.0              81.6     0.4     82.3
DAYS MAX >= 90     24              22.0     2.0       26
DAYS MAX <= 32      0               0.0     0.0        0
DAYS MIN <= 32      0               0.0     0.0        0
DAYS MIN <= 0       0               0.0     0.0        0

PRECIPITATION (INCHES)
RECORD
 MAXIMUM        13.25   1979
 MINIMUM         0.21   1924
TOTALS           5.44              4.81    0.63     3.97
DAILY AVG.       0.18              0.16    0.02     0.13
DAYS >= .01        13              10.7     2.3       15
DAYS >= .10        10               7.3     2.7        9
DAYS >= .50         3               3.2    -0.2        3
DAYS >= 1.00        2               1.3     0.7        1
GREATEST
 24 HR. TOTAL    1.43   07/14 TO 07/14              1.09

SNOWFALL (INCHES)
RECORDS
 TOTAL            0.0   MM
TOTALS            0.0               0.0     0.0      0.0
SINCE 7/1         0.0               0.0     0.0      0.0
DAYS >= TRACE       0
DAYS >= 1.0         0               0.0     0.0        0
GREATEST
 24 HR TOTAL      0.0   07/31 TO 07/31

DEGREE_DAYS
HEATING TOTAL       0                 0       0        0
 SINCE 7/1          0                 0       0        0
COOLING TOTAL     534               515      19      544
 SINCE 1/1       1423              1295     128     1510
.................................................................

WIND (MPH)
AVERAGE WIND SPEED              5.6
HIGHEST WIND SPEED/DIRECTION    31/220    DATE  07/16
HIGHEST GUST SPEED/DIRECTION    45/310    DATE  07/07

SKY COVER
POSSIBLE SUNSHINE (PERCENT)   MM
AVERAGE SKY COVER           0.40
NUMBER OF DAYS FAIR           15
NUMBER OF DAYS PC             14
NUMBER OF DAYS CLOUDY          2

AVERAGE RH (PERCENT)     70

WEATHER CONDITIONS. NUMBER OF DAYS WITH
THUNDERSTORM             15     MIXED PRECIP               0
HEAVY RAIN                7     RAIN                      11
LIGHT RAIN               15     FREEZING RAIN              0
LT FREEZING RAIN          0     HAIL                       0
HEAVY SNOW                0     SNOW                       0
LIGHT SNOW                0     SLEET                      0
FOG                      21     FOG W/VIS <= 1/4 MILE      0
HAZE                      5

-  INDICATES NEGATIVE NUMBERS.
R  INDICATES RECORD WAS SET OR TIED.
MM INDICATES DATA IS MISSING.
T  INDICATES TRACE AMOUNT.

$$
