000
CXUS54 KJAN 011231
CLMJAN


CLIMATE REPORT
NATIONAL WEATHER SERVICE JACKSON MS
723 AM CDT WED MAY 1 2019

...................................

...THE JACKSON CLIMATE SUMMARY FOR THE MONTH OF APRIL 2019...

CLIMATE NORMAL PERIOD 1981 TO 2010
CLIMATE RECORD PERIOD 1896 TO 2019

WEATHER         OBSERVED          NORMAL  DEPART  LAST YEAR`S
                 VALUE   DATE(S)  VALUE   FROM    VALUE  DATE(S)
                                          NORMAL
................................................................
TEMPERATURE (F)
RECORD
 HIGH              94   04/21/1987
                        04/29/1899
 LOW               27   04/04/1987
HIGHEST            88   04/30        87       1       87  04/03
LOWEST             36   04/02        35       1       35  04/08
AVG. MAXIMUM     76.9              75.9     1.0     73.1
AVG. MINIMUM     52.2              52.2     0.0     48.0
MEAN             64.6              64.1     0.5     60.5
DAYS MAX >= 90      0               0.1    -0.1        0
DAYS MAX <= 32      0               0.0     0.0        0
DAYS MIN <= 32      0               0.2    -0.2        0
DAYS MIN <= 0       0               0.0     0.0        0

PRECIPITATION (INCHES)
RECORD
 MAXIMUM        15.95   1991
 MINIMUM         0.55   1903
TOTALS           8.70              4.96    3.74     9.04
DAILY AVG.       0.29              0.17    0.12     0.30
DAYS >= .01        10               7.9     2.1        7
DAYS >= .10         8               5.5     2.5        5
DAYS >= .50         5               2.9     2.1        3
DAYS >= 1.00        3               1.7     1.3        3
GREATEST
 24 HR. TOTAL    2.83   04/13 TO 04/13              3.60

SNOWFALL (INCHES)
RECORDS
 TOTAL            1.1   1987
TOTALS            0.0                 T     0.0      0.0
SINCE 7/1         0.3               0.8    -0.5      5.9
DAYS >= TRACE       0
DAYS >= 1.0         0               0.0     0.0        0
GREATEST
 24 HR TOTAL      0.0   04/30 TO 04/30

DEGREE_DAYS
HEATING TOTAL      84               109     -25      152
 SINCE 7/1       2095              2379    -284     2050
COOLING TOTAL      81                81       0       24
 SINCE 1/1        131               118      13      129
.................................................................

WIND (MPH)
AVERAGE WIND SPEED              7.3
HIGHEST WIND SPEED/DIRECTION    36/150    DATE  04/13
HIGHEST GUST SPEED/DIRECTION    46/150    DATE  04/13

SKY COVER
POSSIBLE SUNSHINE (PERCENT)   MM
AVERAGE SKY COVER           0.40
NUMBER OF DAYS FAIR           11
NUMBER OF DAYS PC             11
NUMBER OF DAYS CLOUDY          7

AVERAGE RH (PERCENT)     68

NUMBER OF DAYS WITH WEATHER CONDITIONS
THUNDERSTORM              8     MIXED PRECIP               0
HEAVY RAIN                8     RAIN                       8
LIGHT RAIN               12     FREEZING RAIN              0
LT FREEZING RAIN          0     HAIL                       0
HEAVY SNOW                0     SNOW                       0
LIGHT SNOW                0     SLEET                      0
FOG                      11     FOG W/VIS <= 1/4 MILE      1
HAZE                      0

-  INDICATES NEGATIVE NUMBERS.
R  INDICATES RECORD WAS SET OR TIED.
MM INDICATES DATA IS MISSING.
T  INDICATES TRACE AMOUNT.

$$
