000
CXUS52 KJAX 022226
CLMJAX

CLIMATE REPORT
NATIONAL WEATHER SERVICE JACKSONVILLE FL
938 AM EDT THU AUG 1 2019

...................................

...THE JACKSONVILLE CLIMATE SUMMARY FOR THE MONTH OF JULY 2019...

CLIMATE NORMAL PERIOD 1981 TO 2010
CLIMATE RECORD PERIOD 1871 TO 2019

WEATHER         OBSERVED          NORMAL  DEPART  LAST YEAR`S
                 VALUE   DATE(S)  VALUE   FROM    VALUE  DATE(S)
                                          NORMAL
................................................................
TEMPERATURE (F)
RECORD
 HIGH             104   07/11/1879
                        07/28/1872
 LOW               61   07/08/1972
HIGHEST            99   07/03        91       8       95  07/13
                        07/02                             07/12
                                                          07/11
LOWEST             68   07/30        72      -4       69  07/23
                                                          07/22
AVG. MAXIMUM     92.3              92.0     0.3     90.5
AVG. MINIMUM     72.7              72.6     0.1     73.5
MEAN             82.5              82.3     0.2     82.0
DAYS MAX >= 90     23              22.1     0.9       20
DAYS MAX <= 32      0               0.0     0.0        0
DAYS MIN <= 32      0               0.0     0.0        0
DAYS MIN <= 0       0               0.0     0.0        0

PRECIPITATION (INCHES)
RECORD
 MAXIMUM        16.21   1960
 MINIMUM         0.14   1875
TOTALS           5.29              6.55   -1.26     8.86
DAILY AVG.       0.17              0.21   -0.04     0.29
DAYS >= .01        15              13.8     1.2       20
DAYS >= .10        10               9.8     0.2       15
DAYS >= .50         4               4.2    -0.2        6
DAYS >= 1.00        1               2.2    -1.2        3
GREATEST
 24 HR. TOTAL    1.07

SNOWFALL (INCHES)
RECORDS
 TOTAL             MM   MM
TOTALS            0.0               0.0     0.0      0.0
SINCE 7/1         0.0               0.0     0.0      0.0
SNOWDEPTH AVG.      0                MM      MM        0
DAYS >= 1.0         0               0.0     0.0        0
GREATEST
 SNOW DEPTH         0   MM                             0  MM
 24 HR TOTAL      0.0

DEGREE_DAYS
HEATING TOTAL       0                 0       0        0
 SINCE 7/1          0                 0       0        0
COOLING TOTAL     550               536      14      534
 SINCE 1/1       1827              1469     358     1640
.................................................................

WIND (MPH)
AVERAGE WIND SPEED              5.1
HIGHEST WIND SPEED/DIRECTION    37/280    DATE  07/03
HIGHEST GUST SPEED/DIRECTION    46/280    DATE  07/03

SKY COVER
POSSIBLE SUNSHINE (PERCENT)   MM
AVERAGE SKY COVER           0.70
NUMBER OF DAYS FAIR            0
NUMBER OF DAYS PC             19
NUMBER OF DAYS CLOUDY         12

AVERAGE RH (PERCENT)     74

-  INDICATES NEGATIVE NUMBERS.
R  INDICATES RECORD WAS SET OR TIED.
MM INDICATES DATA IS MISSING.
T  INDICATES TRACE AMOUNT.

$$
