460
CXUS52 KJAX 011121
CLMJAX

CLIMATE REPORT
NATIONAL WEATHER SERVICE JACKSONVILLE FL
720 AM EDT WED MAY 1 2019

...................................

...THE JACKSONVILLE CLIMATE SUMMARY FOR THE MONTH OF APRIL 2019...

CLIMATE NORMAL PERIOD 1981 TO 2010
CLIMATE RECORD PERIOD 1871 TO 2019

WEATHER         OBSERVED          NORMAL  DEPART  LAST YEAR`S
                 VALUE   DATE(S)  VALUE   FROM    VALUE  DATE(S)
                                          NORMAL
................................................................
TEMPERATURE (F)
RECORD
 HIGH              95   04/21/1968
 LOW               31   04/08/2007
HIGHEST            88   04/24        79       9       88  04/18
                        04/14
LOWEST             42   04/03        55     -13       42  04/17
AVG. MAXIMUM     81.0              79.2     1.8     78.5
AVG. MINIMUM     57.4              54.7     2.7     56.0
MEAN             69.2              67.0     2.2     67.3
DAYS MAX >= 90      0               0.9    -0.9        0
DAYS MAX <= 32      0               0.0     0.0        0
DAYS MIN <= 32      0               0.0     0.0        0
DAYS MIN <= 0       0               0.0     0.0        0

PRECIPITATION (INCHES)
RECORD
 MAXIMUM        11.61   1973
 MINIMUM         0.11   1892
TOTALS           2.58              2.64   -0.06     5.23
DAILY AVG.       0.09              0.09    0.00     0.17
DAYS >= .01         9               5.7     3.3        6
DAYS >= .10         6               4.0     2.0        6
DAYS >= .50         2               1.8     0.2        3
DAYS >= 1.00        0               0.9    -0.9        2
GREATEST
 24 HR. TOTAL    0.76

SNOWFALL (INCHES)
RECORDS
 TOTAL             MM   MM
TOTALS            0.0               0.0     0.0      0.0
SINCE 7/1         0.0                 T     0.0        T
SNOWDEPTH AVG.      0                MM      MM        0
DAYS >= 1.0         0               0.0     0.0        0
GREATEST
 SNOW DEPTH         0   MM                             0  MM
 24 HR TOTAL      0.0

DEGREE_DAYS
HEATING TOTAL      39                55     -16       35
 SINCE 7/1        972              1344    -372     1103
COOLING TOTAL     172               113      59      112
 SINCE 1/1        324               196     128      267
.................................................................

WIND (MPH)
AVERAGE WIND SPEED              7.5
HIGHEST WIND SPEED/DIRECTION    36/240    DATE  04/19
HIGHEST GUST SPEED/DIRECTION    52/270    DATE  04/19

SKY COVER
POSSIBLE SUNSHINE (PERCENT)   MM
AVERAGE SKY COVER           0.50
NUMBER OF DAYS FAIR            6
NUMBER OF DAYS PC             17
NUMBER OF DAYS CLOUDY          7

AVERAGE RH (PERCENT)     68

-  INDICATES NEGATIVE NUMBERS.
R  INDICATES RECORD WAS SET OR TIED.
MM INDICATES DATA IS MISSING.
T  INDICATES TRACE AMOUNT.

$$
