000
CXUS54 KMEG 030046
CLMJBR


CLIMATE REPORT
NATIONAL WEATHER SERVICE MEMPHIS TN
744 PM CDT TUE JUL 2 2019

...................................

...THE JONESBORO CLIMATE SUMMARY FOR THE MONTH OF JUNE 2019...

CLIMATE NORMAL PERIOD 1981 TO 2010
CLIMATE RECORD PERIOD 1897 TO 2019

WEATHER         OBSERVED          NORMAL  DEPART  LAST YEAR`S
                 VALUE   DATE(S)  VALUE   FROM    VALUE  DATE(S)
                                          NORMAL
................................................................
TEMPERATURE (F)
RECORD
 HIGH             110   06/29/1901
 LOW               41   06/05/1897
                        06/01/1897
HIGHEST            94   06/22        89       5       97  06/28
                        06/21                             06/10
LOWEST             53   06/14        67     -14       63  06/06
                                                          06/05
                                                          06/04
AVG. MAXIMUM     86.9              88.7    -1.8     92.6
AVG. MINIMUM     68.1              66.8     1.3     70.4
MEAN             77.5              77.8    -0.3     81.5
DAYS MAX >= 90     11              13.8    -2.8       23
DAYS MAX <= 32      0               0.0     0.0        0
DAYS MIN <= 32      0               0.0     0.0        0
DAYS MIN <= 0       0               0.0     0.0        0

PRECIPITATION (INCHES)
RECORD
 MAXIMUM        11.02   1928
 MINIMUM         0.08   1952
TOTALS           3.43              3.75   -0.32     2.83
DAILY AVG.       0.11              0.12   -0.01     0.09
DAYS >= .01        12                MM      MM        9
DAYS >= .10         9                MM      MM        6
DAYS >= .50         2                MM      MM        2
DAYS >= 1.00        0                MM      MM        0
GREATEST
 24 HR. TOTAL    0.73   06/07 TO 06/07

SNOWFALL (INCHES)
RECORDS
 TOTAL             MM   MM
TOTALS            0.0               0.0     0.0      0.0
SINCE 7/1         3.9               4.8    -0.9      1.0
SNOWDEPTH AVG.      0                MM      MM        0
DAYS >= 1.0         0                MM      MM        0
GREATEST
 SNOW DEPTH         0   MM                             0  MM
 24 HR TOTAL      0.0   06/30 TO 06/30

DEGREE_DAYS
HEATING TOTAL       0                 1      -1        0
 SINCE 7/1       3515              3653    -138     3520
COOLING TOTAL     385               383       2      499
 SINCE 1/1        669               596      73      881
.................................................................

WIND (MPH)
AVERAGE WIND SPEED              7.4
HIGHEST WIND SPEED/DIRECTION    40/260    DATE  06/23
HIGHEST GUST SPEED/DIRECTION    58/200    DATE  06/16

SKY COVER
POSSIBLE SUNSHINE (PERCENT)   MM
AVERAGE SKY COVER           0.30
NUMBER OF DAYS FAIR           21
NUMBER OF DAYS PC              7
NUMBER OF DAYS CLOUDY          2

AVERAGE RH (PERCENT)     69

WEATHER CONDITIONS. NUMBER OF DAYS WITH
  0
  5
  0
  0
  0
  0
  0
HAZE                      3

-  INDICATES NEGATIVE NUMBERS.
R  INDICATES RECORD WAS SET OR TIED.
MM INDICATES DATA IS MISSING.
T  INDICATES TRACE AMOUNT.

$$
