000
CXUS54 KMEG 041517
CLMJBR


CLIMATE REPORT
NATIONAL WEATHER SERVICE MEMPHIS TN
1015 AM CDT SAT MAY 4 2019

...................................

...THE JONESBORO CLIMATE SUMMARY FOR THE MONTH OF APRIL 2019...

CLIMATE NORMAL PERIOD 1981 TO 2010
CLIMATE RECORD PERIOD 1897 TO 2019

WEATHER         OBSERVED          NORMAL  DEPART  LAST YEAR`S
                 VALUE   DATE(S)  VALUE   FROM    VALUE  DATE(S)
                                          NORMAL
................................................................
TEMPERATURE (F)
RECORD
 HIGH              96   04/30/1901
                        04/29/1901
 LOW                0   04/01/2016
HIGHEST            84   04/30        70      14       81  04/12
LOWEST             33   04/01        49     -16       28  04/07
AVG. MAXIMUM     71.5              70.3     1.2     64.8
AVG. MINIMUM     51.2              49.4     1.8     42.8
MEAN             61.3              59.9     1.4     53.8
DAYS MAX >= 90      0               0.1    -0.1        0
DAYS MAX <= 32      0               0.0     0.0        0
DAYS MIN <= 32      0               0.6    -0.6        2
DAYS MIN <= 0       0               0.0     0.0        0

PRECIPITATION (INCHES)
RECORD
 MAXIMUM        15.08   1927
 MINIMUM         0.54   2001
TOTALS           7.50              5.02    2.48     5.59
DAILY AVG.       0.25              0.17    0.08     0.19
DAYS >= .01        11                MM      MM       11
DAYS >= .10         9                MM      MM        7
DAYS >= .50         5                MM      MM        3
DAYS >= 1.00        3                MM      MM        2
GREATEST
 24 HR. TOTAL    2.29   04/18 TO 04/18

SNOWFALL (INCHES)
RECORDS
 TOTAL            0.0   2002
                        1993
                        1973
TOTALS            0.0               0.0     0.0      0.0
SINCE 7/1         3.9               4.8    -0.9      1.0
SNOWDEPTH AVG.      0                MM      MM        0
DAYS >= 1.0         0                MM      MM        0
GREATEST
 SNOW DEPTH         0   MM                             0  MM
 24 HR TOTAL      0.0   04/30 TO 04/30

DEGREE_DAYS
HEATING TOTAL     139               195     -56      339
 SINCE 7/1       3488              3615    -127     3520
COOLING TOTAL      38                41      -3        9
 SINCE 1/1         38                47      -9       16
.................................................................

WIND (MPH)
AVERAGE WIND SPEED              8.8
HIGHEST WIND SPEED/DIRECTION    37/060    DATE  04/13
HIGHEST GUST SPEED/DIRECTION    48/060    DATE  04/13

SKY COVER
POSSIBLE SUNSHINE (PERCENT)   MM
AVERAGE SKY COVER           0.30
NUMBER OF DAYS FAIR           19
NUMBER OF DAYS PC              7
NUMBER OF DAYS CLOUDY          4

AVERAGE RH (PERCENT)     74

WEATHER CONDITIONS. NUMBER OF DAYS WITH
  0
  6
  0
  0
  0
  0
  0
HAZE                      1

-  INDICATES NEGATIVE NUMBERS.
R  INDICATES RECORD WAS SET OR TIED.
MM INDICATES DATA IS MISSING.
T  INDICATES TRACE AMOUNT.

$$
