000
CXUS53 KJKL 011201
CLMJKL

CLIMATE REPORT
NATIONAL WEATHER SERVICE JACKSON KY
801 AM EDT THU AUG 1 2019

...................................

...THE JACKSON KY CLIMATE SUMMARY FOR THE MONTH OF JULY 2019...

CLIMATE NORMAL PERIOD 1981 TO 2010
CLIMATE RECORD PERIOD 1981 TO 2019

WEATHER         OBSERVED          NORMAL  DEPART  LAST YEAR`S
                 VALUE   DATE(S)  VALUE   FROM    VALUE  DATE(S)
                                          NORMAL
................................................................
TEMPERATURE (F)
RECORD
 HIGH             101   07/08/1988
 LOW               52   07/30/2014
                        07/07/1983
                        01/03/2000
HIGHEST            91   07/20        93      -2       93  07/04
                        07/19
LOWEST             57   07/24        57       0       60  07/28
AVG. MAXIMUM     85.6              84.6     1.0     85.5
AVG. MINIMUM     67.3              66.1     1.2     66.8
MEAN             76.5              75.4     1.1     76.1
DAYS MAX >= 90      2               4.8    -2.8        4
DAYS MAX <= 32      0               0.0     0.0        0
DAYS MIN <= 32      0               0.0     0.0        0
DAYS MIN <= 0       0               0.0     0.0        0

PRECIPITATION (INCHES)
RECORD
 MAXIMUM         9.74   1985
 MINIMUM         1.77   1995
TOTALS           6.97              4.65    2.32     5.06
DAILY AVG.       0.22              0.15    0.07     0.16
DAYS >= .01        11              12.4    -1.4       14
DAYS >= .10        10               8.3     1.7       13
DAYS >= .50         5               3.4     1.6        4
DAYS >= 1.00        2               1.0     1.0        0
GREATEST
 24 HR. TOTAL    2.39   07/07 TO 07/07              0.92

SNOWFALL (INCHES)
RECORDS
 TOTAL             MM   MM
TOTALS            0.0               0.0     0.0      0.0
SINCE 7/1         0.0               0.0     0.0      0.0
SNOWDEPTH AVG.      0                MM      MM        0
DAYS >= 1.0         0               0.0     0.0        0
GREATEST
 SNOW DEPTH         0   MM                             0
 24 HR TOTAL      0.0   MM                           0.0

DEGREE_DAYS
HEATING TOTAL       0                 0       0        0
 SINCE 7/1          0                 0       0        0
COOLING TOTAL     366               321      45      352
 SINCE 1/1        794               680     114      931
.................................................................

WIND (MPH)
AVERAGE WIND SPEED              1.1
HIGHEST WIND SPEED/DIRECTION    14/310    DATE  07/30
HIGHEST GUST SPEED/DIRECTION    26/350    DATE  07/11

SKY COVER
POSSIBLE SUNSHINE (PERCENT)   MM
AVERAGE SKY COVER           0.30
NUMBER OF DAYS FAIR           20
NUMBER OF DAYS PC             10
NUMBER OF DAYS CLOUDY          1

AVERAGE RH (PERCENT)     81

WEATHER CONDITIONS. NUMBER OF DAYS WITH
THUNDERSTORM             12     MIXED PRECIP               0
HEAVY RAIN                7     RAIN                       8
LIGHT RAIN               13     FREEZING RAIN              0
LT FREEZING RAIN          0     HAIL                       0
HEAVY SNOW                0     SNOW                       0
LIGHT SNOW                0     SLEET                      0
FOG                      21     FOG W/VIS <= 1/4 MILE     10
HAZE                      3

-  INDICATES NEGATIVE NUMBERS.
R  INDICATES RECORD WAS SET OR TIED.
MM INDICATES DATA IS MISSING.
T  INDICATES TRACE AMOUNT.

$$

CARICO
