000
CXUS53 KJKL 011349
CLMJKL

CLIMATE REPORT
NATIONAL WEATHER SERVICE JACKSON KY
949 AM EDT WED MAY 1 2019

...................................

...THE JACKSON KY CLIMATE SUMMARY FOR THE MONTH OF APRIL 2019...

CLIMATE NORMAL PERIOD 1981 TO 2010
CLIMATE RECORD PERIOD 1981 TO 2019

WEATHER         OBSERVED          NORMAL  DEPART  LAST YEAR`S
                 VALUE   DATE(S)  VALUE   FROM    VALUE  DATE(S)
                                          NORMAL
................................................................
TEMPERATURE (F)
RECORD
 HIGH              92   04/27/1986
 LOW               20   04/07/1982
HIGHEST            85   04/11        86      -1       83  04/18
                                                          04/13
LOWEST             24   04/01        29      -5       25  04/08
AVG. MAXIMUM     71.3              68.0     3.3     63.7
AVG. MINIMUM     48.9              46.7     2.2     41.0
MEAN             60.1              57.4     2.7     52.4
DAYS MAX >= 90      0               0.2    -0.2        0
DAYS MAX <= 32      0               0.1    -0.1        0
DAYS MIN <= 32      1               1.9    -0.9        7
DAYS MIN <= 0       0               0.0     0.0        0

PRECIPITATION (INCHES)
RECORD
 MAXIMUM        10.29   2015
 MINIMUM         0.78   1985
TOTALS           2.80              3.83   -1.03     4.12
DAILY AVG.       0.09              0.13   -0.04     0.14
DAYS >= .01         9              12.4    -3.4       16
DAYS >= .10         8               8.2    -0.2        9
DAYS >= .50         1               2.7    -1.7        4
DAYS >= 1.00        0               0.7    -0.7        0
GREATEST
 24 HR. TOTAL    0.55   04/14 TO 04/14              0.76

SNOWFALL (INCHES)
RECORDS
 TOTAL           17.8   1987
TOTALS              T               1.0    -1.0      0.7
SINCE 7/1        10.4              23.5   -13.1     22.5
SNOWDEPTH AVG.      0                MM      MM        0
DAYS >= 1.0         0               0.3    -0.3        0
GREATEST
 SNOW DEPTH         0                                  T
 24 HR TOTAL        T   04/15 TO 04/15               0.3

DEGREE_DAYS
HEATING TOTAL     184               268     -84      383
 SINCE 7/1       3960              4121    -161     4137
COOLING TOTAL      44                39       5       13
 SINCE 1/1         44                46      -2       25
.................................................................

WIND (MPH)
AVERAGE WIND SPEED              3.9
HIGHEST WIND SPEED/DIRECTION    24/250    DATE  04/14
HIGHEST GUST SPEED/DIRECTION    51/260    DATE  04/14

SKY COVER
POSSIBLE SUNSHINE (PERCENT)   MM
AVERAGE SKY COVER           0.40
NUMBER OF DAYS FAIR           14
NUMBER OF DAYS PC             12
NUMBER OF DAYS CLOUDY          4

AVERAGE RH (PERCENT)     60

WEATHER CONDITIONS. NUMBER OF DAYS WITH
THUNDERSTORM              4     MIXED PRECIP               0
HEAVY RAIN                7     RAIN                       8
LIGHT RAIN               12     FREEZING RAIN              0
LT FREEZING RAIN          0     HAIL                       0
HEAVY SNOW                0     SNOW                       0
LIGHT SNOW                1     SLEET                      0
FOG                      11     FOG W/VIS <= 1/4 MILE      2
HAZE                      0

-  INDICATES NEGATIVE NUMBERS.
R  INDICATES RECORD WAS SET OR TIED.
MM INDICATES DATA IS MISSING.
T  INDICATES TRACE AMOUNT.

$$

CARICO
