402
CXUS51 KCTP 011511
CLMJST

CLIMATE REPORT
NATIONAL WEATHER SERVICE STATE COLLEGE PA
1110 AM EDT THU AUG 1 2019

...................................

...THE JOHNSTOWN CLIMATE SUMMARY FOR THE MONTH OF JULY 2019...

CLIMATE NORMAL PERIOD 1981 TO 2010
CLIMATE RECORD PERIOD 1892 TO 2019

WEATHER         OBSERVED          NORMAL  DEPART  LAST YEAR`S
                 VALUE   DATE(S)  VALUE   FROM    VALUE  DATE(S)
                                          NORMAL
................................................................
TEMPERATURE (F)
RECORD
 HIGH             104   07/09/1936
 LOW               39   07/01/1943
HIGHEST            87   07/21                         87  07/04
                        07/20                             07/02
                                                          07/01
LOWEST             53   07/25                         52  07/08
                        07/24
                        07/01

AVG. MAXIMUM     79.9              78.5     1.4     78.2
AVG. MINIMUM     63.3              60.0     3.3     61.8
MEAN             71.6              69.3     2.3     70.0
DAYS MAX >= 90      0                MM      MM        0
DAYS MAX <= 32      0                MM      MM        0
DAYS MIN <= 32      0                MM      MM        0
DAYS MIN <= 0       0                MM      MM        0

PRECIPITATION (INCHES)
RECORD
 MAXIMUM        14.01   1977
 MINIMUM         0.80   1966

TOTALS           4.71              3.85    0.86     3.69
DAILY AVG.       0.15              0.12    0.03     0.12
DAYS >= .01        14                MM      MM       15
DAYS >= .10        10                MM      MM       10
DAYS >= .50         4                MM      MM        3
DAYS >= 1.00        1                MM      MM        0
GREATEST
 24 HR. TOTAL    1.15   07/07 TO 07/07

DEGREE_DAYS
HEATING TOTAL       2                13     -11        4
 SINCE 7/1          2                13     -11        4
COOLING TOTAL     216               145      71      165
 SINCE 1/1        323               242      81      356
.................................................................

WIND (MPH)
AVERAGE WIND SPEED              6.4
HIGHEST WIND SPEED/DIRECTION    40/300    DATE  07/02
HIGHEST GUST SPEED/DIRECTION    56/280    DATE  07/02

SKY COVER
POSSIBLE SUNSHINE (PERCENT)   MM
AVERAGE SKY COVER           0.30
NUMBER OF DAYS FAIR           18
NUMBER OF DAYS PC             10
NUMBER OF DAYS CLOUDY          3

AVERAGE RH (PERCENT)     75

WEATHER CONDITIONS. NUMBER OF DAYS WITH
THUNDERSTORM             12     MIXED PRECIP                0
HEAVY RAIN                8     RAIN                        9
LIGHT RAIN               14     FREEZING RAIN               0
LT FREEZING RAIN          0     HAIL                        0
HEAVY SNOW                0     SNOW                        0
LIGHT SNOW                0     SLEET                       0
FOG                      20     FOG W/VIS <= 1/4 MILE       5
HAZE                      1

-  INDICATES NEGATIVE NUMBERS.
R  INDICATES RECORD WAS SET OR TIED.
MM INDICATES DATA IS MISSING.
T  INDICATES TRACE AMOUNT.

$$

BANGHOFF
