000
CXUS51 KCTP 020506
CLMJST

CLIMATE REPORT
NATIONAL WEATHER SERVICE STATE COLLEGE PA
106 AM EDT THU MAY 2 2019

...................................

...THE JOHNSTOWN CLIMATE SUMMARY FOR THE MONTH OF APRIL 2019...

CLIMATE NORMAL PERIOD 1981 TO 2010
CLIMATE RECORD PERIOD 1892 TO 2019

WEATHER         OBSERVED          NORMAL  DEPART  LAST YEAR`S
                 VALUE   DATE(S)  VALUE   FROM    VALUE  DATE(S)
                                          NORMAL
................................................................
TEMPERATURE (F)
RECORD
 HIGH              95   04/18/1976
                        04/25/1915
 LOW                9   04/01/1923
HIGHEST            77   04/23                         81  04/14
LOWEST             20   04/01                         22  04/08
                                                          04/07
AVG. MAXIMUM     59.9              56.6     3.3     51.3
AVG. MINIMUM     41.7              37.9     3.8     33.9
MEAN             50.8              47.3     3.5     42.6
DAYS MAX >= 90      0                MM      MM        0
DAYS MAX <= 32      0                MM      MM        4
DAYS MIN <= 32      5                MM      MM       17
DAYS MIN <= 0       0                MM      MM        0

PRECIPITATION (INCHES)
RECORD
 MAXIMUM         7.94   1948
 MINIMUM         0.85   1976
TOTALS           3.44              3.59   -0.15     3.75
DAILY AVG.       0.11              0.12   -0.01     0.12
DAYS >= .01        11                MM      MM       16
DAYS >= .10         7                MM      MM        8
DAYS >= .50         3                MM      MM        3
DAYS >= 1.00        0                MM      MM        0
GREATEST
 24 HR. TOTAL    0.85   04/14 TO 04/14

DEGREE_DAYS
HEATING TOTAL     417               538    -121      676
 SINCE 7/1       5960              6334    -374     6174
COOLING TOTAL       0                 5      -5       12
 SINCE 1/1          0                 5      -5       12
.................................................................

WIND (MPH)
AVERAGE WIND SPEED              10.5
HIGHEST WIND SPEED/DIRECTION    33/270    DATE  04/15
HIGHEST GUST SPEED/DIRECTION    47/230    DATE  04/14

SKY COVER
POSSIBLE SUNSHINE (PERCENT)   MM
AVERAGE SKY COVER           0.50
NUMBER OF DAYS FAIR            9
NUMBER OF DAYS PC             14
NUMBER OF DAYS CLOUDY          7

AVERAGE RH (PERCENT)     65

WEATHER CONDITIONS. NUMBER OF DAYS WITH
THUNDERSTORM              3     MIXED PRECIP                0
HEAVY RAIN                6     RAIN                        7
LIGHT RAIN               16     FREEZING RAIN               0
LT FREEZING RAIN          0     HAIL                        0
HEAVY SNOW                0     SNOW                        0
LIGHT SNOW                2     SLEET                       0
FOG                      14     FOG W/VIS <= 1/4 MILE       4
HAZE                      3

-  INDICATES NEGATIVE NUMBERS.
R  INDICATES RECORD WAS SET OR TIED.
MM INDICATES DATA IS MISSING.
T  INDICATES TRACE AMOUNT.

$$
MS
