582
CXUS53 KGRR 011602
CLMJXN


CLIMATE REPORT
NATIONAL WEATHER SERVICE GRAND RAPIDS, MI
1157 AM EDT THU AUG 1 2019

...................................

...THE JACKSON MI CLIMATE SUMMARY FOR THE MONTH OF JULY 2019...

CLIMATE NORMAL PERIOD 1981 TO 2010
CLIMATE RECORD PERIOD 1944 TO 9999

WEATHER         OBSERVED          NORMAL  DEPART  LAST YEAR`S
                 VALUE   DATE(S)  VALUE   FROM    VALUE  DATE(S)
                                          NORMAL
................................................................
TEMPERATURE (F)
HIGHEST            95   07/20        MM      MM       94  07/01
LOWEST             52   07/24        MM      MM       48  07/07
                        07/23
AVG. MAXIMUM     85.6              82.1     3.5     84.3
AVG. MINIMUM     63.5              60.2     3.3     60.8
MEAN             74.6              71.1     3.5     72.6
DAYS MAX >= 90      8               2.8     5.2        6
DAYS MAX <= 32      0               0.0     0.0        0
DAYS MIN <= 32      0               0.0     0.0        0
DAYS MIN <= 0       0               0.0     0.0        0

PRECIPITATION (INCHES)
TOTALS           3.47              3.58   -0.11     1.15
DAILY AVG.       0.11              0.12   -0.01     0.04
DAYS >= .01        11               9.6     1.4        7
DAYS >= .10         7               6.5     0.5        4
DAYS >= .50         2               2.7    -0.7        0
DAYS >= 1.00        1               0.8     0.2        0
GREATEST
 24 HR. TOTAL    1.23   07/29 TO 07/29

DEGREE_DAYS
HEATING TOTAL       0                11     -11        0
 SINCE 7/1          0                11     -11        0
COOLING TOTAL     302               202     100      241
 SINCE 1/1        405               365      40      511
.................................................................

WIND (MPH)
AVERAGE WIND SPEED              5.6
RESULTANT WIND SPEED/DIRECTION   2/218
HIGHEST WIND SPEED/DIRECTION    25/300    DATE  07/20
HIGHEST GUST SPEED/DIRECTION    40/310    DATE  07/20

SKY COVER
POSSIBLE SUNSHINE (PERCENT)   MM
AVERAGE SKY COVER           0.30
NUMBER OF DAYS FAIR           20
NUMBER OF DAYS PC             11
NUMBER OF DAYS CLOUDY          0

AVERAGE RH (PERCENT)     74

WEATHER CONDITIONS. NUMBER OF DAYS WITH
THUNDERSTORM             11     MIXED PRECIP                0
HEAVY RAIN                5     RAIN                        6
LIGHT RAIN               10     FREEZING RAIN               0
LT FREEZING RAIN          0     HAIL                        0
HEAVY SNOW                0     SNOW                        0
LIGHT SNOW                0     SLEET                       0
FOG                      16     FOG W/VIS <= 1/4 MILE       4
HAZE                      5     BLOWING SNOW                0
TORNADO                   0

-  INDICATES NEGATIVE NUMBERS.
R  INDICATES RECORD WAS SET OR TIED.
MM INDICATES DATA IS MISSING.
T  INDICATES TRACE AMOUNT.

$$
