442
CXUS53 KGRR 011149
CLMJXN


CLIMATE REPORT
NATIONAL WEATHER SERVICE GRAND RAPIDS, MI
747 AM EDT WED MAY 1 2019

...................................

...THE JACKSON MI CLIMATE SUMMARY FOR THE MONTH OF APRIL 2019...

CLIMATE NORMAL PERIOD 1981 TO 2010
CLIMATE RECORD PERIOD 1944 TO 9999

WEATHER         OBSERVED          NORMAL  DEPART  LAST YEAR`S
                 VALUE   DATE(S)  VALUE   FROM    VALUE  DATE(S)
                                          NORMAL
................................................................
TEMPERATURE (F)
HIGHEST            74   04/22        MM      MM       73  04/23
                                                          04/12
LOWEST             19   04/01        MM      MM       15  04/08
AVG. MAXIMUM     57.1              58.7    -1.6     50.9
AVG. MINIMUM     38.2              36.9     1.3     30.7
MEAN             47.7              47.8    -0.1     40.8
DAYS MAX >= 90      0               0.0     0.0        0
DAYS MAX <= 32      0               0.3    -0.3        0
DAYS MIN <= 32      5               9.7    -4.7       21
DAYS MIN <= 0       0               0.0     0.0        0

PRECIPITATION (INCHES)
TOTALS           4.10              2.61    1.49     2.72
DAILY AVG.       0.14              0.09    0.05     0.09
DAYS >= .01        18              11.8     6.2       11
DAYS >= .10         9               6.6     2.4        3
DAYS >= .50         4               1.5     2.5        3
DAYS >= 1.00        0               0.3    -0.3        0
GREATEST
 24 HR. TOTAL    0.76   04/30 TO 04/30

DEGREE_DAYS
HEATING TOTAL     512               522     -10      719
 SINCE 7/1       6397              6346      51     6399
COOLING TOTAL       0                 6      -6        0
 SINCE 1/1          0                 6      -6        0
.................................................................

WIND (MPH)
AVERAGE WIND SPEED              9.5
RESULTANT WIND SPEED/DIRECTION   1/231
HIGHEST WIND SPEED/DIRECTION    32/210    DATE  04/12
HIGHEST GUST SPEED/DIRECTION    51/250    DATE  04/26

SKY COVER
POSSIBLE SUNSHINE (PERCENT)   MM
AVERAGE SKY COVER           0.50
NUMBER OF DAYS FAIR           10
NUMBER OF DAYS PC              9
NUMBER OF DAYS CLOUDY         11

AVERAGE RH (PERCENT)     68

WEATHER CONDITIONS. NUMBER OF DAYS WITH
  0
  7
  0
  0
  0
  0
  2
HAZE                      2

-  INDICATES NEGATIVE NUMBERS.
R  INDICATES RECORD WAS SET OR TIED.
MM INDICATES DATA IS MISSING.
T  INDICATES TRACE AMOUNT.

$$
