876
CXUS53 KGRR 011657 CCA
CLMLAN

CLIMATE REPORT
NATIONAL WEATHER SERVICE GRAND RAPIDS, MI
1222 PM EDT MON JUL 1 2019

...................................

...THE LANSING MI CLIMATE SUMMARY FOR THE MONTH OF JUNE 2019...

CLIMATE NORMAL PERIOD 1981 TO 2010
CLIMATE RECORD PERIOD 1864 TO 2019

WEATHER         OBSERVED          NORMAL  DEPART  LAST YEAR`S
                 VALUE   DATE(S)  VALUE   FROM    VALUE  DATE(S)
                                          NORMAL
................................................................
TEMPERATURE (F)
RECORD
 HIGH              99   06/25/1988
                        06/25/1895
                        06/25/1870
 LOW               27   06/05/1869
HIGHEST            87   06/29        91      -4       94  06/30
                        06/28
                        06/27
LOWEST             42   06/03        39       3       45  06/06
AVG. MAXIMUM     76.0              78.4    -2.4     78.7
AVG. MINIMUM     56.1              56.7    -0.6     58.7
MEAN             66.1              67.6    -1.5     68.7
DAYS MAX >= 90      0               1.7    -1.7        4
DAYS MAX <= 32      0               0.0     0.0        0
DAYS MIN <= 32      0               0.0     0.0        0
DAYS MIN <= 0       0               0.0     0.0        0

PRECIPITATION (INCHES)
RECORD
 MAXIMUM        11.35   1883
 MINIMUM         0.20   1988
TOTALS           7.45              3.45    4.00     1.86
DAILY AVG.       0.25              0.12    0.13     0.06
DAYS >= .01        13              10.3     2.7       10
DAYS >= .10         9               6.2     2.8        5
DAYS >= .50         5               2.3     2.7        1
DAYS >= 1.00        4               0.8     3.2        0
GREATEST
 24 HR. TOTAL    1.92   06/01 TO 06/01

SNOWFALL (INCHES)
RECORDS
 TOTAL            0.0   MM
 24 HR TOTAL      0.0   MM
 SNOW DEPTH         0   MM
TOTALS            0.0               0.0     0.0      0.0
SINCE 7/1        38.8              51.1   -12.3     53.3
SNOWDEPTH AVG.      0                MM      MM        0
DAYS >= TRACE       0               0.0     0.0        0
DAYS >= 1.0         0               0.0     0.0        0
GREATEST
 SNOW DEPTH         0   MM                             0  MM
 24 HR TOTAL      0.0   06/30 TO 06/30

DEGREE_DAYS
HEATING TOTAL      54                55      -1       21
 SINCE 7/1       6897              6712     185     6624
COOLING TOTAL      94               132     -38      139
 SINCE 1/1         98               173     -75      249

FREEZE DATES
RECORD
 EARLIEST     08/03/1894
 LATEST       07/15/1863
EARLIEST      10/15             10/01
LATEST        04/21             05/10
.................................................................

WIND (MPH)
AVERAGE WIND SPEED              7.0
RESULTANT WIND SPEED/DIRECTION   1/252
HIGHEST WIND SPEED/DIRECTION    35/250    DATE  06/01
HIGHEST GUST SPEED/DIRECTION    43/250    DATE  06/01

SKY COVER
POSSIBLE SUNSHINE (PERCENT)   MM
AVERAGE SKY COVER           0.40
NUMBER OF DAYS FAIR           16
NUMBER OF DAYS PC              6
NUMBER OF DAYS CLOUDY          8

AVERAGE RH (PERCENT)     72

WEATHER CONDITIONS. NUMBER OF DAYS WITH
THUNDERSTORM              4     MIXED PRECIP                0
HEAVY RAIN                5     RAIN                        9
LIGHT RAIN               13     FREEZING RAIN               0
LT FREEZING RAIN          0     HAIL                        0
HEAVY SNOW                0     SNOW                        0
LIGHT SNOW                0     SLEET                       0
FOG                      17     FOG W/VIS <= 1/4 MILE       1
HAZE                      3     BLOWING SNOW                0
TORNADO                   0

-  INDICATES NEGATIVE NUMBERS.
R  INDICATES RECORD WAS SET OR TIED.
MM INDICATES DATA IS MISSING.
T  INDICATES TRACE AMOUNT.

$$

63
