441
CXUS53 KGRR 011149
CLMLAN


CLIMATE REPORT
NATIONAL WEATHER SERVICE GRAND RAPIDS, MI
747 AM EDT WED MAY 1 2019

...................................

...THE LANSING MI CLIMATE SUMMARY FOR THE MONTH OF APRIL 2019...

CLIMATE NORMAL PERIOD 1981 TO 2010
CLIMATE RECORD PERIOD 1864 TO 2019

WEATHER         OBSERVED          NORMAL  DEPART  LAST YEAR`S
                 VALUE   DATE(S)  VALUE   FROM    VALUE  DATE(S)
                                          NORMAL
................................................................
TEMPERATURE (F)
RECORD
 HIGH              88   04/26/1915
 LOW               -6   04/04/1868
HIGHEST            76   04/22        79      -3       73  04/23
LOWEST             20   04/01        19       1       16  04/08
AVG. MAXIMUM     56.7              57.8    -1.1     50.1
AVG. MINIMUM     37.6              37.0     0.6     30.5
MEAN             47.2              47.4    -0.2     40.3
DAYS MAX >= 90      0               0.0     0.0        0
DAYS MAX <= 32      0               0.4    -0.4        1
DAYS MIN <= 32      6               9.2    -3.2       20
DAYS MIN <= 0       0               0.0     0.0        0

PRECIPITATION (INCHES)
RECORD
 MAXIMUM         7.87   2013
 MINIMUM         0.61   1875
TOTALS           3.50              3.03    0.47     3.07
DAILY AVG.       0.12              0.10    0.02     0.10
DAYS >= .01        18              12.1     5.9       12
DAYS >= .10         9               7.4     1.6        4
DAYS >= .50         3               1.7     1.3        3
DAYS >= 1.00        0               0.4    -0.4        1
GREATEST
 24 HR. TOTAL    0.74   04/14 TO 04/14

SNOWFALL (INCHES)
RECORDS
 TOTAL           17.0   1970
 24 HR TOTAL     17.0   04/01/1970 TO 04/02/1970
 SNOW DEPTH        13   04/03/1975
TOTALS            1.6               1.9    -0.3      2.7
SINCE 7/1        38.8              51.1   -12.3     53.3
SNOWDEPTH AVG.      0                MM      MM        0
DAYS >= TRACE       4               1.8     2.2       12
DAYS >= 1.0         0               0.6    -0.6        1
GREATEST
 SNOW DEPTH         1   04/15                          1  04/17
                        04/11                             04/04
 24 HR TOTAL      0.9   04/14 TO 04/14

DEGREE_DAYS
HEATING TOTAL     529               534      -5      733
 SINCE 7/1       6579              6398     181     6492
COOLING TOTAL       0                 6      -6        0
 SINCE 1/1          0                 7      -7        0

FREEZE DATES
RECORD
 EARLIEST     08/03/1894
 LATEST       07/15/1863
EARLIEST                        10/01
LATEST                          05/10
.................................................................

WIND (MPH)
AVERAGE WIND SPEED              10.7
RESULTANT WIND SPEED/DIRECTION   1/274
HIGHEST WIND SPEED/DIRECTION    33/220    DATE  04/12
HIGHEST GUST SPEED/DIRECTION    45/230    DATE  04/12

SKY COVER
POSSIBLE SUNSHINE (PERCENT)   MM
AVERAGE SKY COVER           0.50
NUMBER OF DAYS FAIR            8
NUMBER OF DAYS PC             12
NUMBER OF DAYS CLOUDY         10

AVERAGE RH (PERCENT)     68

WEATHER CONDITIONS. NUMBER OF DAYS WITH
  0
  5
  0
  0
  2
  0
  1
HAZE                      1

-  INDICATES NEGATIVE NUMBERS.
R  INDICATES RECORD WAS SET OR TIED.
MM INDICATES DATA IS MISSING.
T  INDICATES TRACE AMOUNT.

$$
