000
CXUS54 KOUN 011408
CLMLAW

CLIMATE REPORT
NATIONAL WEATHER SERVICE NORMAN OK
807 AM CDT MON JUL 1 2019

...................................

...THE LAWTON CLIMATE SUMMARY FOR THE MONTH OF JUNE 2019...

CLIMATE NORMAL PERIOD 1981 TO 2010
CLIMATE RECORD PERIOD 1912 TO 2019

WEATHER         OBSERVED          NORMAL  DEPART  LAST YEAR`S
                 VALUE   DATE(S)  VALUE   FROM    VALUE
                                          NORMAL
.............................................................
TEMPERATURE (F)
RECORD
 HIGH             114   06/27/1994
 LOW               45   06/02/1917
HIGHEST            99               101      -2      104
LOWEST             55                56      -1       59
AVG. MAXIMUM     90.9              91.4    -0.5
AVG. MINIMUM     67.2              67.7    -0.5     71.1
MEAN             79.1              79.5    -0.4     83.8
DAYS MAX >= 90     20              18.3     1.7       28
DAYS MAX <= 32      0               0.0     0.0        0
DAYS MIN <= 32      0               0.0     0.0        0
DAYS MIN <= 0       0               0.0     0.0        0

PRECIPITATION (INCHES)
RECORD
 MAXIMUM        12.50   1962
 MINIMUM         0.04   1914
TOTALS           1.30              3.95   -2.65
DAILY AVG.       0.04              0.13   -0.09     0.05
DAYS >= .01        10               7.8     2.2        5
DAYS >= .10         4               5.8    -1.8        3
DAYS >= .50         0               2.9    -2.9        1
DAYS >= 1.00        0               1.6    -1.6        0
GREATEST
 24 HR. TOTAL    0.44   06/15 TO 06/15

DEGREE_DAYS
COOLING TOTAL     432               437      -5      572
 SINCE 1/1        717               730     -13      995
..............................................................

WIND (MPH)
AVERAGE WIND SPEED              8.5
HIGHEST WIND SPEED/DIRECTION    38/280    DATE  06/18
HIGHEST GUST SPEED/DIRECTION    52/290    DATE  06/18


WEATHER CONDITIONS. NUMBER OF DAYS WITH
THUNDERSTORM              9     MIXED PRECIP               0
HEAVY RAIN                2     RAIN                       3
LIGHT RAIN               12     FREEZING RAIN              0
LT FREEZING RAIN          0     HAIL                       0
HEAVY SNOW                0     SNOW                       0
LIGHT SNOW                0     SLEET                      0
FOG                      12     FOG W/VIS <= 1/4 MILE      1
HAZE                      3

-  INDICATES NEGATIVE NUMBERS.
R  INDICATES RECORD WAS SET OR TIED.
MM INDICATES DATA IS MISSING.
T  INDICATES TRACE AMOUNT.
.............................................................
THE JANUARY THROUGH JUNE TOTAL PRECIPITATION IS 17.69 INCHES.
$$
