677
CXUS54 KOUN 011529
CLMLAW

CLIMATE REPORT
NATIONAL WEATHER SERVICE NORMAN OK
920 AM CDT WED MAY 1 2019

...................................

...THE LAWTON CLIMATE SUMMARY FOR THE MONTH OF APRIL 2019...

CLIMATE NORMAL PERIOD 1981 TO 2010
CLIMATE RECORD PERIOD 1912 TO 2019

WEATHER         OBSERVED          NORMAL  DEPART  LAST YEAR`S
                 VALUE   DATE(S)  VALUE   FROM    VALUE
                                          NORMAL
.............................................................
TEMPERATURE (F)
RECORD
 HIGH             102   04/15/2006
 LOW               22   04/13/1957
HIGHEST            91                90       1       93
LOWEST             35                32       3       26
AVG. MAXIMUM     76.6              75.3     1.3
AVG. MINIMUM     51.0              48.9     2.1     41.5
MEAN             63.8              62.1     1.7     57.1
DAYS MAX >= 90      2               1.3     0.7        2
DAYS MAX <= 32      0               0.0     0.0        0
DAYS MIN <= 32      0               0.8    -0.8        3
DAYS MIN <= 0       0               0.0     0.0        0

PRECIPITATION (INCHES)
RECORD
 MAXIMUM         9.76   1915
 MINIMUM         0.07   1929
TOTALS           4.40              2.79    1.61
DAILY AVG.       0.15              0.09    0.06     0.05
DAYS >= .01         8               6.0     2.0        3
DAYS >= .10         4               4.3    -0.3        2
DAYS >= .50         3               1.9     1.1        1
DAYS >= 1.00        1               0.9     0.1        0
GREATEST
 24 HR. TOTAL    2.50   04/13 TO 04/13

SNOWFALL (INCHES)
TOTALS            0.0                MM      MM
SINCE 7/1         5.5                MM      MM

DEGREE_DAYS
HEATING TOTAL      98               145     -47      261
 SINCE 7/1       3269              3127     142     3152
COOLING TOTAL      70                58      12       30
 SINCE 1/1         75                76      -1       56
..............................................................

WIND (MPH)
AVERAGE WIND SPEED              10.1
HIGHEST WIND SPEED/DIRECTION    49/010    DATE  04/13
HIGHEST GUST SPEED/DIRECTION    60/010    DATE  04/13


WEATHER CONDITIONS. NUMBER OF DAYS WITH
THUNDERSTORM              8     MIXED PRECIP               0
HEAVY RAIN                4     RAIN                       6
LIGHT RAIN               10     FREEZING RAIN              0
LT FREEZING RAIN          0     HAIL                       0
HEAVY SNOW                0     SNOW                       0
LIGHT SNOW                0     SLEET                      0
FOG                      12     FOG W/VIS <= 1/4 MILE      2
HAZE                      2

-  INDICATES NEGATIVE NUMBERS.
R  INDICATES RECORD WAS SET OR TIED.
MM INDICATES DATA IS MISSING.
T  INDICATES TRACE AMOUNT.
........................................................
RECORDS/REMARKS
RECORD RAINFALL OF 2.50 INCHES SET FOR APRIL 13 THE
JANUARY THROUGH APRIL TOTAL PRECIPITATION IS 8.90 INCHES.


$$
