708
CXUS56 KLOX 011739
CLMLAX


CLIMATE REPORT
NATIONAL WEATHER SERVICE LOS ANGELES/OXNARD CA
1038 AM PDT MON JUL 1 2019

...................................

...THE LOS ANGELES INTL AIRPORT CA CLIMATE SUMMARY FOR THE MONTH OF JUNE 2019...

CLIMATE NORMAL PERIOD 1981 TO 2010
CLIMATE RECORD PERIOD 1944 TO 2019

WEATHER         OBSERVED          NORMAL  DEPART  LAST YEAR`S
                 VALUE   DATE(S)  VALUE   FROM    VALUE
                                          NORMAL
.............................................................
TEMPERATURE (F)
HIGHEST            80   06/10
LOWEST             59   06/03
                        06/01
AVG. MAXIMUM     71.2              70.6     0.6
AVG. MINIMUM     61.7              60.5     1.2
MEAN             66.4              65.5     0.9
DAYS MAX >= 90      0
DAYS MAX <= 32      0
DAYS MIN <= 32      0
DAYS MIN <= 0       0

PRECIPITATION (INCHES)
TOTALS              T              0.08   -0.08
DAILY AVG.          T              0.00    0.00
DAYS >= .01         0
DAYS >= .10         0
DAYS >= .50         0
DAYS >= 1.00        0
GREATEST
 24 HR. TOTAL       T   06/24 TO 06/24
                        06/21 TO 06/21
                        06/16 TO 06/16

DEGREE_DAYS
HEATING TOTAL       4                25     -21        1
 SINCE 7/1       1100              1419    -319      799
COOLING TOTAL      53                42      11       72
 SINCE 1/1         80                82      -2      125
..............................................................

WIND (MPH)
AVERAGE WIND SPEED              8.0
HIGHEST WIND SPEED/DIRECTION    20/270    DATE  06/22
HIGHEST GUST SPEED/DIRECTION    25/270    DATE  06/03

SKY COVER
POSSIBLE SUNSHINE (PERCENT)   MM
AVERAGE SKY COVER           0.80
NUMBER OF DAYS FAIR            1
NUMBER OF DAYS PC              9
NUMBER OF DAYS CLOUDY         20

AVERAGE RH (PERCENT)     76

WEATHER CONDITIONS. NUMBER OF DAYS WITH
  0
  0
  0
  0
  0
  0
  0
HAZE                     13

-  INDICATES NEGATIVE NUMBERS.
R  INDICATES RECORD WAS SET OR TIED.
MM INDICATES DATA IS MISSING.
T  INDICATES TRACE AMOUNT.

$$
